000
CDUS43 KUNR 020832
CLIIEN


CLIMATE REPORT
NATIONAL WEATHER SERVICE RAPID CITY SD
232 AM MDT THU OCT 2 2014


...................................

...THE PINE RIDGE SD CLIMATE SUMMARY FOR OCTOBER 1 2014...

CLIMATE NORMAL PERIOD 1981 TO 2010
CLIMATE RECORD PERIOD 9999 TO 9999


WEATHER ITEM   OBSERVED TIME   NORMAL DEPARTURE LAST
                VALUE   (LST)  VALUE  FROM      YEAR
                                      NORMAL
......................................................
TEMPERATURE (F)
 YESTERDAY
  MAXIMUM         62    117 PM  70     -8       74
  MINIMUM         42    549 AM  38      4       33
  AVERAGE         52            54     -2       54

PRECIPITATION (IN)
  YESTERDAY        0.07          0.05   0.02     0.00
  MONTH TO DATE    0.07          0.05   0.02     0.00
  SINCE SEP 1      2.68          1.66   1.02     1.56
  SINCE JAN 1     20.91         15.45   5.46    15.83

DEGREE DAYS
 HEATING
  YESTERDAY       13            11      2       11
  MONTH TO DATE   13            11      2       11
  SINCE SEP 1    191           196     -5      116
  SINCE JUL 1    235           233      2      118

 COOLING
  YESTERDAY        0             0      0        0
  MONTH TO DATE    0             0      0        0
  SINCE SEP 1     61            66     -5      152
  SINCE JAN 1    479           714   -235      804
......................................................


WIND (MPH)
  HIGHEST WIND SPEED    18   HIGHEST WIND DIRECTION     N (350)
  HIGHEST GUST SPEED    23   HIGHEST GUST DIRECTION     N (20)
  AVERAGE WIND SPEED     4.4


SKY COVER
  AVERAGE SKY COVER 0.6


WEATHER CONDITIONS
 THE FOLLOWING WEATHER WAS RECORDED YESTERDAY.
  LIGHT RAIN
  FOG


RELATIVE HUMIDITY (PERCENT)
 HIGHEST    96           600 AM
 LOWEST     60          1100 AM
 AVERAGE    78

..........................................................




SUNRISE AND SUNSET
OCTOBER  2 2014.......SUNRISE   649 AM MDT   SUNSET   629 PM MDT
OCTOBER  3 2014.......SUNRISE   650 AM MDT   SUNSET   628 PM MDT


-  INDICATES NEGATIVE NUMBERS.
R  INDICATES RECORD WAS SET OR TIED.
MM INDICATES DATA IS MISSING.
T  INDICATES TRACE AMOUNT.




$$
