000
CDUS43 KUNR 030833
CLIIEN


CLIMATE REPORT
NATIONAL WEATHER SERVICE RAPID CITY SD
232 AM MDT MON AUG 3 2015


...................................

...THE PINE RIDGE SD CLIMATE SUMMARY FOR AUGUST 2 2015...

CLIMATE NORMAL PERIOD 1981 TO 2010
CLIMATE RECORD PERIOD 9999 TO 9999


WEATHER ITEM   OBSERVED TIME   NORMAL DEPARTURE LAST
                VALUE   (LST)  VALUE  FROM      YEAR
                                      NORMAL
......................................................
TEMPERATURE (F)
 YESTERDAY
  MAXIMUM         90    143 PM  90      0       88
  MINIMUM         54    448 AM  59     -5       51
  AVERAGE         72            75     -3       70

PRECIPITATION (IN)
  YESTERDAY        0.00          0.07  -0.07     0.00
  MONTH TO DATE    0.05          0.14  -0.09     0.00
  SINCE JUN 1      6.46          5.84   0.62     7.10
  SINCE JAN 1     16.14         12.08   4.06    14.70

DEGREE DAYS
 HEATING
  YESTERDAY        0             0      0        0
  MONTH TO DATE    0             0      0        0
  SINCE JUN 1     18            99    -81      136
  SINCE JUL 1      8            12     -4       28

 COOLING
  YESTERDAY        7            10     -3        5
  MONTH TO DATE   16            20     -4       10
  SINCE JUN 1    333           411    -78      243
  SINCE JAN 1    333           428    -95      268
......................................................


WIND (MPH)
  HIGHEST WIND SPEED    16   HIGHEST WIND DIRECTION    NE (60)
  HIGHEST GUST SPEED    20   HIGHEST GUST DIRECTION     E (80)
  AVERAGE WIND SPEED     7.2


SKY COVER
  AVERAGE SKY COVER 0.0


WEATHER CONDITIONS
 THE FOLLOWING WEATHER WAS RECORDED YESTERDAY.
  NO SIGNIFICANT WEATHER WAS OBSERVED.


RELATIVE HUMIDITY (PERCENT)
 HIGHEST    93           400 AM
 LOWEST     31           300 PM
 AVERAGE    62

..........................................................




SUNRISE AND SUNSET
AUGUST  3 2015........SUNRISE   543 AM MDT   SUNSET   809 PM MDT
AUGUST  4 2015........SUNRISE   544 AM MDT   SUNSET   808 PM MDT


-  INDICATES NEGATIVE NUMBERS.
R  INDICATES RECORD WAS SET OR TIED.
MM INDICATES DATA IS MISSING.
T  INDICATES TRACE AMOUNT.




$$
