000
CDUS43 KUNR 300834
CLIIEN


CLIMATE REPORT
NATIONAL WEATHER SERVICE RAPID CITY SD
233 AM MDT SAT JUL 30 2016


...................................

...THE PINE RIDGE SD CLIMATE SUMMARY FOR JULY 29 2016...

CLIMATE NORMAL PERIOD 1981 TO 2010
CLIMATE RECORD PERIOD 9999 TO 9999


WEATHER ITEM   OBSERVED TIME   NORMAL DEPARTURE LAST
                VALUE   (LST)  VALUE  FROM      YEAR
                                      NORMAL
......................................................
TEMPERATURE (F)
 YESTERDAY
  MAXIMUM         86    233 PM  91     -5       84
  MINIMUM         54    357 AM  59     -5       39
  AVERAGE         70            75     -5       62

PRECIPITATION (IN)
  YESTERDAY        T             0.09  -0.09     0.00
  MONTH TO DATE    2.49          2.08   0.41     2.64
  SINCE JUN 1      3.99          5.51  -1.52     6.41
  SINCE JAN 1     10.07         11.75  -1.68    16.09

DEGREE DAYS
 HEATING
  YESTERDAY        0             0      0        3
  MONTH TO DATE    2             4     -2        8
  SINCE JUN 1     28            91    -63       18
  SINCE JUL 1      2             4     -2        8

 COOLING
  YESTERDAY        5            10     -5        0
  MONTH TO DATE  270           259     11      185
  SINCE JUN 1    487           369    118      306
  SINCE JAN 1    495           386    109      306
......................................................


WIND (MPH)
  HIGHEST WIND SPEED    21   HIGHEST WIND DIRECTION     S (190)
  HIGHEST GUST SPEED    27   HIGHEST GUST DIRECTION     S (200)
  AVERAGE WIND SPEED     4.0


SKY COVER
  AVERAGE SKY COVER 0.4


WEATHER CONDITIONS
 THE FOLLOWING WEATHER WAS RECORDED YESTERDAY.
  THUNDERSTORM
  LIGHT RAIN
  FOG
  FOG W/VISIBILITY <= 1/4 MILE


RELATIVE HUMIDITY (PERCENT)
 HIGHEST   100          1200 AM
 LOWEST     37           200 PM
 AVERAGE    69

..........................................................




SUNRISE AND SUNSET
JULY 30 2016..........SUNRISE   539 AM MDT   SUNSET   813 PM MDT
JULY 31 2016..........SUNRISE   540 AM MDT   SUNSET   812 PM MDT


-  INDICATES NEGATIVE NUMBERS.
R  INDICATES RECORD WAS SET OR TIED.
MM INDICATES DATA IS MISSING.
T  INDICATES TRACE AMOUNT.




$$
