000
CDUS43 KUNR 170847
CLIIEN


CLIMATE REPORT
NATIONAL WEATHER SERVICE RAPID CITY SD
244 AM MDT WED SEP 17 2014


...................................

...THE PINE RIDGE SD CLIMATE SUMMARY FOR SEPTEMBER 16 2014...

CLIMATE NORMAL PERIOD 1981 TO 2010
CLIMATE RECORD PERIOD 9999 TO 9999


WEATHER ITEM   OBSERVED TIME   NORMAL DEPARTURE LAST
                VALUE   (LST)  VALUE  FROM      YEAR
                                      NORMAL
......................................................
TEMPERATURE (F)
 YESTERDAY
  MAXIMUM         82    338 PM  78      4       68
  MINIMUM         49   1029 PM  44      5       48
  AVERAGE         66            61      5       58

PRECIPITATION (IN)
  YESTERDAY        0.00          0.05  -0.05     0.00
  MONTH TO DATE    0.41          0.89  -0.48     0.06
  SINCE SEP 1      0.41          0.89  -0.48     0.06
  SINCE JAN 1     18.64         14.68   3.96    14.33

DEGREE DAYS
 HEATING
  YESTERDAY        0             6     -6        7
  MONTH TO DATE  139            65     74       16
  SINCE SEP 1    139            65     74       16
  SINCE JUL 1    183           102     81       18

 COOLING
  YESTERDAY        1             2     -1        0
  MONTH TO DATE   20            53    -33      111
  SINCE SEP 1     20            53    -33      111
  SINCE JAN 1    438           701   -263      763
......................................................


WIND (MPH)
  HIGHEST WIND SPEED    21   HIGHEST WIND DIRECTION     S (200)
  HIGHEST GUST SPEED    27   HIGHEST GUST DIRECTION     S (190)
  AVERAGE WIND SPEED     5.2


SKY COVER
  AVERAGE SKY COVER 0.0


WEATHER CONDITIONS
 THE FOLLOWING WEATHER WAS RECORDED YESTERDAY.
  NO SIGNIFICANT WEATHER WAS OBSERVED.


RELATIVE HUMIDITY (PERCENT)
 HIGHEST    89           700 AM
 LOWEST     30           300 PM
 AVERAGE    60

..........................................................




SUNRISE AND SUNSET
SEPTEMBER 17 2014.....SUNRISE   632 AM MDT   SUNSET   656 PM MDT
SEPTEMBER 18 2014.....SUNRISE   633 AM MDT   SUNSET   655 PM MDT


-  INDICATES NEGATIVE NUMBERS.
R  INDICATES RECORD WAS SET OR TIED.
MM INDICATES DATA IS MISSING.
T  INDICATES TRACE AMOUNT.




$$
