000
CDUS43 KUNR 230832
CLIIEN


CLIMATE REPORT
NATIONAL WEATHER SERVICE RAPID CITY SD
231 AM MDT SUN JUL 23 2017


...................................

...THE PINE RIDGE SD CLIMATE SUMMARY FOR JULY 22 2017...

CLIMATE NORMAL PERIOD 1981 TO 2010
CLIMATE RECORD PERIOD 9999 TO 9999


WEATHER ITEM   OBSERVED TIME   NORMAL DEPARTURE LAST
                VALUE   (LST)  VALUE  FROM      YEAR
                                      NORMAL
......................................................
TEMPERATURE (F)
 YESTERDAY
  MAXIMUM         91    208 PM  90      1      101
  MINIMUM         60    458 AM  59      1       65
  AVERAGE         76            75      1       83

PRECIPITATION (IN)
  YESTERDAY        T             0.06  -0.06      T
  MONTH TO DATE    0.96          1.56  -0.60     2.22
  SINCE JUN 1      2.47          4.99  -2.52     3.72
  SINCE JAN 1     11.93         11.23   0.70     9.80

DEGREE DAYS
 HEATING
  YESTERDAY        0             0      0        0
  MONTH TO DATE    0             4     -4        2
  SINCE JUN 1     35            91    -56       28
  SINCE JUL 1      0             4     -4        2

 COOLING
  YESTERDAY       11            10      1       18
  MONTH TO DATE  283           189     94      209
  SINCE JUN 1    381           299     82      426
  SINCE JAN 1    397           316     81      434
......................................................


WIND (MPH)
  HIGHEST WIND SPEED    16   HIGHEST WIND DIRECTION    SE (150)
  HIGHEST GUST SPEED    21   HIGHEST GUST DIRECTION    SE (140)
  AVERAGE WIND SPEED     4.0


SKY COVER
  AVERAGE SKY COVER 0.1


WEATHER CONDITIONS
 THE FOLLOWING WEATHER WAS RECORDED YESTERDAY.
  THUNDERSTORM
  LIGHT RAIN


RELATIVE HUMIDITY (PERCENT)
 HIGHEST    97           500 AM
 LOWEST     29           300 PM
 AVERAGE    63

..........................................................




SUNRISE AND SUNSET
JULY 23 2017..........SUNRISE   532 AM MDT   SUNSET   821 PM MDT
JULY 24 2017..........SUNRISE   533 AM MDT   SUNSET   820 PM MDT


-  INDICATES NEGATIVE NUMBERS.
R  INDICATES RECORD WAS SET OR TIED.
MM INDICATES DATA IS MISSING.
T  INDICATES TRACE AMOUNT.




$$
