000
CDUS43 KUNR 240846
CLIIEN


CLIMATE REPORT
NATIONAL WEATHER SERVICE RAPID CITY SD
145 AM MST TUE JAN 24 2017


...................................

...THE PINE RIDGE SD CLIMATE SUMMARY FOR JANUARY 23 2017...

CLIMATE NORMAL PERIOD 1981 TO 2010
CLIMATE RECORD PERIOD 9999 TO 9999


WEATHER ITEM   OBSERVED TIME   NORMAL DEPARTURE LAST
                VALUE   (LST)  VALUE  FROM      YEAR
                                      NORMAL
......................................................
TEMPERATURE (F)
 YESTERDAY
  MAXIMUM         44    125 PM  37      7       46
  MINIMUM         11   1214 AM  10      1       27
  AVERAGE         28            24      4       37

PRECIPITATION (IN)
  YESTERDAY        0.01          0.02  -0.01     0.00
  MONTH TO DATE    0.06          0.21  -0.15     0.08
  SINCE DEC 1      0.89          0.56   0.33     1.10
  SINCE JAN 1      0.06          0.21  -0.15     0.08

DEGREE DAYS
 HEATING
  YESTERDAY       37            41     -4       28
  MONTH TO DATE 1130           958    172      992
  SINCE DEC 1   2703          2258    445     2284
  SINCE JUL 1   3876          3948    -72     3772

 COOLING
  YESTERDAY        0             0      0        0
  MONTH TO DATE    0             0      0        0
  SINCE DEC 1      0             0      0        0
  SINCE JAN 1      0             0      0        0
......................................................


WIND (MPH)
  HIGHEST WIND SPEED    16   HIGHEST WIND DIRECTION     N (10)
  HIGHEST GUST SPEED    20   HIGHEST GUST DIRECTION     N (10)
  AVERAGE WIND SPEED     6.6


SKY COVER
  AVERAGE SKY COVER 0.6


WEATHER CONDITIONS
 THE FOLLOWING WEATHER WAS RECORDED YESTERDAY.
  LIGHT SNOW
  FOG
  FOG W/VISIBILITY <= 1/4 MILE


RELATIVE HUMIDITY (PERCENT)
 HIGHEST   100           900 AM
 LOWEST     53           200 PM
 AVERAGE    77

..........................................................




SUNRISE AND SUNSET
JANUARY 24 2017.......SUNRISE   712 AM MST   SUNSET   453 PM MST
JANUARY 25 2017.......SUNRISE   712 AM MST   SUNSET   454 PM MST


-  INDICATES NEGATIVE NUMBERS.
R  INDICATES RECORD WAS SET OR TIED.
MM INDICATES DATA IS MISSING.
T  INDICATES TRACE AMOUNT.




$$
