296
CDUS43 KUNR 090834
CLIIEN


CLIMATE REPORT
NATIONAL WEATHER SERVICE RAPID CITY SD
134 AM MST TUE FEB 9 2016


...................................

...THE PINE RIDGE SD CLIMATE SUMMARY FOR FEBRUARY 8 2016...

CLIMATE NORMAL PERIOD 1981 TO 2010
CLIMATE RECORD PERIOD 9999 TO 9999


WEATHER ITEM   OBSERVED TIME   NORMAL DEPARTURE LAST
                VALUE   (LST)  VALUE  FROM      YEAR
                                      NORMAL
......................................................
TEMPERATURE (F)
 YESTERDAY
  MAXIMUM         40    231 PM  38      2       64
  MINIMUM         13    702 AM  12      1       24
  AVERAGE         27            25      2       44

PRECIPITATION (IN)
  YESTERDAY        0.00          0.02  -0.02     0.00
  MONTH TO DATE    0.06          0.15  -0.09     0.04
  SINCE DEC 1      1.29          0.82   0.47     0.78
  SINCE JAN 1      0.27          0.47  -0.20     0.23

DEGREE DAYS
 HEATING
  YESTERDAY       38            40     -2       21
  MONTH TO DATE  301           323    -22      253
  SINCE DEC 1   2844          2910    -66     2650
  SINCE JUL 1   4332          4600   -268     4449

 COOLING
  YESTERDAY        0             0      0        0
  MONTH TO DATE    0             0      0        0
  SINCE DEC 1      0             0      0        0
  SINCE JAN 1      0             0      0        0
......................................................


WIND (MPH)
  HIGHEST WIND SPEED    18   HIGHEST WIND DIRECTION    NW (310)
  HIGHEST GUST SPEED    23   HIGHEST GUST DIRECTION     W (280)
  AVERAGE WIND SPEED     6.3


SKY COVER
  AVERAGE SKY COVER 0.5


WEATHER CONDITIONS
 THE FOLLOWING WEATHER WAS RECORDED YESTERDAY.
  NO SIGNIFICANT WEATHER WAS OBSERVED.


RELATIVE HUMIDITY (PERCENT)
 HIGHEST    80           600 AM
 LOWEST     25           300 PM
 AVERAGE    53

..........................................................




SUNRISE AND SUNSET
FEBRUARY  9 2016......SUNRISE   656 AM MST   SUNSET   513 PM MST
FEBRUARY 10 2016......SUNRISE   655 AM MST   SUNSET   514 PM MST


-  INDICATES NEGATIVE NUMBERS.
R  INDICATES RECORD WAS SET OR TIED.
MM INDICATES DATA IS MISSING.
T  INDICATES TRACE AMOUNT.




$$
