000
CDUS43 KUNR 270834
CLIIEN


CLIMATE REPORT
NATIONAL WEATHER SERVICE RAPID CITY SD
233 AM MDT SAT MAY 27 2017


...................................

...THE PINE RIDGE SD CLIMATE SUMMARY FOR MAY 26 2017...

CLIMATE NORMAL PERIOD 1981 TO 2010
CLIMATE RECORD PERIOD 9999 TO 9999


WEATHER ITEM   OBSERVED TIME   NORMAL DEPARTURE LAST
                VALUE   (LST)  VALUE  FROM      YEAR
                                      NORMAL
......................................................
TEMPERATURE (F)
 YESTERDAY
  MAXIMUM         68    211 PM  73     -5       74
  MINIMUM         38    416 AM  45     -7       36
  AVERAGE         53            59     -6       55

PRECIPITATION (IN)
  YESTERDAY        0.18          0.08   0.10     0.00
  MONTH TO DATE    3.95          2.11   1.84     0.53
  SINCE MAR 1      8.21          4.89   3.32     5.38
  SINCE JAN 1      9.35          5.68   3.67     5.88

DEGREE DAYS
 HEATING
  YESTERDAY       12             7      5       10
  MONTH TO DATE  274           275     -1      313
  SINCE MAR 1   1477          1745   -268     1576
  SINCE JUL 1   6643          7095   -452     6445

 COOLING
  YESTERDAY        0             1     -1        0
  MONTH TO DATE   15             9      6        6
  SINCE MAR 1     16             9      7        7
  SINCE JAN 1     16             9      7        7
......................................................


WIND (MPH)
  HIGHEST WIND SPEED    15   HIGHEST WIND DIRECTION    SE (130)
  HIGHEST GUST SPEED    20   HIGHEST GUST DIRECTION    SE (130)
  AVERAGE WIND SPEED     3.1


SKY COVER
  AVERAGE SKY COVER 0.4


WEATHER CONDITIONS
 THE FOLLOWING WEATHER WAS RECORDED YESTERDAY.
  RAIN
  LIGHT RAIN
  FOG


RELATIVE HUMIDITY (PERCENT)
 HIGHEST   100           500 AM
 LOWEST     34          1000 AM
 AVERAGE    67

..........................................................




SUNRISE AND SUNSET
MAY 27 2017...........SUNRISE   516 AM MDT   SUNSET   819 PM MDT
MAY 28 2017...........SUNRISE   516 AM MDT   SUNSET   820 PM MDT


-  INDICATES NEGATIVE NUMBERS.
R  INDICATES RECORD WAS SET OR TIED.
MM INDICATES DATA IS MISSING.
T  INDICATES TRACE AMOUNT.




$$
