000
CDUS43 KUNR 270833
CLIIEN


CLIMATE REPORT
NATIONAL WEATHER SERVICE RAPID CITY SD
133 AM MST FRI FEB 27 2015


...................................

...THE PINE RIDGE SD CLIMATE SUMMARY FOR FEBRUARY 26 2015...

CLIMATE NORMAL PERIOD 1981 TO 2010
CLIMATE RECORD PERIOD 9999 TO 9999


WEATHER ITEM   OBSERVED TIME   NORMAL DEPARTURE LAST
                VALUE   (LST)  VALUE  FROM      YEAR
                                      NORMAL
......................................................
TEMPERATURE (F)
 YESTERDAY
  MAXIMUM         14    344 PM  43    -29       36
  MINIMUM         -6   1159 PM  16    -22      -10
  AVERAGE          4            30    -26       13

PRECIPITATION (IN)
  YESTERDAY        T             0.01  -0.01     0.00
  MONTH TO DATE    0.27          0.42  -0.15     0.17
  SINCE DEC 1      1.01          1.09  -0.08     0.49
  SINCE JAN 1      0.46          0.74  -0.28     0.26

DEGREE DAYS
 HEATING
  YESTERDAY       61            35     26       52
  MONTH TO DATE  914          1004    -90     1201
  SINCE DEC 1   3311          3591   -280     3671
  SINCE JUL 1   5110          5281   -171     5386

 COOLING
  YESTERDAY        0             0      0        0
  MONTH TO DATE    0             0      0        0
  SINCE DEC 1      0             0      0        0
  SINCE JAN 1      0             0      0        0
......................................................


WIND (MPH)
  HIGHEST WIND SPEED    15   HIGHEST WIND DIRECTION     N (350)
  HIGHEST GUST SPEED    24   HIGHEST GUST DIRECTION     N (350)
  AVERAGE WIND SPEED     5.8


SKY COVER
  AVERAGE SKY COVER 0.5


WEATHER CONDITIONS
 THE FOLLOWING WEATHER WAS RECORDED YESTERDAY.
  LIGHT SNOW
  FOG
  HAZE


RELATIVE HUMIDITY (PERCENT)
 HIGHEST    86           700 AM
 LOWEST     46           500 PM
 AVERAGE    66

..........................................................




SUNRISE AND SUNSET
FEBRUARY 27 2015......SUNRISE   630 AM MST   SUNSET   537 PM MST
FEBRUARY 28 2015......SUNRISE   628 AM MST   SUNSET   538 PM MST


-  INDICATES NEGATIVE NUMBERS.
R  INDICATES RECORD WAS SET OR TIED.
MM INDICATES DATA IS MISSING.
T  INDICATES TRACE AMOUNT.




$$
