000
CDUS45 KVEF 290035
CLIIGM


CLIMATE REPORT
NATIONAL WEATHER SERVICE LAS VEGAS, NV
435 PM PST SUN DEC 28 2014


...................................

...THE KINGMAN AZ CLIMATE SUMMARY FOR DECEMBER 28 2014...
VALID TODAY AS OF 0400 PM LOCAL TIME.

CLIMATE NORMAL PERIOD 1981 TO 2010
CLIMATE RECORD PERIOD 1901 TO 2014


WEATHER ITEM   OBSERVED TIME   RECORD YEAR NORMAL DEPARTURE LAST
                VALUE   (LST)  VALUE       VALUE  FROM      YEAR
                                                  NORMAL
..................................................................
TEMPERATURE (F)
 TODAY
  MAXIMUM         47    340 PM  71    1980  54     -7       59
  MINIMUM         18    504 AM  17    2003  31    -13       33
  AVERAGE         33                        42     -9       46

PRECIPITATION (IN)
  TODAY            0.00          2.25 1936   0.03  -0.03     0.00
  MONTH TO DATE    0.89                      0.66   0.23     0.04
  SINCE OCT 1      1.65                      2.02  -0.37     0.88
  SINCE JAN 1      8.14                      8.31  -0.17     6.72

DEGREE DAYS
 HEATING
  TODAY           32                        23      9       19
  MONTH TO DATE  542                       617    -75      675
  SINCE DEC 1    542                       617    -75      675
  SINCE JUL 1    956                      1183   -227     1308

 COOLING
  TODAY            0                         0      0        0
  MONTH TO DATE    0                         0      0        0
  SINCE DEC 1      0                         0      0        0
  SINCE JAN 1   2070                      2093    -23     2106
..................................................................


WIND (MPH)
  RESULTANT WIND SPEED   2   RESULTANT WIND DIRECTION   S (180)
  HIGHEST WIND SPEED    12   HIGHEST WIND DIRECTION    SW (230)
  HIGHEST GUST SPEED    14   HIGHEST GUST DIRECTION    SW (230)
  AVERAGE WIND SPEED     3.8


SKY COVER
  POSSIBLE SUNSHINE  MM
  AVERAGE SKY COVER 0.0


WEATHER CONDITIONS
 THE FOLLOWING WEATHER WAS RECORDED TODAY.
  NO SIGNIFICANT WEATHER WAS OBSERVED.


RELATIVE HUMIDITY (PERCENT)
 HIGHEST    73           500 AM
 LOWEST     21           300 PM
 AVERAGE    47

..........................................................


THE KINGMAN AZ CLIMATE NORMALS FOR TOMORROW
                         NORMAL    RECORD    YEAR
 MAXIMUM TEMPERATURE (F)   54        72      1917
 MINIMUM TEMPERATURE (F)   31        15      1923


SUNRISE AND SUNSET
DECEMBER 28 2014......SUNRISE   743 AM MST   SUNSET   531 PM MST
DECEMBER 29 2014......SUNRISE   744 AM MST   SUNSET   532 PM MST


-  INDICATES NEGATIVE NUMBERS.
R  INDICATES RECORD WAS SET OR TIED.
MM INDICATES DATA IS MISSING.
T  INDICATES TRACE AMOUNT.




$$
