000
CDUS45 KVEF 200827
CLIIGM


CLIMATE REPORT
NATIONAL WEATHER SERVICE LAS VEGAS, NV
127 AM PDT MON OCT 20 2014


...................................

...THE KINGMAN AZ CLIMATE SUMMARY FOR OCTOBER 19 2014...

CLIMATE NORMAL PERIOD 1981 TO 2010
CLIMATE RECORD PERIOD 1901 TO 2014


WEATHER ITEM   OBSERVED TIME   RECORD YEAR NORMAL DEPARTURE LAST
                VALUE   (LST)  VALUE       VALUE  FROM      YEAR
                                                  NORMAL
..................................................................
TEMPERATURE (F)
 YESTERDAY
  MAXIMUM         85    316 PM  98    1915  76      9       78
  MINIMUM         48    559 AM  27    1908  47      1       39
  AVERAGE         67                        62      5       59

PRECIPITATION (IN)
  YESTERDAY        T             0.72 1971   0.02  -0.02     0.00
  MONTH TO DATE    0.76                      0.38   0.38     0.12
  SINCE OCT 1      0.76                      0.38   0.38     0.12
  SINCE JAN 1      7.25                      6.67   0.58     5.96

DEGREE DAYS
 HEATING
  YESTERDAY        0                         5     -5        6
  MONTH TO DATE    7                        50    -43      129
  SINCE SEP 1     11                        56    -45      155
  SINCE JUL 1     11                        56    -45      155

 COOLING
  YESTERDAY        2                         1      1        0
  MONTH TO DATE   34                        57    -23        6
  SINCE SEP 1    372                       382    -10      231
  SINCE JAN 1   2054                      2083    -29     2105
..................................................................


WIND (MPH)
  RESULTANT WIND SPEED   2   RESULTANT WIND DIRECTION  SE (140)
  HIGHEST WIND SPEED    30   HIGHEST WIND DIRECTION     N (360)
  HIGHEST GUST SPEED    37   HIGHEST GUST DIRECTION     N (360)
  AVERAGE WIND SPEED     4.6


SKY COVER
  POSSIBLE SUNSHINE  MM
  AVERAGE SKY COVER 0.1


WEATHER CONDITIONS
 THE FOLLOWING WEATHER WAS RECORDED YESTERDAY.
  THUNDERSTORM
  LIGHT RAIN


RELATIVE HUMIDITY (PERCENT)
 HIGHEST    80           500 AM
 LOWEST     22           100 PM
 AVERAGE    51

..........................................................


THE KINGMAN AZ CLIMATE NORMALS FOR TODAY
                         NORMAL    RECORD    YEAR
 MAXIMUM TEMPERATURE (F)   75        94      1921
 MINIMUM TEMPERATURE (F)   47        29      1949


SUNRISE AND SUNSET
OCTOBER 20 2014.......SUNRISE   646 AM MST   SUNSET   554 PM MST
OCTOBER 21 2014.......SUNRISE   647 AM MST   SUNSET   553 PM MST


-  INDICATES NEGATIVE NUMBERS.
R  INDICATES RECORD WAS SET OR TIED.
MM INDICATES DATA IS MISSING.
T  INDICATES TRACE AMOUNT.




$$
