000
CDUS45 KIGM 290826
CLIIGM


CLIMATE REPORT
NATIONAL WEATHER SERVICE LAS VEGAS, NV
125 AM PDT FRI AUG 29 2014


...................................

...THE KINGMAN AZ CLIMATE SUMMARY FOR AUGUST 28 2014...

CLIMATE NORMAL PERIOD 1981 TO 2010
CLIMATE RECORD PERIOD 1901 TO 2014


WEATHER ITEM   OBSERVED TIME   RECORD YEAR NORMAL DEPARTURE LAST
                VALUE   (LST)  VALUE       VALUE  FROM      YEAR
                                                  NORMAL
..................................................................
TEMPERATURE (F)
 YESTERDAY
  MAXIMUM         95    501 PM 107    2009  95      0       94
  MINIMUM         59    601 AM  50    1920  68     -9       67
  AVERAGE         77                        81     -4       81

PRECIPITATION (IN)
  YESTERDAY        0.00          0.62 1971   0.06  -0.06     0.01
  MONTH TO DATE    2.05                      0.81   1.24     0.96
  SINCE OCT 1      4.97                      7.21  -2.24     4.80
  SINCE JAN 1      4.09                      5.11  -1.02     3.63

DEGREE DAYS
 HEATING
  YESTERDAY        0                         0      0        0
  MONTH TO DATE    0                         0      0        0
  SINCE JUN 1      0                         3     -3        0
  SINCE JUL 1      0                         0      0        0

 COOLING
  YESTERDAY       12                        16     -4       16
  MONTH TO DATE  379                       496   -117      480
  SINCE JUN 1   1404                      1457    -53     1612
  SINCE JAN 1   1629                      1655    -26     1834
..................................................................


WIND (MPH)
  RESULTANT WIND SPEED   1   RESULTANT WIND DIRECTION   E (80)
  HIGHEST WIND SPEED    13   HIGHEST WIND DIRECTION     N (10)
  HIGHEST GUST SPEED    16   HIGHEST GUST DIRECTION     N (10)
  AVERAGE WIND SPEED     3.3


SKY COVER
  POSSIBLE SUNSHINE  MM
  AVERAGE SKY COVER 0.0


WEATHER CONDITIONS
 THE FOLLOWING WEATHER WAS RECORDED YESTERDAY.
  NO SIGNIFICANT WEATHER WAS OBSERVED.


RELATIVE HUMIDITY (PERCENT)
 HIGHEST    55           200 AM
 LOWEST     11           300 PM
 AVERAGE    33

..........................................................


THE KINGMAN AZ CLIMATE NORMALS FOR TODAY
                         NORMAL    RECORD    YEAR
 MAXIMUM TEMPERATURE (F)   94       105      1915
 MINIMUM TEMPERATURE (F)   67        49      1920


SUNRISE AND SUNSET
AUGUST 29 2014........SUNRISE   606 AM MST   SUNSET   707 PM MST
AUGUST 30 2014........SUNRISE   607 AM MST   SUNSET   705 PM MST


-  INDICATES NEGATIVE NUMBERS.
R  INDICATES RECORD WAS SET OR TIED.
MM INDICATES DATA IS MISSING.
T  INDICATES TRACE AMOUNT.




$$
