000
CDUS45 KVEF 020029
CLIIGM


CLIMATE REPORT
NATIONAL WEATHER SERVICE LAS VEGAS, NV
528 PM PDT SUN MAY 1 2016


...................................

...THE KINGMAN AZ CLIMATE SUMMARY FOR MAY 1 2016...
VALID TODAY AS OF 0500 PM LOCAL TIME.

CLIMATE NORMAL PERIOD 1981 TO 2010
CLIMATE RECORD PERIOD 1901 TO 2016


WEATHER ITEM   OBSERVED TIME   RECORD YEAR NORMAL DEPARTURE LAST
                VALUE   (LST)  VALUE       VALUE  FROM      YEAR
                                                  NORMAL
..................................................................
TEMPERATURE (F)
 TODAY
  MAXIMUM         72    354 PM  92    1985  79     -7       91
  MINIMUM         45    610 AM  30    1967  48     -3       49
  AVERAGE         59                        64     -5       70

PRECIPITATION (IN)
  TODAY            0.00          0.29 1914   0.01  -0.01     0.00
  MONTH TO DATE    0.00                      0.01  -0.01     0.00
  SINCE OCT 1      4.23                      5.44  -1.21     4.94
  SINCE JAN 1      2.71                      3.34  -0.63     2.81

DEGREE DAYS
 HEATING
  TODAY            6                         4      2        0
  MONTH TO DATE    6                         4      2        0
  SINCE MAR 1    435                       637   -202      462
  SINCE JUL 1   2787                      3050   -263     2442

 COOLING
  TODAY            0                         2     -2        5
  MONTH TO DATE    0                         2     -2        5
  SINCE MAR 1     20                        33    -13       23
  SINCE JAN 1     20                        33    -13       23
..................................................................


WIND (MPH)
  RESULTANT WIND SPEED   3   RESULTANT WIND DIRECTION  NE (40)
  HIGHEST WIND SPEED    23   HIGHEST WIND DIRECTION     E (80)
  HIGHEST GUST SPEED    26   HIGHEST GUST DIRECTION     E (90)
  AVERAGE WIND SPEED     5.5


SKY COVER
  POSSIBLE SUNSHINE  MM
  AVERAGE SKY COVER 0.7


WEATHER CONDITIONS
 THE FOLLOWING WEATHER WAS RECORDED TODAY.
  NO SIGNIFICANT WEATHER WAS OBSERVED.


RELATIVE HUMIDITY (PERCENT)
 HIGHEST    86          1200 AM
 LOWEST     27           400 PM
 AVERAGE    57

..........................................................


THE KINGMAN AZ CLIMATE NORMALS FOR TOMORROW
                         NORMAL    RECORD    YEAR
 MAXIMUM TEMPERATURE (F)   80       102      1947
 MINIMUM TEMPERATURE (F)   49        34      2008


SUNRISE AND SUNSET
MAY  1 2016...........SUNRISE   544 AM MST   SUNSET   722 PM MST
MAY  2 2016...........SUNRISE   543 AM MST   SUNSET   723 PM MST


-  INDICATES NEGATIVE NUMBERS.
R  INDICATES RECORD WAS SET OR TIED.
MM INDICATES DATA IS MISSING.
T  INDICATES TRACE AMOUNT.




$$
