000
CDUS45 KVEF 030826
CLIIGM


CLIMATE REPORT
NATIONAL WEATHER SERVICE LAS VEGAS, NV
126 AM PDT WED JUN 3 2015


...................................

...THE KINGMAN AZ CLIMATE SUMMARY FOR JUNE 2 2015...

CLIMATE NORMAL PERIOD 1981 TO 2010
CLIMATE RECORD PERIOD 1901 TO 2015


WEATHER ITEM   OBSERVED TIME   RECORD YEAR NORMAL DEPARTURE LAST
                VALUE   (LST)  VALUE       VALUE  FROM      YEAR
                                                  NORMAL
..................................................................
TEMPERATURE (F)
 YESTERDAY
  MAXIMUM         91    328 PM 100    2006  90      1       97
  MINIMUM         56    536 AM  41    1929  58     -2       59
  AVERAGE         74                        74      0       78

PRECIPITATION (IN)
  YESTERDAY        0.00          0.48 1991   0.00   0.00     0.00
  MONTH TO DATE    0.00                      0.00   0.00     0.00
  SINCE OCT 1      5.12                      5.56  -0.44     1.67
  SINCE JAN 1      2.99                      3.46  -0.47     0.79

DEGREE DAYS
 HEATING
  YESTERDAY        0                         0      0        0
  MONTH TO DATE    0                         0      0        0
  SINCE JUN 1      0                         0      0        0
  SINCE JUL 1   2530                      3100   -570     2834

 COOLING
  YESTERDAY        9                         9      0       13
  MONTH TO DATE   23                        18      5       22
  SINCE JUN 1     23                        18      5       22
  SINCE JAN 1    129                       216    -87      247
..................................................................


WIND (MPH)
  RESULTANT WIND SPEED  11   RESULTANT WIND DIRECTION  SW (220)
  HIGHEST WIND SPEED    28   HIGHEST WIND DIRECTION    SW (220)
  HIGHEST GUST SPEED    36   HIGHEST GUST DIRECTION    SW (230)
  AVERAGE WIND SPEED    12.6


SKY COVER
  POSSIBLE SUNSHINE  MM
  AVERAGE SKY COVER 0.0


WEATHER CONDITIONS
 THE FOLLOWING WEATHER WAS RECORDED YESTERDAY.
  NO SIGNIFICANT WEATHER WAS OBSERVED.


RELATIVE HUMIDITY (PERCENT)
 HIGHEST    21           400 AM
 LOWEST      6           500 PM
 AVERAGE    14

..........................................................


THE KINGMAN AZ CLIMATE NORMALS FOR TODAY
                         NORMAL    RECORD    YEAR
 MAXIMUM TEMPERATURE (F)   90       104      1946
 MINIMUM TEMPERATURE (F)   58        35      1906


SUNRISE AND SUNSET
JUNE  3 2015..........SUNRISE   522 AM MST   SUNSET   746 PM MST
JUNE  4 2015..........SUNRISE   522 AM MST   SUNSET   747 PM MST


-  INDICATES NEGATIVE NUMBERS.
R  INDICATES RECORD WAS SET OR TIED.
MM INDICATES DATA IS MISSING.
T  INDICATES TRACE AMOUNT.




$$
