000
CDUS45 KVEF 270833
CLIIGM


CLIMATE REPORT
NATIONAL WEATHER SERVICE LAS VEGAS, NV
133 AM PDT WED JUL 27 2016


...................................

...THE KINGMAN AZ CLIMATE SUMMARY FOR JULY 26 2016...

CLIMATE NORMAL PERIOD 1981 TO 2010
CLIMATE RECORD PERIOD 1901 TO 2016


WEATHER ITEM   OBSERVED TIME   RECORD YEAR NORMAL DEPARTURE LAST
                VALUE   (LST)  VALUE       VALUE  FROM      YEAR
                                                  NORMAL
..................................................................
TEMPERATURE (F)
 YESTERDAY
  MAXIMUM        104    341 PM 108    1934  97      7       99
  MINIMUM         76    557 AM  55    1918  71      5       61
  AVERAGE         90                        84      6       80

PRECIPITATION (IN)
  YESTERDAY        0.00          0.67 1908   0.03  -0.03     0.00
  MONTH TO DATE    0.32                      0.61  -0.29     0.92
  SINCE OCT 1      5.48                      6.26  -0.78     7.53
  SINCE JAN 1      3.96                      4.16  -0.20     5.40

DEGREE DAYS
 HEATING
  YESTERDAY        0                         0      0        0
  MONTH TO DATE    0                         0      0        0
  SINCE JUN 1      0                         3     -3        0
  SINCE JUL 1      0                         0      0        0

 COOLING
  YESTERDAY       25                        19      6       15
  MONTH TO DATE  543                       480     63      424
  SINCE JUN 1   1105                       865    240      901
  SINCE JAN 1   1245                      1063    182     1007
..................................................................


WIND (MPH)
  RESULTANT WIND SPEED   5   RESULTANT WIND DIRECTION   S (160)
  HIGHEST WIND SPEED    24   HIGHEST WIND DIRECTION    SE (130)
  HIGHEST GUST SPEED    28   HIGHEST GUST DIRECTION    SE (120)
  AVERAGE WIND SPEED     7.9


SKY COVER
  POSSIBLE SUNSHINE  MM
  AVERAGE SKY COVER 0.0


WEATHER CONDITIONS
 THE FOLLOWING WEATHER WAS RECORDED YESTERDAY.
  NO SIGNIFICANT WEATHER WAS OBSERVED.


RELATIVE HUMIDITY (PERCENT)
 HIGHEST    39           100 AM
 LOWEST     13           500 PM
 AVERAGE    26

..........................................................


THE KINGMAN AZ CLIMATE NORMALS FOR TODAY
                         NORMAL    RECORD    YEAR
 MAXIMUM TEMPERATURE (F)   97       108      1934
 MINIMUM TEMPERATURE (F)   71        49      1907


SUNRISE AND SUNSET
JULY 27 2016..........SUNRISE   541 AM MST   SUNSET   743 PM MST
JULY 28 2016..........SUNRISE   542 AM MST   SUNSET   742 PM MST


-  INDICATES NEGATIVE NUMBERS.
R  INDICATES RECORD WAS SET OR TIED.
MM INDICATES DATA IS MISSING.
T  INDICATES TRACE AMOUNT.




$$
