000
CDUS41 KPHI 180600
CLIILG


CLIMATE REPORT
NATIONAL WEATHER SERVICE MOUNT HOLLY NJ
1257 AM EST THU JAN 18 2018


...................................

...THE WILMINGTON DE CLIMATE SUMMARY FOR JANUARY 17 2018...

CLIMATE NORMAL PERIOD 1981 TO 2010
CLIMATE RECORD PERIOD 1894 TO 2018


WEATHER ITEM   OBSERVED TIME   RECORD YEAR NORMAL DEPARTURE LAST
                VALUE   (LST)  VALUE       VALUE  FROM      YEAR
                                                  NORMAL
..................................................................
TEMPERATURE (F)
 YESTERDAY
  MAXIMUM         36    140 AM  63    1913  40     -4       44
  MINIMUM         18   1159 PM -10    1982  24     -6       37
  AVERAGE         27                        32     -5       41

PRECIPITATION (IN)
  YESTERDAY        0.12          1.51 1978   0.10   0.02     0.26
  MONTH TO DATE    1.70                      1.65   0.05     1.90
  SINCE DEC 1      2.93                      5.13  -2.20     4.49
  SINCE JAN 1      1.70                      1.65   0.05     1.90

SNOWFALL (IN)
  YESTERDAY        0.8           3.7  1985   0.1    0.7      0.0
  MONTH TO DATE    3.4                       2.6    0.8      4.0
  SINCE DEC 1     11.2                       6.0    5.2      4.0
  SINCE JUL 1     11.2                       6.4    4.8      4.0
  SNOW DEPTH       T

DEGREE DAYS
 HEATING
  YESTERDAY       38                        33      5       24
  MONTH TO DATE  658                       555    103      508
  SINCE DEC 1   1582                      1434    148     1339
  SINCE JUL 1   2310                      2332    -22     2063

 COOLING
  YESTERDAY        0                         0      0        0
  MONTH TO DATE    0                         0      0        0
  SINCE DEC 1      0                         0      0        0
  SINCE JAN 1      0                         0      0        0
..................................................................


WIND (MPH)
  HIGHEST WIND SPEED    22   HIGHEST WIND DIRECTION    NW (310)
  HIGHEST GUST SPEED    27   HIGHEST GUST DIRECTION    NW (330)
  AVERAGE WIND SPEED    12.6


SKY COVER
  POSSIBLE SUNSHINE  MM
  AVERAGE SKY COVER 0.5


WEATHER CONDITIONS
 THE FOLLOWING WEATHER WAS RECORDED YESTERDAY.
  LIGHT RAIN
  LIGHT SNOW
  FOG


RELATIVE HUMIDITY (PERCENT)
 HIGHEST   100           300 AM
 LOWEST     59           500 PM
 AVERAGE    80

..........................................................


THE WILMINGTON DE CLIMATE NORMALS FOR TODAY
                         NORMAL    RECORD    YEAR
 MAXIMUM TEMPERATURE (F)   40        65      1990
 MINIMUM TEMPERATURE (F)   24        -4      1957


SUNRISE AND SUNSET
JANUARY 18 2018.......SUNRISE   720 AM EST   SUNSET   506 PM EST
JANUARY 19 2018.......SUNRISE   720 AM EST   SUNSET   507 PM EST


-  INDICATES NEGATIVE NUMBERS.
R  INDICATES RECORD WAS SET OR TIED.
MM INDICATES DATA IS MISSING.
T  INDICATES TRACE AMOUNT.




$$
