000
CDUS41 KPHI 200629
CLIILG


CLIMATE REPORT
NATIONAL WEATHER SERVICE MOUNT HOLLY NJ
126 AM EST SAT DEC 20 2014


...................................

...THE WILMINGTON DE CLIMATE SUMMARY FOR DECEMBER 19 2014...

CLIMATE NORMAL PERIOD 1981 TO 2010
CLIMATE RECORD PERIOD 1894 TO 2014


WEATHER ITEM   OBSERVED TIME   RECORD YEAR NORMAL DEPARTURE LAST
                VALUE   (LST)  VALUE       VALUE  FROM      YEAR
                                                  NORMAL
..................................................................
TEMPERATURE (F)
 YESTERDAY
  MAXIMUM         43    219 PM  62    1929  43      0       49
  MINIMUM         27    947 PM   8    1926  28     -1       22
                                      1919
  AVERAGE         35                        36     -1       36

PRECIPITATION (IN)
  YESTERDAY        0.00          1.40 2009   0.11  -0.11     0.00
  MONTH TO DATE    1.84                      2.27  -0.43     3.22
  SINCE DEC 1      1.84                      2.27  -0.43     3.22
  SINCE JAN 1     49.74                     41.87   7.87    46.35

SNOWFALL (IN)
  YESTERDAY        0.0          17.0  2009   0.1   -0.1      0.0
  MONTH TO DATE    0.2                       2.0   -1.8     11.9
  SINCE DEC 1      0.2                       2.0   -1.8     11.9
  SINCE JUL 1      0.5                       2.4   -1.9     11.9
  SNOW DEPTH       0

DEGREE DAYS
 HEATING
  YESTERDAY       30                        29      1       29
  MONTH TO DATE  471                       508    -37      553
  SINCE DEC 1    471                       508    -37      553
  SINCE JUL 1   1360                      1406    -46     1474

 COOLING
  YESTERDAY        0                         0      0        0
  MONTH TO DATE    0                         0      0        0
  SINCE DEC 1      0                         0      0        0
  SINCE JAN 1   1073                      1145    -72     1241
..................................................................


WIND (MPH)
  HIGHEST WIND SPEED    20   HIGHEST WIND DIRECTION    NW (320)
  HIGHEST GUST SPEED    24   HIGHEST GUST DIRECTION    NW (300)
  AVERAGE WIND SPEED    11.1


SKY COVER
  POSSIBLE SUNSHINE  MM
  AVERAGE SKY COVER 0.6


WEATHER CONDITIONS
 THE FOLLOWING WEATHER WAS RECORDED YESTERDAY.
  NO SIGNIFICANT WEATHER WAS OBSERVED.


RELATIVE HUMIDITY (PERCENT)
 HIGHEST    69           900 PM
 LOWEST     45           300 PM
 AVERAGE    57

..........................................................


THE WILMINGTON DE CLIMATE NORMALS FOR TODAY
                         NORMAL    RECORD    YEAR
 MAXIMUM TEMPERATURE (F)   43        66      1895
 MINIMUM TEMPERATURE (F)   27         2      1942


SUNRISE AND SUNSET
DECEMBER 20 2014......SUNRISE   719 AM EST   SUNSET   441 PM EST
DECEMBER 21 2014......SUNRISE   720 AM EST   SUNSET   441 PM EST


-  INDICATES NEGATIVE NUMBERS.
R  INDICATES RECORD WAS SET OR TIED.
MM INDICATES DATA IS MISSING.
T  INDICATES TRACE AMOUNT.




$$
