937
CDUS41 KPHI 192128
CLIILG


CLIMATE REPORT
NATIONAL WEATHER SERVICE MOUNT HOLLY NJ
427 PM EST SUN NOV 19 2017


...................................

...THE WILMINGTON DE CLIMATE SUMMARY FOR NOVEMBER 19 2017...
VALID TODAY AS OF 0400 PM LOCAL TIME.

CLIMATE NORMAL PERIOD 1981 TO 2010
CLIMATE RECORD PERIOD 1894 TO 2017


WEATHER ITEM   OBSERVED TIME   RECORD YEAR NORMAL DEPARTURE LAST
                VALUE   (LST)  VALUE       VALUE  FROM      YEAR
                                                  NORMAL
..................................................................
TEMPERATURE (F)
 TODAY
  MAXIMUM         61    122 AM  75    1921  55      6       68
  MINIMUM         48    359 PM  15    1936  37     11       37
  AVERAGE         55                        46      9       53

PRECIPITATION (IN)
  TODAY            0.31          1.28 1898   0.11   0.20     0.08
  MONTH TO DATE    1.27                      1.88  -0.61     0.44
  SINCE SEP 1      6.41                      9.62  -3.21     7.46
  SINCE JAN 1     38.55                     38.38   0.17    36.72

SNOWFALL (IN)
  TODAY            0.0           4.3  1955   0.0    0.0      0.0
  MONTH TO DATE    0.0                       0.0    0.0      0.0
  SINCE SEP 1      0.0                       0.0    0.0      0.0
  SINCE JUL 1      0.0                       0.0    0.0      0.0
  SNOW DEPTH       0

DEGREE DAYS
 HEATING
  TODAY           10                        20    -10       12
  MONTH TO DATE  319                       317      2      270
  SINCE SEP 1    489                       659   -170      508
  SINCE JUL 1    489                       661   -172      508

 COOLING
  TODAY            0                         0      0        0
  MONTH TO DATE    0                         0      0        0
  SINCE SEP 1    258                       152    106      268
  SINCE JAN 1   1304                      1145    159     1489
..................................................................


WIND (MPH)
  HIGHEST WIND SPEED    37   HIGHEST WIND DIRECTION     W (280)
  HIGHEST GUST SPEED    48   HIGHEST GUST DIRECTION     W (280)
  AVERAGE WIND SPEED    21.7


SKY COVER
  POSSIBLE SUNSHINE  MM
  AVERAGE SKY COVER 0.6


WEATHER CONDITIONS
 THE FOLLOWING WEATHER WAS RECORDED TODAY.
  HEAVY RAIN
  RAIN
  LIGHT RAIN
  FOG


RELATIVE HUMIDITY (PERCENT)
 HIGHEST    93           300 AM
 LOWEST     38           100 PM
 AVERAGE    66

..........................................................


THE WILMINGTON DE CLIMATE NORMALS FOR TOMORROW
                         NORMAL    RECORD    YEAR
 MAXIMUM TEMPERATURE (F)   54        75      1985
                                             1942
 MINIMUM TEMPERATURE (F)   36        17      1984


SUNRISE AND SUNSET
NOVEMBER 19 2017......SUNRISE   652 AM EST   SUNSET   444 PM EST
NOVEMBER 20 2017......SUNRISE   653 AM EST   SUNSET   443 PM EST


-  INDICATES NEGATIVE NUMBERS.
R  INDICATES RECORD WAS SET OR TIED.
MM INDICATES DATA IS MISSING.
T  INDICATES TRACE AMOUNT.




$$
