000
CDUS41 KPHI 202132
CLIILG


CLIMATE REPORT
NATIONAL WEATHER SERVICE MOUNT HOLLY NJ
531 PM EDT SAT SEP 20 2014


...................................

...THE WILMINGTON DE CLIMATE SUMMARY FOR SEPTEMBER 20 2014...
VALID TODAY AS OF 0500 PM LOCAL TIME.

CLIMATE NORMAL PERIOD 1981 TO 2010
CLIMATE RECORD PERIOD 1894 TO 2014


WEATHER ITEM   OBSERVED TIME   RECORD YEAR NORMAL DEPARTURE LAST
                VALUE   (LST)  VALUE       VALUE  FROM      YEAR
                                                  NORMAL
..................................................................
TEMPERATURE (F)
 TODAY
  MAXIMUM         78    153 PM  93    1983  76      2       77
  MINIMUM         58    332 AM  40    1920  57      1       52
  AVERAGE         68                        66      2       65

PRECIPITATION (IN)
  TODAY            0.00          2.49 1938   0.16  -0.16     0.00
  MONTH TO DATE    1.57                      2.75  -1.18     0.46
  SINCE SEP 1      1.57                      2.75  -1.18     0.46
  SINCE JAN 1     39.64                     31.51   8.13    36.79

SNOWFALL (IN)
  TODAY            0.0           0.0  1894   0.0    0.0      0.0
  MONTH TO DATE    0.0                       0.0    0.0      0.0
  SINCE SEP 1      0.0                       0.0    0.0      0.0
  SINCE JUL 1      0.0                       0.0    0.0      0.0
  SNOW DEPTH       0

DEGREE DAYS
 HEATING
  TODAY            0                         2     -2        0
  MONTH TO DATE   19                        17      2       34
  SINCE SEP 1     19                        17      2       34
  SINCE JUL 1     19                        19      0       34

 COOLING
  TODAY            3                         3      0        0
  MONTH TO DATE  129                       111     18      105
  SINCE SEP 1    129                       111     18      105
  SINCE JAN 1   1035                      1104    -69     1190
..................................................................


WIND (MPH)
  HIGHEST WIND SPEED    20   HIGHEST WIND DIRECTION     S (160)
  HIGHEST GUST SPEED    23   HIGHEST GUST DIRECTION     S (160)
  AVERAGE WIND SPEED     8.5


SKY COVER
  POSSIBLE SUNSHINE  MM
  AVERAGE SKY COVER 0.4


WEATHER CONDITIONS
 THE FOLLOWING WEATHER WAS RECORDED TODAY.
  NO SIGNIFICANT WEATHER WAS OBSERVED.


RELATIVE HUMIDITY (PERCENT)
 HIGHEST    93           200 AM
 LOWEST     54           100 PM
 AVERAGE    74

..........................................................


THE WILMINGTON DE CLIMATE NORMALS FOR TOMORROW
                         NORMAL    RECORD    YEAR
 MAXIMUM TEMPERATURE (F)   76        97      1895
 MINIMUM TEMPERATURE (F)   56        37      1956


SUNRISE AND SUNSET
SEPTEMBER 20 2014.....SUNRISE   648 AM EDT   SUNSET   703 PM EDT
SEPTEMBER 21 2014.....SUNRISE   649 AM EDT   SUNSET   701 PM EDT


-  INDICATES NEGATIVE NUMBERS.
R  INDICATES RECORD WAS SET OR TIED.
MM INDICATES DATA IS MISSING.
T  INDICATES TRACE AMOUNT.




$$
