246
CDUS41 KPHI 200549
CLIILG


CLIMATE REPORT
NATIONAL WEATHER SERVICE MOUNT HOLLY NJ
147 AM EDT WED SEP 20 2017


...................................

...THE WILMINGTON DE CLIMATE SUMMARY FOR SEPTEMBER 19 2017...

CLIMATE NORMAL PERIOD 1981 TO 2010
CLIMATE RECORD PERIOD 1894 TO 2017


WEATHER ITEM   OBSERVED TIME   RECORD YEAR NORMAL DEPARTURE LAST
                VALUE   (LST)  VALUE       VALUE  FROM      YEAR
                                                  NORMAL
..................................................................
TEMPERATURE (F)
 YESTERDAY
  MAXIMUM         81    226 PM  94    1983  76      5       76
  MINIMUM         69   1146 PM  40    1929  57     12       68
  AVERAGE         75                        67      8       72

PRECIPITATION (IN)
  YESTERDAY        0.05          2.33 1960   0.15  -0.10     0.97
  MONTH TO DATE    1.12                      2.59  -1.47     1.19
  SINCE SEP 1      1.12                      2.59  -1.47     1.19
  SINCE JAN 1     33.26                     31.35   1.91    30.45

SNOWFALL (IN)
  YESTERDAY        0.0           0.0  1894   0.0    0.0      0.0
  MONTH TO DATE    0.0                       0.0    0.0      0.0
  SINCE SEP 1      0.0                       0.0    0.0      0.0
  SINCE JUL 1      0.0                       0.0    0.0      0.0
  SNOW DEPTH       0

DEGREE DAYS
 HEATING
  YESTERDAY        0                         2     -2        0
  MONTH TO DATE   14                        15     -1        0
  SINCE SEP 1     14                        15     -1        0
  SINCE JUL 1     14                        17     -3        0

 COOLING
  YESTERDAY       10                         4      6        7
  MONTH TO DATE   85                       108    -23      197
  SINCE SEP 1     85                       108    -23      197
  SINCE JAN 1   1131                      1101     30     1418
..................................................................


WIND (MPH)
  HIGHEST WIND SPEED    23   HIGHEST WIND DIRECTION    NE (30)
  HIGHEST GUST SPEED    30   HIGHEST GUST DIRECTION    NE (40)
  AVERAGE WIND SPEED    12.3


SKY COVER
  POSSIBLE SUNSHINE  MM
  AVERAGE SKY COVER 0.9


WEATHER CONDITIONS
 THE FOLLOWING WEATHER WAS RECORDED YESTERDAY.
  LIGHT RAIN
  FOG


RELATIVE HUMIDITY (PERCENT)
 HIGHEST    93           700 PM
 LOWEST     58          1200 PM
 AVERAGE    76

..........................................................


THE WILMINGTON DE CLIMATE NORMALS FOR TODAY
                         NORMAL    RECORD    YEAR
 MAXIMUM TEMPERATURE (F)   76        93      1983
 MINIMUM TEMPERATURE (F)   57        40      1920


SUNRISE AND SUNSET
SEPTEMBER 20 2017.....SUNRISE   648 AM EDT   SUNSET   702 PM EDT
SEPTEMBER 21 2017.....SUNRISE   649 AM EDT   SUNSET   701 PM EDT


-  INDICATES NEGATIVE NUMBERS.
R  INDICATES RECORD WAS SET OR TIED.
MM INDICATES DATA IS MISSING.
T  INDICATES TRACE AMOUNT.




$$
