000
CDUS41 KPHI 060636
CLIILG


CLIMATE REPORT
NATIONAL WEATHER SERVICE MOUNT HOLLY NJ
135 AM EST SAT FEB 6 2016


...................................

...THE WILMINGTON DE CLIMATE SUMMARY FOR FEBRUARY 5 2016...

CLIMATE NORMAL PERIOD 1981 TO 2010
CLIMATE RECORD PERIOD 1894 TO 2016


WEATHER ITEM   OBSERVED TIME   RECORD YEAR NORMAL DEPARTURE LAST
                VALUE   (LST)  VALUE       VALUE  FROM      YEAR
                                                  NORMAL
..................................................................
TEMPERATURE (F)
 YESTERDAY
  MAXIMUM         43    241 PM  70    1991  41      2       40
  MINIMUM         29   1147 PM -10    1918  25      4       16
  AVERAGE         36                        33      3       28

PRECIPITATION (IN)
  YESTERDAY        0.48          1.53 2001   0.10   0.38      T
  MONTH TO DATE    1.24                      0.49   0.75     0.85
  SINCE DEC 1      8.75                      6.98   1.77     8.31
  SINCE JAN 1      3.54                      3.50   0.04     5.30

SNOWFALL (IN)
  YESTERDAY        1.5           6.4  2010   0.4    1.1       T
  MONTH TO DATE    1.5                       1.7   -0.2      0.2
  SINCE DEC 1     18.4                      11.0    7.4      4.1
  SINCE JUL 1     18.4                      11.4    7.0      4.4
  SNOW DEPTH       2

DEGREE DAYS
 HEATING
  YESTERDAY       29                        32     -3       37
  MONTH TO DATE  110                       160    -50      174
  SINCE DEC 1   1596                      2049   -453     2005
  SINCE JUL 1   2300                      2947   -647     2894

 COOLING
  YESTERDAY        0                         0      0        0
  MONTH TO DATE    0                         0      0        0
  SINCE DEC 1      1                         0      1        0
  SINCE JAN 1      0                         0      0        0
..................................................................


WIND (MPH)
  HIGHEST WIND SPEED    29   HIGHEST WIND DIRECTION    NW (310)
  HIGHEST GUST SPEED    36   HIGHEST GUST DIRECTION    NW (310)
  AVERAGE WIND SPEED    11.1


SKY COVER
  POSSIBLE SUNSHINE  MM
  AVERAGE SKY COVER 0.5


WEATHER CONDITIONS
 THE FOLLOWING WEATHER WAS RECORDED YESTERDAY.
  RAIN
  LIGHT RAIN
  LIGHT SNOW
  FOG


RELATIVE HUMIDITY (PERCENT)
 HIGHEST    96           800 AM
 LOWEST     49           300 PM
 AVERAGE    73

..........................................................


THE WILMINGTON DE CLIMATE NORMALS FOR TODAY
                         NORMAL    RECORD    YEAR
 MAXIMUM TEMPERATURE (F)   42        71      2008
 MINIMUM TEMPERATURE (F)   26        -3      1918


SUNRISE AND SUNSET
FEBRUARY  6 2016......SUNRISE   706 AM EST   SUNSET   528 PM EST
FEBRUARY  7 2016......SUNRISE   705 AM EST   SUNSET   529 PM EST


-  INDICATES NEGATIVE NUMBERS.
R  INDICATES RECORD WAS SET OR TIED.
MM INDICATES DATA IS MISSING.
T  INDICATES TRACE AMOUNT.




$$
