000
CDUS42 KILM 040947
CLIILM


CLIMATE REPORT
NATIONAL WEATHER SERVICE WILMINGTON NC
446 AM EST WED MAR 4 2015


...................................

...THE WILMINGTON NC CLIMATE SUMMARY FOR MARCH 3 2015...

CLIMATE NORMAL PERIOD 1981 TO 2010
CLIMATE RECORD PERIOD 1871 TO 2015


WEATHER ITEM   OBSERVED TIME   RECORD YEAR NORMAL DEPARTURE LAST
                VALUE   (LST)  VALUE       VALUE  FROM      YEAR
                                                  NORMAL
..................................................................
TEMPERATURE (F)
 YESTERDAY
  MAXIMUM         48    349 PM  88    1976  63    -15       75
  MINIMUM         40    713 AM  14    1980  41     -1       30
  AVERAGE         44                        52     -8       53

PRECIPITATION (IN)
  YESTERDAY        0.15          1.68 1991   0.14   0.01      T
  MONTH TO DATE    0.20                      0.41  -0.21      T
  SINCE MAR 1      0.20                      0.41  -0.21      T
  SINCE JAN 1      9.52                      7.79   1.73     5.46

SNOWFALL (IN)
  YESTERDAY        0.0           0.8  1962   0.0    0.0      0.0
  MONTH TO DATE    0.0                       0.0    0.0      0.0
  SINCE MAR 1      0.0                       0.0    0.0      0.0
  SINCE JUL 1      0.3                       1.5   -1.2      1.0
  SNOW DEPTH       0

DEGREE DAYS
 HEATING
  YESTERDAY       21                        13      8       12
  MONTH TO DATE   51                        41     10       39
  SINCE MAR 1     51                        41     10       39
  SINCE JUL 1   2234                      1970    264     1973

 COOLING
  YESTERDAY        0                         0      0        0
  MONTH TO DATE    0                         0      0        0
  SINCE MAR 1      0                         0      0        0
  SINCE JAN 1      6                         5      1        5
..................................................................


WIND (MPH)
  HIGHEST WIND SPEED    17   HIGHEST WIND DIRECTION     E (70)
  HIGHEST GUST SPEED    24   HIGHEST GUST DIRECTION     E (70)
  AVERAGE WIND SPEED     7.0


SKY COVER
  POSSIBLE SUNSHINE  MM
  AVERAGE SKY COVER 0.9


WEATHER CONDITIONS
 THE FOLLOWING WEATHER WAS RECORDED YESTERDAY.
  RAIN
  LIGHT RAIN
  FOG
  FOG W/VISIBILITY <= 1/4 MILE
  HAZE


RELATIVE HUMIDITY (PERCENT)
 HIGHEST   100          1000 PM
 LOWEST     40           600 AM
 AVERAGE    70

..........................................................


THE WILMINGTON NC CLIMATE NORMALS FOR TODAY
                         NORMAL    RECORD    YEAR
 MAXIMUM TEMPERATURE (F)   63        84      1976
 MINIMUM TEMPERATURE (F)   41         9      1980


SUNRISE AND SUNSET
MARCH  4 2015.........SUNRISE   637 AM EST   SUNSET   610 PM EST
MARCH  5 2015.........SUNRISE   636 AM EST   SUNSET   611 PM EST


-  INDICATES NEGATIVE NUMBERS.
R  INDICATES RECORD WAS SET OR TIED.
MM INDICATES DATA IS MISSING.
T  INDICATES TRACE AMOUNT.




$$
