000
CDUS42 KILM 210842
CLIILM


CLIMATE REPORT
NATIONAL WEATHER SERVICE WILMINGTON NC
442 AM EDT THU AUG 21 2014


...................................

...THE WILMINGTON NC CLIMATE SUMMARY FOR AUGUST 20 2014...

CLIMATE NORMAL PERIOD 1981 TO 2010
CLIMATE RECORD PERIOD 1871 TO 2014


WEATHER ITEM   OBSERVED TIME   RECORD YEAR NORMAL DEPARTURE LAST
                VALUE   (LST)  VALUE       VALUE  FROM      YEAR
                                                  NORMAL
..................................................................
TEMPERATURE (F)
 YESTERDAY
  MAXIMUM         90   1132 AM  98    1983  88      2       85
  MINIMUM         74    536 AM  61    1998  71      3       72
                                      1886
  AVERAGE         82                        80      2       79

PRECIPITATION (IN)
  YESTERDAY        0.24          4.28 1976   0.23   0.01     0.62
  MONTH TO DATE    6.62                      4.78   1.84     8.00
  SINCE JUN 1     21.10                     17.44   3.66    25.10
  SINCE JAN 1     40.34                     36.34   4.00    41.81

DEGREE DAYS
 HEATING
  YESTERDAY        0                         0      0        0
  MONTH TO DATE    0                         0      0        0
  SINCE JUN 1      0                         2     -2        0
  SINCE JUL 1      0                         0      0        0

 COOLING
  YESTERDAY       17                        14      3       14
  MONTH TO DATE  291                       305    -14      276
  SINCE JUN 1   1199                      1191      8     1123
  SINCE JAN 1   1606                      1472    134     1349
..................................................................


WIND (MPH)
  HIGHEST WIND SPEED    18   HIGHEST WIND DIRECTION     S (170)
  HIGHEST GUST SPEED    21   HIGHEST GUST DIRECTION     S (170)
  AVERAGE WIND SPEED     2.8


SKY COVER
  POSSIBLE SUNSHINE  MM
  AVERAGE SKY COVER 0.2


WEATHER CONDITIONS
 THE FOLLOWING WEATHER WAS RECORDED YESTERDAY.
  HEAVY RAIN
  LIGHT RAIN
  FOG


RELATIVE HUMIDITY (PERCENT)
 HIGHEST   100           500 AM
 LOWEST     63          1100 AM
 AVERAGE    82

..........................................................


THE WILMINGTON NC CLIMATE NORMALS FOR TODAY
                         NORMAL    RECORD    YEAR
 MAXIMUM TEMPERATURE (F)   88       100      2007
                                             1983
                                             1968
 MINIMUM TEMPERATURE (F)   71        60      1953
                                             1918


SUNRISE AND SUNSET
AUGUST 21 2014........SUNRISE   637 AM EDT   SUNSET   752 PM EDT
AUGUST 22 2014........SUNRISE   638 AM EDT   SUNSET   751 PM EDT


-  INDICATES NEGATIVE NUMBERS.
R  INDICATES RECORD WAS SET OR TIED.
MM INDICATES DATA IS MISSING.
T  INDICATES TRACE AMOUNT.




$$
