000
CDUS42 KILM 141016
CLIILM


CLIMATE REPORT
NATIONAL WEATHER SERVICE WILMINGTON NC
516 AM EST SUN FEB 14 2016


...................................

...THE WILMINGTON NC CLIMATE SUMMARY FOR FEBRUARY 13 2016...

CLIMATE NORMAL PERIOD 1981 TO 2010
CLIMATE RECORD PERIOD 1871 TO 2016


WEATHER ITEM   OBSERVED TIME   RECORD YEAR NORMAL DEPARTURE LAST
                VALUE   (LST)  VALUE       VALUE  FROM      YEAR
                                                  NORMAL
..................................................................
TEMPERATURE (F)
 YESTERDAY
  MAXIMUM         42    333 PM  78    1927  60    -18       40
  MINIMUM         27   1043 PM  10    1899  38    -11       24
  AVERAGE         35                        48    -13       32

PRECIPITATION (IN)
  YESTERDAY        0.00          1.74 1936   0.13  -0.13     0.00
  MONTH TO DATE    6.21                      1.64   4.57     1.18
  SINCE DEC 1     16.16                      9.02   7.14    11.15
  SINCE JAN 1     10.66                      5.40   5.26     6.16

SNOWFALL (IN)
  YESTERDAY        0.0           4.0  1899   0.1   -0.1      0.0
  MONTH TO DATE    T                         0.2   -0.2      0.0
  SINCE DEC 1      T                         1.4   -1.4      0.0
  SINCE JUL 1      T                         1.4   -1.4      0.0
  SNOW DEPTH       0

DEGREE DAYS
 HEATING
  YESTERDAY       30                        17     13       33
  MONTH TO DATE  239                       226     13      263
  SINCE DEC 1   1042                      1332   -290     1321
  SINCE JUL 1   1272                      1701   -429     1774

 COOLING
  YESTERDAY        0                         0      0        0
  MONTH TO DATE    0                         0      0        0
  SINCE DEC 1     76                         7     69        6
  SINCE JAN 1      0                         2     -2        6
..................................................................


WIND (MPH)
  HIGHEST WIND SPEED    24   HIGHEST WIND DIRECTION    NW (310)
  HIGHEST GUST SPEED    30   HIGHEST GUST DIRECTION     W (290)
  AVERAGE WIND SPEED     9.4


SKY COVER
  POSSIBLE SUNSHINE  MM
  AVERAGE SKY COVER 0.1


WEATHER CONDITIONS
 THE FOLLOWING WEATHER WAS RECORDED YESTERDAY.
  FOG


RELATIVE HUMIDITY (PERCENT)
 HIGHEST    92          1200 AM
 LOWEST     27           500 PM
 AVERAGE    60

..........................................................


THE WILMINGTON NC CLIMATE NORMALS FOR TODAY
                         NORMAL    RECORD    YEAR
 MAXIMUM TEMPERATURE (F)   60        78      1951
 MINIMUM TEMPERATURE (F)   38         5      1899


SUNRISE AND SUNSET
FEBRUARY 14 2016......SUNRISE   658 AM EST   SUNSET   554 PM EST
FEBRUARY 15 2016......SUNRISE   657 AM EST   SUNSET   555 PM EST


-  INDICATES NEGATIVE NUMBERS.
R  INDICATES RECORD WAS SET OR TIED.
MM INDICATES DATA IS MISSING.
T  INDICATES TRACE AMOUNT.




$$
