000
CDUS42 KILM 022046
CLIILM


CLIMATE REPORT
NATIONAL WEATHER SERVICE WILMINGTON NC
445 PM EDT THU JUL 2 2015


...................................

...THE WILMINGTON NC CLIMATE SUMMARY FOR JULY 2 2015...
VALID TODAY AS OF 0400 PM LOCAL TIME.

CLIMATE NORMAL PERIOD 1981 TO 2010
CLIMATE RECORD PERIOD 1871 TO 2015


WEATHER ITEM   OBSERVED TIME   RECORD YEAR NORMAL DEPARTURE LAST
                VALUE   (LST)  VALUE       VALUE  FROM      YEAR
                                                  NORMAL
..................................................................
TEMPERATURE (F)
 TODAY
  MAXIMUM         91    129 PM  97    1980  89      2       92
                                      1936
                                      1897
  MINIMUM         77    559 AM  55    1988  72      5       77
  AVERAGE         84                        81      3       85

PRECIPITATION (IN)
  TODAY            0.00          3.67 1963   0.22  -0.22     0.00
  MONTH TO DATE    0.00                      0.43  -0.43     0.00
  SINCE JUN 1      7.11                      5.61   1.50     2.48
  SINCE JAN 1     27.68                     24.51   3.17    21.72

DEGREE DAYS
 HEATING
  TODAY            0                         0      0        0
  MONTH TO DATE    0                         0      0        0
  SINCE JUN 1      0                         2     -2        0
  SINCE JUL 1      0                         0      0        0

 COOLING
  TODAY           19                        16      3       20
  MONTH TO DATE   35                        32      3       35
  SINCE JUN 1    529                       417    112      475
  SINCE JAN 1    822                       698    124      882
..................................................................


WIND (MPH)
  HIGHEST WIND SPEED    21   HIGHEST WIND DIRECTION     S (200)
  HIGHEST GUST SPEED    26   HIGHEST GUST DIRECTION     S (190)
  AVERAGE WIND SPEED    10.9


SKY COVER
  POSSIBLE SUNSHINE  MM
  AVERAGE SKY COVER 0.1


WEATHER CONDITIONS
 THE FOLLOWING WEATHER WAS RECORDED TODAY.
  NO SIGNIFICANT WEATHER WAS OBSERVED.


RELATIVE HUMIDITY (PERCENT)
 HIGHEST    85           100 AM
 LOWEST     52           100 PM
 AVERAGE    69

..........................................................


THE WILMINGTON NC CLIMATE NORMALS FOR TOMORROW
                         NORMAL    RECORD    YEAR
 MAXIMUM TEMPERATURE (F)   90        97      1954
                                             1877
 MINIMUM TEMPERATURE (F)   72        59      1918


SUNRISE AND SUNSET
JULY  2 2015..........SUNRISE   604 AM EDT   SUNSET   828 PM EDT
JULY  3 2015..........SUNRISE   604 AM EDT   SUNSET   827 PM EDT


-  INDICATES NEGATIVE NUMBERS.
R  INDICATES RECORD WAS SET OR TIED.
MM INDICATES DATA IS MISSING.
T  INDICATES TRACE AMOUNT.




$$
