000
CDUS42 KILM 202042
CLIILM


CLIMATE REPORT
NATIONAL WEATHER SERVICE WILMINGTON NC
442 PM EDT MON OCT 20 2014


...................................

...THE WILMINGTON NC CLIMATE SUMMARY FOR OCTOBER 20 2014...
VALID TODAY AS OF 0400 PM LOCAL TIME.

CLIMATE NORMAL PERIOD 1981 TO 2010
CLIMATE RECORD PERIOD 1871 TO 2014


WEATHER ITEM   OBSERVED TIME   RECORD YEAR NORMAL DEPARTURE LAST
                VALUE   (LST)  VALUE       VALUE  FROM      YEAR
                                                  NORMAL
..................................................................
TEMPERATURE (F)
 TODAY
  MAXIMUM         74   1254 PM  87    1969  75     -1       71
  MINIMUM         44    518 AM  35    1992  53     -9       54
                                      1981
                                      1972
  AVERAGE         59                        64     -5       63

PRECIPITATION (IN)
  TODAY            0.00          3.84 1876   0.12  -0.12      T
  MONTH TO DATE    1.36                      2.84  -1.48     2.05
  SINCE SEP 1      7.36                     10.68  -3.32     3.03
  SINCE JAN 1     49.87                     49.65   0.22    45.52

DEGREE DAYS
 HEATING
  TODAY            6                         4      2        2
  MONTH TO DATE   27                        41    -14        9
  SINCE SEP 1     29                        46    -17        9
  SINCE JUL 1     29                        46    -17        9

 COOLING
  TODAY            0                         2     -2        0
  MONTH TO DATE   98                        77     21       99
  SINCE SEP 1    408                       371     37      377
  SINCE JAN 1   2165                      1994    171     1867
..................................................................


WIND (MPH)
  HIGHEST WIND SPEED    13   HIGHEST WIND DIRECTION    SE (130)
  HIGHEST GUST SPEED    17   HIGHEST GUST DIRECTION    SE (140)
  AVERAGE WIND SPEED     2.8


SKY COVER
  POSSIBLE SUNSHINE  MM
  AVERAGE SKY COVER 0.0


WEATHER CONDITIONS
 THE FOLLOWING WEATHER WAS RECORDED TODAY.
  NO SIGNIFICANT WEATHER WAS OBSERVED.


RELATIVE HUMIDITY (PERCENT)
 HIGHEST   100          1200 AM
 LOWEST     53          1000 AM
 AVERAGE    77

..........................................................


THE WILMINGTON NC CLIMATE NORMALS FOR TOMORROW
                         NORMAL    RECORD    YEAR
 MAXIMUM TEMPERATURE (F)   74        85      2005
                                             1993
 MINIMUM TEMPERATURE (F)   53        34      1974


SUNRISE AND SUNSET
OCTOBER 20 2014.......SUNRISE   721 AM EDT   SUNSET   631 PM EDT
OCTOBER 21 2014.......SUNRISE   722 AM EDT   SUNSET   630 PM EDT


-  INDICATES NEGATIVE NUMBERS.
R  INDICATES RECORD WAS SET OR TIED.
MM INDICATES DATA IS MISSING.
T  INDICATES TRACE AMOUNT.




$$
