000
CDUS42 KILM 242048
CLIILM


CLIMATE REPORT
NATIONAL WEATHER SERVICE WILMINGTON NC
448 PM EDT SUN JUL 24 2016


...................................

...THE WILMINGTON NC CLIMATE SUMMARY FOR JULY 24 2016...
VALID TODAY AS OF 0400 PM LOCAL TIME.

CLIMATE NORMAL PERIOD 1981 TO 2010
CLIMATE RECORD PERIOD 1871 TO 2016


WEATHER ITEM   OBSERVED TIME   RECORD YEAR NORMAL DEPARTURE LAST
                VALUE   (LST)  VALUE       VALUE  FROM      YEAR
                                                  NORMAL
..................................................................
TEMPERATURE (F)
 TODAY
  MAXIMUM         92    254 PM 100    2012  90      2       88
                                      2011
  MINIMUM         76    440 AM  61    2007  73      3       72
  AVERAGE         84                        81      3       80

PRECIPITATION (IN)
  TODAY            T             4.35 1938   0.27  -0.27      T
  MONTH TO DATE    4.60                      5.67  -1.07     3.00
  SINCE JUN 1     11.23                     10.85   0.38    10.11
  SINCE JAN 1     33.92                     29.75   4.17    30.68

DEGREE DAYS
 HEATING
  TODAY            0                         0      0        0
  MONTH TO DATE    0                         0      0        0
  SINCE JUN 1      0                         2     -2        0
  SINCE JUL 1      0                         0      0        0

 COOLING
  TODAY           19                        16      3       15
  MONTH TO DATE  431                       384     47      446
  SINCE JUN 1    849                       769     80      940
  SINCE JAN 1   1184                      1050    134     1233
..................................................................


WIND (MPH)
  HIGHEST WIND SPEED    13   HIGHEST WIND DIRECTION     S (180)
  HIGHEST GUST SPEED    17   HIGHEST GUST DIRECTION     S (170)
  AVERAGE WIND SPEED     4.9


SKY COVER
  POSSIBLE SUNSHINE  MM
  AVERAGE SKY COVER 0.3


WEATHER CONDITIONS
 THE FOLLOWING WEATHER WAS RECORDED TODAY.
  THUNDERSTORM
  LIGHT RAIN


RELATIVE HUMIDITY (PERCENT)
 HIGHEST    94          1200 AM
 LOWEST     60           300 PM
 AVERAGE    77

..........................................................


THE WILMINGTON NC CLIMATE NORMALS FOR TOMORROW
                         NORMAL    RECORD    YEAR
 MAXIMUM TEMPERATURE (F)   90        99      1914
 MINIMUM TEMPERATURE (F)   73        63      1876


SUNRISE AND SUNSET
JULY 24 2016..........SUNRISE   617 AM EDT   SUNSET   819 PM EDT
JULY 25 2016..........SUNRISE   618 AM EDT   SUNSET   818 PM EDT


-  INDICATES NEGATIVE NUMBERS.
R  INDICATES RECORD WAS SET OR TIED.
MM INDICATES DATA IS MISSING.
T  INDICATES TRACE AMOUNT.




$$
