000
CDUS42 KILM 252144
CLIILM


CLIMATE REPORT
NATIONAL WEATHER SERVICE WILMINGTON NC
443 PM EST SAT FEB 25 2017


...................................

...THE WILMINGTON NC CLIMATE SUMMARY FOR FEBRUARY 25 2017...
VALID TODAY AS OF 0400 PM LOCAL TIME.

CLIMATE NORMAL PERIOD 1981 TO 2010
CLIMATE RECORD PERIOD 1871 TO 2017


WEATHER ITEM   OBSERVED TIME   RECORD YEAR NORMAL DEPARTURE LAST
                VALUE   (LST)  VALUE       VALUE  FROM      YEAR
                                                  NORMAL
..................................................................
TEMPERATURE (F)
 TODAY
  MAXIMUM         79   1232 PM  81    1930  62     17       61
  MINIMUM         49    702 AM  18    1967  39     10       46
  AVERAGE         64                        51     13       54

PRECIPITATION (IN)
  TODAY            0.00          1.87 1960   0.13  -0.13     0.00
  MONTH TO DATE    1.32                      3.23  -1.91     7.62
  SINCE DEC 1     10.90                     10.61   0.29    17.57
  SINCE JAN 1      5.54                      6.99  -1.45    12.07

SNOWFALL (IN)
  TODAY            0.0           7.2  1942   0.0    0.0      0.0
  MONTH TO DATE    0.0                       0.3   -0.3       T
  SINCE DEC 1      T                         1.5   -1.5       T
  SINCE JUL 1      T                         1.5   -1.5       T
  SNOW DEPTH       0

DEGREE DAYS
 HEATING
  TODAY            1                        15    -14       11
  MONTH TO DATE  240                       412   -172      397
  SINCE DEC 1   1127                      1518   -391     1200
  SINCE JUL 1   1486                      1887   -401     1430

 COOLING
  TODAY            0                         0      0        0
  MONTH TO DATE    5                         0      5        3
  SINCE DEC 1      8                         7      1       79
  SINCE JAN 1      5                         2      3        3
..................................................................


WIND (MPH)
  HIGHEST WIND SPEED    23   HIGHEST WIND DIRECTION    SW (220)
  HIGHEST GUST SPEED    32   HIGHEST GUST DIRECTION    SW (230)
  AVERAGE WIND SPEED     6.5


SKY COVER
  POSSIBLE SUNSHINE  MM
  AVERAGE SKY COVER 0.3


WEATHER CONDITIONS
 THE FOLLOWING WEATHER WAS RECORDED TODAY.
  FOG
  FOG W/VISIBILITY <= 1/4 MILE


RELATIVE HUMIDITY (PERCENT)
 HIGHEST   100          1200 AM
 LOWEST     54          1200 PM
 AVERAGE    77

..........................................................


THE WILMINGTON NC CLIMATE NORMALS FOR TOMORROW
                         NORMAL    RECORD    YEAR
 MAXIMUM TEMPERATURE (F)   62        83      1977
 MINIMUM TEMPERATURE (F)   40        19      1967


SUNRISE AND SUNSET
FEBRUARY 25 2017......SUNRISE   645 AM EST   SUNSET   605 PM EST
FEBRUARY 26 2017......SUNRISE   644 AM EST   SUNSET   606 PM EST


-  INDICATES NEGATIVE NUMBERS.
R  INDICATES RECORD WAS SET OR TIED.
MM INDICATES DATA IS MISSING.
T  INDICATES TRACE AMOUNT.




$$
