000
CDUS42 KILM 280840
CLIILM


CLIMATE REPORT
NATIONAL WEATHER SERVICE WILMINGTON NC
440 AM EDT TUE JUL 28 2015


...................................

...THE WILMINGTON NC CLIMATE SUMMARY FOR JULY 27 2015...

CLIMATE NORMAL PERIOD 1981 TO 2010
CLIMATE RECORD PERIOD 1871 TO 2015


WEATHER ITEM   OBSERVED TIME   RECORD YEAR NORMAL DEPARTURE LAST
                VALUE   (LST)  VALUE       VALUE  FROM      YEAR
                                                  NORMAL
..................................................................
TEMPERATURE (F)
 YESTERDAY
  MAXIMUM         88    156 PM 101    2012  90     -2       94
  MINIMUM         73   1154 PM  60    1920  73      0       78
  AVERAGE         81                        81      0       86

PRECIPITATION (IN)
  YESTERDAY        T             2.97 1881   0.26  -0.26     0.00
  MONTH TO DATE    3.00                      6.47  -3.47    10.80
  SINCE JUN 1     10.11                     11.65  -1.54    13.28
  SINCE JAN 1     30.68                     30.55   0.13    32.52

DEGREE DAYS
 HEATING
  YESTERDAY        0                         0      0        0
  MONTH TO DATE    0                         0      0        0
  SINCE JUN 1      0                         2     -2        0
  SINCE JUL 1      0                         0      0        0

 COOLING
  YESTERDAY       16                        16      0       21
  MONTH TO DATE  485                       432     53      414
  SINCE JUN 1    979                       817    162      854
  SINCE JAN 1   1272                      1098    174     1261
..................................................................


WIND (MPH)
  HIGHEST WIND SPEED    15   HIGHEST WIND DIRECTION    SE (120)
  HIGHEST GUST SPEED    21   HIGHEST GUST DIRECTION     E (110)
  AVERAGE WIND SPEED     7.2


SKY COVER
  POSSIBLE SUNSHINE  MM
  AVERAGE SKY COVER 0.4


WEATHER CONDITIONS
 THE FOLLOWING WEATHER WAS RECORDED YESTERDAY.
  LIGHT RAIN


RELATIVE HUMIDITY (PERCENT)
 HIGHEST    94           200 AM
 LOWEST     61           300 PM
 AVERAGE    78

..........................................................


THE WILMINGTON NC CLIMATE NORMALS FOR TODAY
                         NORMAL    RECORD    YEAR
 MAXIMUM TEMPERATURE (F)   90       102      1936
 MINIMUM TEMPERATURE (F)   73        58      1920


SUNRISE AND SUNSET
JULY 28 2015..........SUNRISE   620 AM EDT   SUNSET   816 PM EDT
JULY 29 2015..........SUNRISE   620 AM EDT   SUNSET   816 PM EDT


-  INDICATES NEGATIVE NUMBERS.
R  INDICATES RECORD WAS SET OR TIED.
MM INDICATES DATA IS MISSING.
T  INDICATES TRACE AMOUNT.




$$
