000
CDUS42 KILM 232043
CLIILM


CLIMATE REPORT
NATIONAL WEATHER SERVICE WILMINGTON NC
443 PM EDT MON MAY 23 2016


...................................

...THE WILMINGTON NC CLIMATE SUMMARY FOR MAY 23 2016...
VALID TODAY AS OF 0400 PM LOCAL TIME.

CLIMATE NORMAL PERIOD 1981 TO 2010
CLIMATE RECORD PERIOD 1871 TO 2016


WEATHER ITEM   OBSERVED TIME   RECORD YEAR NORMAL DEPARTURE LAST
                VALUE   (LST)  VALUE       VALUE  FROM      YEAR
                                                  NORMAL
..................................................................
TEMPERATURE (F)
 TODAY
  MAXIMUM         71    216 PM  96    1975  82    -11       79
                                      1953
  MINIMUM         54    531 AM  45    2002  62     -8       54
  AVERAGE         63                        72     -9       67

PRECIPITATION (IN)
  TODAY            0.00          2.84 2003   0.16  -0.16     0.00
  MONTH TO DATE    4.50                      3.15   1.35     5.66
  SINCE MAR 1      9.24                     10.18  -0.94    11.25
  SINCE JAN 1     21.31                     17.56   3.75    20.57

DEGREE DAYS
 HEATING
  TODAY            2                         0      2        0
  MONTH TO DATE   19                        25     -6       10
  SINCE MAR 1    319                       478   -159      414
  SINCE JUL 1   1806                      2407   -601     2597

 COOLING
  TODAY            0                         8     -8        2
  MONTH TO DATE  122                       125     -3      138
  SINCE MAR 1    265                       208     57      221
  SINCE JAN 1    268                       213     55      227
..................................................................


WIND (MPH)
  HIGHEST WIND SPEED    18   HIGHEST WIND DIRECTION    NW (320)
  HIGHEST GUST SPEED    22   HIGHEST GUST DIRECTION    NW (320)
  AVERAGE WIND SPEED     7.8


SKY COVER
  POSSIBLE SUNSHINE  MM
  AVERAGE SKY COVER 0.4


WEATHER CONDITIONS
 THE FOLLOWING WEATHER WAS RECORDED TODAY.
  NO SIGNIFICANT WEATHER WAS OBSERVED.


RELATIVE HUMIDITY (PERCENT)
 HIGHEST   100           300 AM
 LOWEST     55          1200 PM
 AVERAGE    78

..........................................................


THE WILMINGTON NC CLIMATE NORMALS FOR TOMORROW
                         NORMAL    RECORD    YEAR
 MAXIMUM TEMPERATURE (F)   82        97      2011
 MINIMUM TEMPERATURE (F)   62        48      1931
                                             1879


SUNRISE AND SUNSET
MAY 23 2016...........SUNRISE   604 AM EDT   SUNSET   813 PM EDT
MAY 24 2016...........SUNRISE   604 AM EDT   SUNSET   814 PM EDT


-  INDICATES NEGATIVE NUMBERS.
R  INDICATES RECORD WAS SET OR TIED.
MM INDICATES DATA IS MISSING.
T  INDICATES TRACE AMOUNT.




$$
