000
CDUS42 KILM 192141
CLIILM


CLIMATE REPORT
NATIONAL WEATHER SERVICE WILMINGTON NC
441 PM EST FRI DEC 19 2014


...................................

...THE WILMINGTON NC CLIMATE SUMMARY FOR DECEMBER 19 2014...
VALID TODAY AS OF 0400 PM LOCAL TIME.

CLIMATE NORMAL PERIOD 1981 TO 2010
CLIMATE RECORD PERIOD 1871 TO 2014


WEATHER ITEM   OBSERVED TIME   RECORD YEAR NORMAL DEPARTURE LAST
                VALUE   (LST)  VALUE       VALUE  FROM      YEAR
                                                  NORMAL
..................................................................
TEMPERATURE (F)
 TODAY
  MAXIMUM         60    254 PM  81    1967  58      2       63
  MINIMUM         33    546 AM  19    1926  37     -4       30
                                      1884
                                      1876
  AVERAGE         47                        48     -1       47

PRECIPITATION (IN)
  TODAY            0.00          1.20 1936   0.12  -0.12     0.00
  MONTH TO DATE    0.34                      2.22  -1.88     1.20
  SINCE DEC 1      0.34                      2.22  -1.88     1.20
  SINCE JAN 1     55.12                     56.21  -1.09    50.61

SNOWFALL (IN)
  TODAY            0.0           T    2004   0.0    0.0      0.0
  MONTH TO DATE    0.0                       0.4   -0.4      0.0
  SINCE DEC 1      0.0                       0.4   -0.4      0.0
  SINCE JUL 1      0.0                       0.4   -0.4       T
  SNOW DEPTH       0

DEGREE DAYS
 HEATING
  TODAY           18                        17      1       18
  MONTH TO DATE  279                       291    -12      251
  SINCE DEC 1    279                       291    -12      251
  SINCE JUL 1    732                       660     72      653

 COOLING
  TODAY            0                         0      0        0
  MONTH TO DATE    0                         0      0        9
  SINCE DEC 1      0                         0      0        9
  SINCE JAN 1   2190                      2037    153     1901
..................................................................


WIND (MPH)
  HIGHEST WIND SPEED    10   HIGHEST WIND DIRECTION    NW (310)
  HIGHEST GUST SPEED    14   HIGHEST GUST DIRECTION    NW (320)
  AVERAGE WIND SPEED     2.6


SKY COVER
  POSSIBLE SUNSHINE  MM
  AVERAGE SKY COVER 0.1


WEATHER CONDITIONS
 THE FOLLOWING WEATHER WAS RECORDED TODAY.
  NO SIGNIFICANT WEATHER WAS OBSERVED.


RELATIVE HUMIDITY (PERCENT)
 HIGHEST   100           100 AM
 LOWEST     25           100 PM
 AVERAGE    63

..........................................................


THE WILMINGTON NC CLIMATE NORMALS FOR TOMORROW
                         NORMAL    RECORD    YEAR
 MAXIMUM TEMPERATURE (F)   58        80      1931
 MINIMUM TEMPERATURE (F)   37        17      2004
                                             1981
                                             1884


SUNRISE AND SUNSET
DECEMBER 19 2014......SUNRISE   713 AM EST   SUNSET   505 PM EST
DECEMBER 20 2014......SUNRISE   713 AM EST   SUNSET   505 PM EST


-  INDICATES NEGATIVE NUMBERS.
R  INDICATES RECORD WAS SET OR TIED.
MM INDICATES DATA IS MISSING.
T  INDICATES TRACE AMOUNT.




$$
