000
CDUS42 KILM 300910
CLIILM


CLIMATE REPORT
NATIONAL WEATHER SERVICE WILMINGTON NC
509 AM EDT THU MAR 30 2017


...................................

...THE WILMINGTON NC CLIMATE SUMMARY FOR MARCH 29 2017...

CLIMATE NORMAL PERIOD 1981 TO 2010
CLIMATE RECORD PERIOD 1871 TO 2017


WEATHER ITEM   OBSERVED TIME   RECORD YEAR NORMAL DEPARTURE LAST
                VALUE   (LST)  VALUE       VALUE  FROM      YEAR
                                                  NORMAL
..................................................................
TEMPERATURE (F)
 YESTERDAY
  MAXIMUM         73   1257 PM  92    1907  70      3       69
  MINIMUM         55    412 AM  29    2015  47      8       49
  AVERAGE         64                        58      6       59

PRECIPITATION (IN)
  YESTERDAY        0.00          2.66 1990   0.13  -0.13     0.00
  MONTH TO DATE    1.99                      3.96  -1.97     2.77
  SINCE MAR 1      1.99                      3.96  -1.97     2.77
  SINCE JAN 1      7.54                     11.34  -3.80    14.84

SNOWFALL (IN)
  YESTERDAY        0.0          MM      MM   0.0    0.0      0.0
  MONTH TO DATE    1.1                       0.2    0.9      0.0
  SINCE MAR 1      1.1                       0.2    0.9      0.0
  SINCE JUL 1      1.1                       1.7   -0.6       T
  SNOW DEPTH       0

DEGREE DAYS
 HEATING
  YESTERDAY        1                         7     -6        6
  MONTH TO DATE  367                       308     59      165
  SINCE MAR 1    367                       308     59      165
  SINCE JUL 1   1882                      2237   -355     1652

 COOLING
  YESTERDAY        0                         1     -1        0
  MONTH TO DATE   18                        14      4       72
  SINCE MAR 1     18                        14      4       72
  SINCE JAN 1     24                        19      5       75
..................................................................


WIND (MPH)
  HIGHEST WIND SPEED    16   HIGHEST WIND DIRECTION     E (100)
  HIGHEST GUST SPEED    20   HIGHEST GUST DIRECTION     E (90)
  AVERAGE WIND SPEED     7.2


SKY COVER
  POSSIBLE SUNSHINE  MM
  AVERAGE SKY COVER 0.2


WEATHER CONDITIONS
 THE FOLLOWING WEATHER WAS RECORDED YESTERDAY.
  FOG


RELATIVE HUMIDITY (PERCENT)
 HIGHEST   100           200 AM
 LOWEST     53          1100 AM
 AVERAGE    77

..........................................................


THE WILMINGTON NC CLIMATE NORMALS FOR TODAY
                         NORMAL    RECORD    YEAR
 MAXIMUM TEMPERATURE (F)   70        88      1985
 MINIMUM TEMPERATURE (F)   47        28      1887


SUNRISE AND SUNSET
MARCH 30 2017.........SUNRISE   701 AM EDT   SUNSET   731 PM EDT
MARCH 31 2017.........SUNRISE   700 AM EDT   SUNSET   732 PM EDT


-  INDICATES NEGATIVE NUMBERS.
R  INDICATES RECORD WAS SET OR TIED.
MM INDICATES DATA IS MISSING.
T  INDICATES TRACE AMOUNT.




$$
