000
CDUS42 KILM 250841
CLIILM


CLIMATE REPORT
NATIONAL WEATHER SERVICE WILMINGTON NC
441 AM EDT MON MAY 25 2015


...................................

...THE WILMINGTON NC CLIMATE SUMMARY FOR MAY 24 2015...

CLIMATE NORMAL PERIOD 1981 TO 2010
CLIMATE RECORD PERIOD 1871 TO 2015


WEATHER ITEM   OBSERVED TIME   RECORD YEAR NORMAL DEPARTURE LAST
                VALUE   (LST)  VALUE       VALUE  FROM      YEAR
                                                  NORMAL
..................................................................
TEMPERATURE (F)
 YESTERDAY
  MAXIMUM         79    340 PM  97    2011  82     -3       83
  MINIMUM         60    551 AM  48    1931  62     -2       62
                                      1879
  AVERAGE         70                        72     -2       73

PRECIPITATION (IN)
  YESTERDAY        0.00          2.55 1977   0.16  -0.16     0.00
  MONTH TO DATE    5.66                      3.31   2.35     2.05
  SINCE MAR 1     11.25                     10.34   0.91    13.34
  SINCE JAN 1     20.57                     17.72   2.85    18.80

DEGREE DAYS
 HEATING
  YESTERDAY        0                         0      0        0
  MONTH TO DATE   10                        25    -15        0
  SINCE MAR 1    414                       478    -64      498
  SINCE JUL 1   2597                      2407    190     2432

 COOLING
  YESTERDAY        5                         8     -3        8
  MONTH TO DATE  143                       133     10      219
  SINCE MAR 1    226                       216     10      329
  SINCE JAN 1    232                       221     11      334
..................................................................


WIND (MPH)
  HIGHEST WIND SPEED    15   HIGHEST WIND DIRECTION     E (110)
  HIGHEST GUST SPEED    21   HIGHEST GUST DIRECTION    SE (130)
  AVERAGE WIND SPEED     4.7


SKY COVER
  POSSIBLE SUNSHINE  MM
  AVERAGE SKY COVER 0.1


WEATHER CONDITIONS
 THE FOLLOWING WEATHER WAS RECORDED YESTERDAY.
  NO SIGNIFICANT WEATHER WAS OBSERVED.


RELATIVE HUMIDITY (PERCENT)
 HIGHEST    97           400 AM
 LOWEST     45          1000 AM
 AVERAGE    71

..........................................................


THE WILMINGTON NC CLIMATE NORMALS FOR TODAY
                         NORMAL    RECORD    YEAR
 MAXIMUM TEMPERATURE (F)   83        97      2011
 MINIMUM TEMPERATURE (F)   63        49      2013


SUNRISE AND SUNSET
MAY 25 2015...........SUNRISE   604 AM EDT   SUNSET   814 PM EDT
MAY 26 2015...........SUNRISE   603 AM EDT   SUNSET   815 PM EDT


-  INDICATES NEGATIVE NUMBERS.
R  INDICATES RECORD WAS SET OR TIED.
MM INDICATES DATA IS MISSING.
T  INDICATES TRACE AMOUNT.




$$
