000
CDUS43 KILX 292134
CLIILX


CLIMATE REPORT
NATIONAL WEATHER SERVICE LINCOLN IL
434 PM CDT SUN MAR 29 2015


...................................

...THE LINCOLN IL CLIMATE SUMMARY FOR MARCH 29 2015...
VALID TODAY AS OF 0400 PM LOCAL TIME.

CLIMATE NORMAL PERIOD 1981 TO 2010
CLIMATE RECORD PERIOD 1905 TO 2015


WEATHER ITEM   OBSERVED TIME   RECORD YEAR NORMAL DEPARTURE LAST
                VALUE   (LST)  VALUE       VALUE  FROM      YEAR
                                                  NORMAL
..................................................................
TEMPERATURE (F)
 TODAY
  MAXIMUM         55        MM  86    1985  57     -2       48
  MINIMUM         28        MM  16    1915  35     -7       27
  AVERAGE         42                        46     -4       38

PRECIPITATION (IN)
  TODAY            0.06          1.13 1924   0.09  -0.03     0.00
  MONTH TO DATE    1.55                      2.41  -0.86     1.89
  SINCE MAR 1      1.55                      2.41  -0.86     1.89
  SINCE JAN 1      4.31                      6.16  -1.85     6.55

SNOWFALL (IN)
  TODAY            0.0           6.0  1972   0.1   -0.1      0.0
  MONTH TO DATE    3.7                       1.7    2.0      4.7
  SINCE MAR 1      3.7                       1.7    2.0      4.7
  SINCE JUL 1     21.9                      20.2    1.7     46.3
  SNOW DEPTH       0

DEGREE DAYS
 HEATING
  TODAY           23                        19      4       27
  MONTH TO DATE  803                       704     99      898
  SINCE MAR 1    803                       704     99      898
  SINCE JUL 1   5740                      5127    613     6142

 COOLING
  TODAY            0                         0      0        0
  MONTH TO DATE    0                         0      0        0
  SINCE MAR 1      0                         0      0        0
  SINCE JAN 1      0                         0      0        0
..................................................................







THE LINCOLN IL CLIMATE NORMALS FOR TOMORROW
                         NORMAL    RECORD    YEAR
 MAXIMUM TEMPERATURE (F)   57        86      1986
 MINIMUM TEMPERATURE (F)   35        14      1964


SUNRISE AND SUNSET
MARCH 29 2015.........SUNRISE   647 AM CDT   SUNSET   718 PM CDT
MARCH 30 2015.........SUNRISE   645 AM CDT   SUNSET   719 PM CDT


-  INDICATES NEGATIVE NUMBERS.
R  INDICATES RECORD WAS SET OR TIED.
MM INDICATES DATA IS MISSING.
T  INDICATES TRACE AMOUNT.




$$
