000
CDUS43 KILX 250635
CLIILX


CLIMATE REPORT
NATIONAL WEATHER SERVICE LINCOLN IL
134 AM CDT THU AUG 25 2016


...................................

...THE LINCOLN IL CLIMATE SUMMARY FOR AUGUST 24 2016...

CLIMATE NORMAL PERIOD 1981 TO 2010
CLIMATE RECORD PERIOD 1905 TO 2016


WEATHER ITEM   OBSERVED TIME   RECORD YEAR NORMAL DEPARTURE LAST
                VALUE   (LST)  VALUE       VALUE  FROM      YEAR
                                                  NORMAL
..................................................................
TEMPERATURE (F)
 YESTERDAY
  MAXIMUM         87        MM 101    1936  84      3       78
  MINIMUM         68        MM  41    1920  61      7       55
  AVERAGE         78                        73      5       67

PRECIPITATION (IN)
  YESTERDAY        0.32          1.75 1924   0.12   0.20     0.00
  MONTH TO DATE    4.39                      3.09   1.30     1.04
  SINCE JUN 1     15.44                     12.47   2.97    16.64
  SINCE JAN 1     27.39                     26.59   0.80    31.03

SNOWFALL (IN)
  YESTERDAY        0.0           0.0    MM   0.0    0.0      0.0
  MONTH TO DATE    0.0                       0.0    0.0      0.0
  SINCE JUN 1      0.0                       0.0    0.0      0.0
  SINCE JUL 1      0.0                       0.0    0.0      0.0
  SNOW DEPTH       0

DEGREE DAYS
 HEATING
  YESTERDAY        0                         0      0        0
  MONTH TO DATE    0                         0      0        0
  SINCE JUN 1     11                        19     -8       14
  SINCE JUL 1      9                         2      7        6

 COOLING
  YESTERDAY       13                         8      5        2
  MONTH TO DATE  231                       205     26      176
  SINCE JUN 1    825                       748     77      662
  SINCE JAN 1    912                       839     73      773
..................................................................


WIND (MPH)
  HIGHEST WIND SPEED    MM   HIGHEST WIND DIRECTION    MM
  HIGHEST GUST SPEED    MM   HIGHEST GUST DIRECTION    MM
  AVERAGE WIND SPEED    MM


SKY COVER
  POSSIBLE SUNSHINE  MM


WEATHER CONDITIONS
 THE FOLLOWING WEATHER WAS RECORDED YESTERDAY.
  THUNDERSTORM
  HEAVY RAIN
  RAIN
  LIGHT RAIN
  FOG


..........................................................


THE LINCOLN IL CLIMATE NORMALS FOR TODAY
                         NORMAL    RECORD    YEAR
 MAXIMUM TEMPERATURE (F)   84        99      1936
 MINIMUM TEMPERATURE (F)   61        42      1917


SUNRISE AND SUNSET
AUGUST 25 2016........SUNRISE   619 AM CDT   SUNSET   739 PM CDT
AUGUST 26 2016........SUNRISE   620 AM CDT   SUNSET   738 PM CDT


-  INDICATES NEGATIVE NUMBERS.
R  INDICATES RECORD WAS SET OR TIED.
MM INDICATES DATA IS MISSING.
T  INDICATES TRACE AMOUNT.




$$
