000
CDUS43 KILX 240640
CLIILX


CLIMATE REPORT
NATIONAL WEATHER SERVICE LINCOLN IL
139 AM CDT SUN MAY 24 2015


...................................

...THE LINCOLN IL CLIMATE SUMMARY FOR MAY 23 2015...

CLIMATE NORMAL PERIOD 1981 TO 2010
CLIMATE RECORD PERIOD 1905 TO 2015


WEATHER ITEM   OBSERVED TIME   RECORD YEAR NORMAL DEPARTURE LAST
                VALUE   (LST)  VALUE       VALUE  FROM      YEAR
                                                  NORMAL
..................................................................
TEMPERATURE (F)
 YESTERDAY
  MAXIMUM         79        MM  94    1921  76      3       81
  MINIMUM         55        MM  34    1931  54      1       48
  AVERAGE         67                        65      2       65

PRECIPITATION (IN)
  YESTERDAY        0.00          2.34 1907   0.14  -0.14     0.00
  MONTH TO DATE    4.82                      3.07   1.75     1.48
  SINCE MAR 1      8.61                      9.28  -0.67     6.36
  SINCE JAN 1     11.37                     13.03  -1.66    11.02

SNOWFALL (IN)
  YESTERDAY        0.0           0.0    MM   0.0    0.0      0.0
  MONTH TO DATE    0.0                       0.0    0.0      0.0
  SINCE MAR 1      3.7                       2.0    1.7      4.7
  SINCE JUL 1     21.9                      20.5    1.4     46.3
  SNOW DEPTH       0

DEGREE DAYS
 HEATING
  YESTERDAY        0                         3     -3        0
  MONTH TO DATE   91                       118    -27      136
  SINCE MAR 1   1243                      1250     -7     1425
  SINCE JUL 1   6180                      5673    507     6669

 COOLING
  YESTERDAY        2                         3     -1        0
  MONTH TO DATE   68                        43     25       64
  SINCE MAR 1     69                        58     11       65
  SINCE JAN 1     69                        58     11       65
..................................................................


WIND (MPH)
  HIGHEST WIND SPEED    MM   HIGHEST WIND DIRECTION    MM
  HIGHEST GUST SPEED    MM   HIGHEST GUST DIRECTION    MM
  AVERAGE WIND SPEED    MM


SKY COVER
  POSSIBLE SUNSHINE  MM


WEATHER CONDITIONS
 THE FOLLOWING WEATHER WAS RECORDED YESTERDAY.
  NO SIGNIFICANT WEATHER WAS OBSERVED.


..........................................................


THE LINCOLN IL CLIMATE NORMALS FOR TODAY
                         NORMAL    RECORD    YEAR
 MAXIMUM TEMPERATURE (F)   77        95      1939
 MINIMUM TEMPERATURE (F)   55        35      1913


SUNRISE AND SUNSET
MAY 24 2015...........SUNRISE   535 AM CDT   SUNSET   814 PM CDT
MAY 25 2015...........SUNRISE   534 AM CDT   SUNSET   815 PM CDT


-  INDICATES NEGATIVE NUMBERS.
R  INDICATES RECORD WAS SET OR TIED.
MM INDICATES DATA IS MISSING.
T  INDICATES TRACE AMOUNT.




$$
