000
CDUS43 KILX 250641
CLIILX


CLIMATE REPORT
NATIONAL WEATHER SERVICE LINCOLN IL
1237 AM CST SUN JAN 25 2015


...................................

...THE LINCOLN IL CLIMATE SUMMARY FOR JANUARY 24 2015...

CLIMATE NORMAL PERIOD 1981 TO 2010
CLIMATE RECORD PERIOD 1905 TO 2015


WEATHER ITEM   OBSERVED TIME   RECORD YEAR NORMAL DEPARTURE LAST
                VALUE   (LST)  VALUE       VALUE  FROM      YEAR
                                                  NORMAL
..................................................................
TEMPERATURE (F)
 YESTERDAY
  MAXIMUM         48        MM  70    1950  34     14       31
  MINIMUM         29        MM -24    1915  18     11       -5
  AVERAGE         39                        26     13       13

PRECIPITATION (IN)
  YESTERDAY        0.00          1.17 1950   0.05  -0.05      T
  MONTH TO DATE    1.06                      1.58  -0.52     1.64
  SINCE DEC 1      2.51                      4.22  -1.71     3.15
  SINCE JAN 1      1.06                      1.58  -0.52     1.64

SNOWFALL (IN)
  YESTERDAY        0.0           3.0  1979   0.2   -0.2       T
  MONTH TO DATE    4.3                       4.6   -0.3     15.7
  SINCE DEC 1      4.7                      10.8   -6.1     22.1
  SINCE JUL 1      5.7                      11.4   -5.7     22.6
  SNOW DEPTH       0

DEGREE DAYS
 HEATING
  YESTERDAY       26                        39    -13       52
  MONTH TO DATE  998                       936     62     1103
  SINCE DEC 1   2004                      2035    -31     2312
  SINCE JUL 1   3402                      3178    224     3590

 COOLING
  YESTERDAY        0                         0      0        0
  MONTH TO DATE    0                         0      0        0
  SINCE DEC 1      0                         0      0        0
  SINCE JAN 1      0                         0      0        0
..................................................................


WIND (MPH)
  HIGHEST WIND SPEED    MM   HIGHEST WIND DIRECTION    MM
  HIGHEST GUST SPEED    MM   HIGHEST GUST DIRECTION    MM
  AVERAGE WIND SPEED    MM


SKY COVER
  POSSIBLE SUNSHINE  MM


WEATHER CONDITIONS
 THE FOLLOWING WEATHER WAS RECORDED YESTERDAY.
  NO SIGNIFICANT WEATHER WAS OBSERVED.


..........................................................


THE LINCOLN IL CLIMATE NORMALS FOR TODAY
                         NORMAL    RECORD    YEAR
 MAXIMUM TEMPERATURE (F)   34        70      1950
 MINIMUM TEMPERATURE (F)   18       -11      2008
                                             1940


SUNRISE AND SUNSET
JANUARY 25 2015.......SUNRISE   712 AM CST   SUNSET   507 PM CST
JANUARY 26 2015.......SUNRISE   711 AM CST   SUNSET   509 PM CST


-  INDICATES NEGATIVE NUMBERS.
R  INDICATES RECORD WAS SET OR TIED.
MM INDICATES DATA IS MISSING.
T  INDICATES TRACE AMOUNT.




$$
