000
CDUS43 KILX 210655
CLIILX


CLIMATE REPORT
NATIONAL WEATHER SERVICE LINCOLN IL
150 AM CDT FRI JUL 21 2017


...................................

...THE LINCOLN IL CLIMATE SUMMARY FOR JULY 20 2017...

CLIMATE NORMAL PERIOD 1981 TO 2010
CLIMATE RECORD PERIOD 1905 TO 2017


WEATHER ITEM   OBSERVED TIME   RECORD YEAR NORMAL DEPARTURE LAST
                VALUE   (LST)  VALUE       VALUE  FROM      YEAR
                                                  NORMAL
..................................................................
TEMPERATURE (F)
 YESTERDAY
  MAXIMUM         93        MM 105    1954  85      8       86
  MINIMUM         70        MM  49    2009  65      5       69
                                      1929
  AVERAGE         82                        75      7       78

PRECIPITATION (IN)
  YESTERDAY        0.00          1.72 1931   0.16  -0.16     0.00
  MONTH TO DATE    3.97                      3.38   0.59     4.51
  SINCE JUN 1      4.95                      7.70  -2.75     6.87
  SINCE JAN 1     21.08                     21.82  -0.74    18.82

SNOWFALL (IN)
  YESTERDAY        0.0           0.0    MM   0.0    0.0      0.0
  MONTH TO DATE    T                         0.0    0.0      0.0
  SINCE JUN 1      T                         0.0    0.0      0.0
  SINCE JUL 1      T                         0.0    0.0      0.0
  SNOW DEPTH       0

DEGREE DAYS
 HEATING
  YESTERDAY        0                         0      0        0
  MONTH TO DATE    0                         0      0        9
  SINCE JUN 1      7                        17    -10       11
  SINCE JUL 1      0                         0      0        9

 COOLING
  YESTERDAY       17                        10      7       13
  MONTH TO DATE  227                       207     20      181
  SINCE JUN 1    499                       439     60      463
  SINCE JAN 1    589                       530     59      550
..................................................................


WIND (MPH)
  HIGHEST WIND SPEED    MM   HIGHEST WIND DIRECTION    MM
  HIGHEST GUST SPEED    MM   HIGHEST GUST DIRECTION    MM
  AVERAGE WIND SPEED    MM


SKY COVER
  POSSIBLE SUNSHINE  MM


WEATHER CONDITIONS
 THE FOLLOWING WEATHER WAS RECORDED YESTERDAY.
  NO SIGNIFICANT WEATHER WAS OBSERVED.


..........................................................


THE LINCOLN IL CLIMATE NORMALS FOR TODAY
                         NORMAL    RECORD    YEAR
 MAXIMUM TEMPERATURE (F)   85       104      1934
 MINIMUM TEMPERATURE (F)   64        50      2007
                                             1913


SUNRISE AND SUNSET
JULY 21 2017..........SUNRISE   546 AM CDT   SUNSET   821 PM CDT
JULY 22 2017..........SUNRISE   547 AM CDT   SUNSET   821 PM CDT


-  INDICATES NEGATIVE NUMBERS.
R  INDICATES RECORD WAS SET OR TIED.
MM INDICATES DATA IS MISSING.
T  INDICATES TRACE AMOUNT.




$$
