000
CDUS43 KILX 200642
CLIILX


CLIMATE REPORT
NATIONAL WEATHER SERVICE LINCOLN IL
136 AM CDT SUN APR 20 2014


...................................

...THE LINCOLN IL CLIMATE SUMMARY FOR APRIL 19 2014...

CLIMATE NORMAL PERIOD 1981 TO 2010
CLIMATE RECORD PERIOD 1905 TO 2014


WEATHER ITEM   OBSERVED TIME   RECORD YEAR NORMAL DEPARTURE LAST
                VALUE   (LST)  VALUE       VALUE  FROM      YEAR
                                                  NORMAL
..................................................................
TEMPERATURE (F)
 YESTERDAY
  MAXIMUM         74        MM  86    2002  65      9       43
  MINIMUM         35        MM  22    1926  42     -7       35
  AVERAGE         55                        54      1       39

PRECIPITATION (IN)
  YESTERDAY        0.00          2.77 1970   0.13  -0.13      T
  MONTH TO DATE    2.02                      2.17  -0.15     4.64
  SINCE MAR 1      3.91                      4.77  -0.86     7.37
  SINCE JAN 1      8.57                      8.52   0.05    12.23

SNOWFALL (IN)
  YESTERDAY        0.0           T    2013   0.0    0.0       T
                                      1907
  MONTH TO DATE    T                         0.3   -0.3       T
  SINCE MAR 1      4.7                       2.0    2.7     12.7
  SINCE JUL 1     46.3                      20.5   25.8     23.0
  SNOW DEPTH       0

DEGREE DAYS
 HEATING
  YESTERDAY       10                        12     -2       26
  MONTH TO DATE  290                       285      5      294
  SINCE MAR 1   1222                      1026    196     1236
  SINCE JUL 1   6466                      5449   1017     5498

 COOLING
  YESTERDAY        0                         1     -1        0
  MONTH TO DATE    1                         2     -1        3
  SINCE MAR 1      1                         4     -3        3
  SINCE JAN 1      1                         4     -3        3
..................................................................


WIND (MPH)
  HIGHEST WIND SPEED    MM   HIGHEST WIND DIRECTION    MM
  HIGHEST GUST SPEED    MM   HIGHEST GUST DIRECTION    MM
  AVERAGE WIND SPEED    MM


SKY COVER
  POSSIBLE SUNSHINE  MM


WEATHER CONDITIONS
 THE FOLLOWING WEATHER WAS RECORDED YESTERDAY.
  NO SIGNIFICANT WEATHER WAS OBSERVED.


..........................................................


THE LINCOLN IL CLIMATE NORMALS FOR TODAY
                         NORMAL    RECORD    YEAR
 MAXIMUM TEMPERATURE (F)   66        89      1936
 MINIMUM TEMPERATURE (F)   43        22      1983


SUNRISE AND SUNSET
APRIL 20 2014.........SUNRISE   612 AM CDT   SUNSET   741 PM CDT
APRIL 21 2014.........SUNRISE   611 AM CDT   SUNSET   742 PM CDT


-  INDICATES NEGATIVE NUMBERS.
R  INDICATES RECORD WAS SET OR TIED.
MM INDICATES DATA IS MISSING.
T  INDICATES TRACE AMOUNT.




$$
