000
CDUS43 KILX 280707
CLIILX


CLIMATE REPORT
NATIONAL WEATHER SERVICE LINCOLN IL
207 AM CDT SAT MAY 28 2016


...................................

...THE LINCOLN IL CLIMATE SUMMARY FOR MAY 27 2016...

CLIMATE NORMAL PERIOD 1981 TO 2010
CLIMATE RECORD PERIOD 1905 TO 2016


WEATHER ITEM   OBSERVED TIME   RECORD YEAR NORMAL DEPARTURE LAST
                VALUE   (LST)  VALUE       VALUE  FROM      YEAR
                                                  NORMAL
..................................................................
TEMPERATURE (F)
 YESTERDAY
  MAXIMUM         80        MM  94    1985  78      2       78
  MINIMUM         66        MM  33    1961  55     11       60
  AVERAGE         73                        66      7       69

PRECIPITATION (IN)
  YESTERDAY        T             2.05 1916   0.14  -0.14      T
  MONTH TO DATE    3.04                      3.63  -0.59     5.61
  SINCE MAR 1      9.50                      9.84  -0.34     9.40
  SINCE JAN 1     11.74                     13.59  -1.85    12.16

SNOWFALL (IN)
  YESTERDAY        0.0           0.0    MM   0.0    0.0      0.0
  MONTH TO DATE    0.0                       0.0    0.0      0.0
  SINCE MAR 1      T                         2.0   -2.0      3.7
  SINCE JUL 1     12.3                      20.5   -8.2     21.9
  SNOW DEPTH      MM

DEGREE DAYS
 HEATING
  YESTERDAY        0                         2     -2        0
  MONTH TO DATE  155                       129     26       91
  SINCE MAR 1   1078                      1261   -183     1243
  SINCE JUL 1   4873                      5684   -811     6180

 COOLING
  YESTERDAY        8                         4      4        4
  MONTH TO DATE   43                        58    -15       96
  SINCE MAR 1     51                        73    -22       97
  SINCE JAN 1     51                        73    -22       97
..................................................................


WIND (MPH)
  HIGHEST WIND SPEED    MM   HIGHEST WIND DIRECTION    MM
  HIGHEST GUST SPEED    MM   HIGHEST GUST DIRECTION    MM
  AVERAGE WIND SPEED    MM


SKY COVER
  POSSIBLE SUNSHINE  MM


WEATHER CONDITIONS
 THE FOLLOWING WEATHER WAS RECORDED YESTERDAY.
  NO SIGNIFICANT WEATHER WAS OBSERVED.


..........................................................


THE LINCOLN IL CLIMATE NORMALS FOR TODAY
                         NORMAL    RECORD    YEAR
 MAXIMUM TEMPERATURE (F)   78        94      2006
 MINIMUM TEMPERATURE (F)   56        37      1928


SUNRISE AND SUNSET
MAY 28 2016...........SUNRISE   532 AM CDT   SUNSET   818 PM CDT
MAY 29 2016...........SUNRISE   531 AM CDT   SUNSET   819 PM CDT


-  INDICATES NEGATIVE NUMBERS.
R  INDICATES RECORD WAS SET OR TIED.
MM INDICATES DATA IS MISSING.
T  INDICATES TRACE AMOUNT.




$$
