000
CDUS43 KILX 050634
CLIILX


CLIMATE REPORT
NATIONAL WEATHER SERVICE LINCOLN IL
134 AM CDT SAT SEP 5 2015


...................................

...THE LINCOLN IL CLIMATE SUMMARY FOR SEPTEMBER 4 2015...

CLIMATE NORMAL PERIOD 1981 TO 2010
CLIMATE RECORD PERIOD 1905 TO 2015


WEATHER ITEM   OBSERVED TIME   RECORD YEAR NORMAL DEPARTURE LAST
                VALUE   (LST)  VALUE       VALUE  FROM      YEAR
                                                  NORMAL
..................................................................
TEMPERATURE (F)
 YESTERDAY
  MAXIMUM         95        MM 102    1954  82     13       90
  MINIMUM         64        MM  36    1928  59      5       69
  AVERAGE         80                        70     10       80

PRECIPITATION (IN)
  YESTERDAY        0.00          2.44 2008   0.11  -0.11      T
  MONTH TO DATE    0.00                      0.46  -0.46     0.08
  SINCE SEP 1      0.00                      0.46  -0.46     0.08
  SINCE JAN 1     31.07                     27.88   3.19    28.73

SNOWFALL (IN)
  YESTERDAY        0.0           0.0    MM   0.0    0.0      0.0
  MONTH TO DATE    0.0                       0.0    0.0      0.0
  SINCE SEP 1      0.0                       0.0    0.0      0.0
  SINCE JUL 1      0.0                       0.0    0.0      0.0
  SNOW DEPTH       0

DEGREE DAYS
 HEATING
  YESTERDAY        0                         1     -1        0
  MONTH TO DATE    0                         4     -4        0
  SINCE SEP 1      0                         4     -4        0
  SINCE JUL 1      9                        13     -4       10

 COOLING
  YESTERDAY       15                         6      9       15
  MONTH TO DATE   59                        26     33       42
  SINCE SEP 1     59                        26     33       42
  SINCE JAN 1    863                       915    -52      796
..................................................................


WIND (MPH)
  HIGHEST WIND SPEED    MM   HIGHEST WIND DIRECTION    MM
  HIGHEST GUST SPEED    MM   HIGHEST GUST DIRECTION    MM
  AVERAGE WIND SPEED    MM


SKY COVER
  POSSIBLE SUNSHINE  MM


WEATHER CONDITIONS
 THE FOLLOWING WEATHER WAS RECORDED YESTERDAY.
  NO SIGNIFICANT WEATHER WAS OBSERVED.


..........................................................


THE LINCOLN IL CLIMATE NORMALS FOR TODAY
                         NORMAL    RECORD    YEAR
 MAXIMUM TEMPERATURE (F)   82       103      1954
 MINIMUM TEMPERATURE (F)   58        41      1918


SUNRISE AND SUNSET
SEPTEMBER  5 2015.....SUNRISE   628 AM CDT   SUNSET   723 PM CDT
SEPTEMBER  6 2015.....SUNRISE   629 AM CDT   SUNSET   721 PM CDT


-  INDICATES NEGATIVE NUMBERS.
R  INDICATES RECORD WAS SET OR TIED.
MM INDICATES DATA IS MISSING.
T  INDICATES TRACE AMOUNT.




$$
