000
CDUS43 KILX 200628
CLIILX


CLIMATE REPORT
NATIONAL WEATHER SERVICE LINCOLN IL
127 AM CDT WED AUG 20 2014


...................................

...THE LINCOLN IL CLIMATE SUMMARY FOR AUGUST 19 2014...

CLIMATE NORMAL PERIOD 1981 TO 2010
CLIMATE RECORD PERIOD 1905 TO 2014


WEATHER ITEM   OBSERVED TIME   RECORD YEAR NORMAL DEPARTURE LAST
                VALUE   (LST)  VALUE       VALUE  FROM      YEAR
                                                  NORMAL
..................................................................
TEMPERATURE (F)
 YESTERDAY
  MAXIMUM         85        MM 102    1983  84      1       83
  MINIMUM         63        MM  48    1929  62      1       55
  AVERAGE         74                        73      1       69

PRECIPITATION (IN)
  YESTERDAY        0.02          1.14 1949   0.14  -0.12     0.00
  MONTH TO DATE    2.46                      2.48  -0.02     1.87
  SINCE JUN 1     13.66                     11.86   1.80     7.98
  SINCE JAN 1     24.98                     25.98  -1.00    29.14

SNOWFALL (IN)
  YESTERDAY        0.0           0.0    MM   0.0    0.0      0.0
  MONTH TO DATE    0.0                       0.0    0.0      0.0
  SINCE JUN 1      0.0                       0.0    0.0       T
  SINCE JUL 1      0.0                       0.0    0.0       T
  SNOW DEPTH       0

DEGREE DAYS
 HEATING
  YESTERDAY        0                         0      0        0
  MONTH TO DATE    1                         0      1       11
  SINCE JUN 1     17                        19     -2       39
  SINCE JUL 1     10                         2      8       22

 COOLING
  YESTERDAY        9                         8      1        4
  MONTH TO DATE   99                       165    -66       74
  SINCE JUN 1    465                       708   -243      536
  SINCE JAN 1    594                       799   -205      638
..................................................................


WIND (MPH)
  HIGHEST WIND SPEED    MM   HIGHEST WIND DIRECTION    MM
  HIGHEST GUST SPEED     0   HIGHEST GUST DIRECTION     N (0)
  AVERAGE WIND SPEED    MM


SKY COVER
  POSSIBLE SUNSHINE   0 PERCENT


WEATHER CONDITIONS
 THE FOLLOWING WEATHER WAS RECORDED YESTERDAY.
  RAIN
  LIGHT RAIN
  FOG
  HAZE


..........................................................


THE LINCOLN IL CLIMATE NORMALS FOR TODAY
                         NORMAL    RECORD    YEAR
 MAXIMUM TEMPERATURE (F)   84       102      1983
 MINIMUM TEMPERATURE (F)   62        42      1950


SUNRISE AND SUNSET
AUGUST 20 2014........SUNRISE   613 AM CDT   SUNSET   747 PM CDT
AUGUST 21 2014........SUNRISE   614 AM CDT   SUNSET   746 PM CDT


-  INDICATES NEGATIVE NUMBERS.
R  INDICATES RECORD WAS SET OR TIED.
MM INDICATES DATA IS MISSING.
T  INDICATES TRACE AMOUNT.




$$
