000
CDUS43 KILX 300636
CLIILX


CLIMATE REPORT
NATIONAL WEATHER SERVICE LINCOLN IL
136 AM CDT THU MAR 30 2017


...................................

...THE LINCOLN IL CLIMATE SUMMARY FOR MARCH 29 2017...

CLIMATE NORMAL PERIOD 1981 TO 2010
CLIMATE RECORD PERIOD 1905 TO 2017


WEATHER ITEM   OBSERVED TIME   RECORD YEAR NORMAL DEPARTURE LAST
                VALUE   (LST)  VALUE       VALUE  FROM      YEAR
                                                  NORMAL
..................................................................
TEMPERATURE (F)
 YESTERDAY
  MAXIMUM         54        MM  86    1985  57     -3       61
  MINIMUM         41        MM  16    1915  35      6       31
  AVERAGE         48                        46      2       46

PRECIPITATION (IN)
  YESTERDAY        0.22          1.13 1924   0.09   0.13     0.00
  MONTH TO DATE    2.24                      2.41  -0.17     2.36
  SINCE MAR 1      2.24                      2.41  -0.17     2.36
  SINCE JAN 1      4.89                      6.16  -1.27     4.60

SNOWFALL (IN)
  YESTERDAY        0.0           6.0  1972   0.1   -0.1      0.0
  MONTH TO DATE    3.7                       1.7    2.0       T
  SINCE MAR 1      3.7                       1.7    2.0       T
  SINCE JUL 1     10.9                      20.2   -9.3     12.3
  SNOW DEPTH       0

DEGREE DAYS
 HEATING
  YESTERDAY       17                        19     -2       19
  MONTH TO DATE  663                       704    -41      527
  SINCE MAR 1    663                       704    -41      527
  SINCE JUL 1   4271                      5127   -856     4322

 COOLING
  YESTERDAY        0                         0      0        0
  MONTH TO DATE    0                         0      0        0
  SINCE MAR 1      0                         0      0        0
  SINCE JAN 1      0                         0      0        0
..................................................................


WIND (MPH)
  HIGHEST WIND SPEED    MM   HIGHEST WIND DIRECTION    MM
  HIGHEST GUST SPEED    MM   HIGHEST GUST DIRECTION    MM
  AVERAGE WIND SPEED    MM


SKY COVER
  POSSIBLE SUNSHINE  MM


WEATHER CONDITIONS
 THE FOLLOWING WEATHER WAS RECORDED YESTERDAY.
  THUNDERSTORM
  HEAVY RAIN
  RAIN
  LIGHT RAIN


..........................................................


THE LINCOLN IL CLIMATE NORMALS FOR TODAY
                         NORMAL    RECORD    YEAR
 MAXIMUM TEMPERATURE (F)   57        86      1986
 MINIMUM TEMPERATURE (F)   35        14      1964


SUNRISE AND SUNSET
MARCH 30 2017.........SUNRISE   644 AM CDT   SUNSET   720 PM CDT
MARCH 31 2017.........SUNRISE   642 AM CDT   SUNSET   721 PM CDT


-  INDICATES NEGATIVE NUMBERS.
R  INDICATES RECORD WAS SET OR TIED.
MM INDICATES DATA IS MISSING.
T  INDICATES TRACE AMOUNT.




$$
