000
CDUS43 KILX 240644
CLIILX


CLIMATE REPORT
NATIONAL WEATHER SERVICE LINCOLN IL
1242 AM CST FRI NOV 24 2017


...................................

...THE LINCOLN IL CLIMATE SUMMARY FOR NOVEMBER 23 2017...

CLIMATE NORMAL PERIOD 1981 TO 2010
CLIMATE RECORD PERIOD 1905 TO 2017


WEATHER ITEM   OBSERVED TIME   RECORD YEAR NORMAL DEPARTURE LAST
                VALUE   (LST)  VALUE       VALUE  FROM      YEAR
                                                  NORMAL
..................................................................
TEMPERATURE (F)
 YESTERDAY
  MAXIMUM         51        MM  72    1931  47      4       48
  MINIMUM         27        MM   6    1950  30     -3       40
  AVERAGE         39                        38      1       44

PRECIPITATION (IN)
  YESTERDAY        0.00          1.10 1916   0.12  -0.12     0.25
  MONTH TO DATE    2.37                      2.48  -0.11     1.89
  SINCE SEP 1      7.76                      8.77  -1.01     7.96
  SINCE JAN 1     32.88                     36.19  -3.31    37.40

SNOWFALL (IN)
  YESTERDAY        0.0           3.0  1941   0.0    0.0      0.0
  MONTH TO DATE    T                         0.3   -0.3      0.0
  SINCE SEP 1      T                         0.3   -0.3      0.0
  SINCE JUL 1      T                         0.3   -0.3      0.0
  SNOW DEPTH       0

DEGREE DAYS
 HEATING
  YESTERDAY       26                        26      0       21
  MONTH TO DATE  568                       487     81      382
  SINCE SEP 1    906                       934    -28      603
  SINCE JUL 1    912                       943    -31      612

 COOLING
  YESTERDAY        0                         0      0        0
  MONTH TO DATE    0                         0      0        7
  SINCE SEP 1    185                       128     57      250
  SINCE JAN 1    984                      1017    -33     1241
..................................................................


WIND (MPH)
  HIGHEST WIND SPEED    MM   HIGHEST WIND DIRECTION    MM
  HIGHEST GUST SPEED    MM   HIGHEST GUST DIRECTION    MM
  AVERAGE WIND SPEED    MM


SKY COVER
  POSSIBLE SUNSHINE  MM


WEATHER CONDITIONS
 THE FOLLOWING WEATHER WAS RECORDED YESTERDAY.
  NO SIGNIFICANT WEATHER WAS OBSERVED.


..........................................................


THE LINCOLN IL CLIMATE NORMALS FOR TODAY
                         NORMAL    RECORD    YEAR
 MAXIMUM TEMPERATURE (F)   46        67      1931
 MINIMUM TEMPERATURE (F)   30         0      1950


SUNRISE AND SUNSET
NOVEMBER 24 2017......SUNRISE   653 AM CST   SUNSET   435 PM CST
NOVEMBER 25 2017......SUNRISE   654 AM CST   SUNSET   434 PM CST


-  INDICATES NEGATIVE NUMBERS.
R  INDICATES RECORD WAS SET OR TIED.
MM INDICATES DATA IS MISSING.
T  INDICATES TRACE AMOUNT.




$$
