000
CDUS43 KILX 240701
CLIILX


CLIMATE REPORT
NATIONAL WEATHER SERVICE LINCOLN IL
100 AM CST FRI FEB 24 2017


...................................

...THE LINCOLN IL CLIMATE SUMMARY FOR FEBRUARY 23 2017...

CLIMATE NORMAL PERIOD 1981 TO 2010
CLIMATE RECORD PERIOD 1905 TO 2017


WEATHER ITEM   OBSERVED TIME   RECORD YEAR NORMAL DEPARTURE LAST
                VALUE   (LST)  VALUE       VALUE  FROM      YEAR
                                                  NORMAL
..................................................................
TEMPERATURE (F)
 YESTERDAY
  MAXIMUM         58        MM  68    1983  42     16       48
  MINIMUM         39        MM  -7    2015  25     14       28
  AVERAGE         49                        33     16       38

PRECIPITATION (IN)
  YESTERDAY        0.02          1.30 1914   0.07  -0.05     0.00
  MONTH TO DATE    0.47                      1.45  -0.98     1.12
  SINCE DEC 1      3.59                      6.02  -2.43     8.92
  SINCE JAN 1      2.23                      3.38  -1.15     2.11

SNOWFALL (IN)
  YESTERDAY        0.0          13.0  1914   0.2   -0.2      0.0
  MONTH TO DATE    3.4                       5.0   -1.6      4.8
  SINCE DEC 1      7.2                      17.1   -9.9     10.4
  SINCE JUL 1      7.2                      17.7  -10.5     11.4
  SNOW DEPTH       0

DEGREE DAYS
 HEATING
  YESTERDAY       16                        32    -16       27
  MONTH TO DATE  577                       814   -237      761
  SINCE DEC 1   2715                      3125   -410     2721
  SINCE JUL 1   3492                      4268   -776     3648

 COOLING
  YESTERDAY        0                         0      0        0
  MONTH TO DATE    0                         0      0        0
  SINCE DEC 1      0                         0      0        0
  SINCE JAN 1      0                         0      0        0
..................................................................


WIND (MPH)
  HIGHEST WIND SPEED    MM   HIGHEST WIND DIRECTION    MM
  HIGHEST GUST SPEED    MM   HIGHEST GUST DIRECTION    MM
  AVERAGE WIND SPEED    MM


SKY COVER
  POSSIBLE SUNSHINE  MM


WEATHER CONDITIONS
 THE FOLLOWING WEATHER WAS RECORDED YESTERDAY.
  LIGHT RAIN
  FOG
  FOG W/VISIBILITY <= 1/4 MILE


..........................................................


THE LINCOLN IL CLIMATE NORMALS FOR TODAY
                         NORMAL    RECORD    YEAR
 MAXIMUM TEMPERATURE (F)   42        74      1930
 MINIMUM TEMPERATURE (F)   25        -8      1989


SUNRISE AND SUNSET
FEBRUARY 24 2017......SUNRISE   638 AM CST   SUNSET   544 PM CST
FEBRUARY 25 2017......SUNRISE   636 AM CST   SUNSET   545 PM CST


-  INDICATES NEGATIVE NUMBERS.
R  INDICATES RECORD WAS SET OR TIED.
MM INDICATES DATA IS MISSING.
T  INDICATES TRACE AMOUNT.




$$
