000
CDUS43 KILX 050628
CLIILX


CLIMATE REPORT
NATIONAL WEATHER SERVICE LINCOLN IL
128 AM CDT WED AUG 5 2015


...................................

...THE LINCOLN IL CLIMATE SUMMARY FOR AUGUST 4 2015...

CLIMATE NORMAL PERIOD 1981 TO 2010
CLIMATE RECORD PERIOD 1905 TO 2015


WEATHER ITEM   OBSERVED TIME   RECORD YEAR NORMAL DEPARTURE LAST
                VALUE   (LST)  VALUE       VALUE  FROM      YEAR
                                                  NORMAL
..................................................................
TEMPERATURE (F)
 YESTERDAY
  MAXIMUM         81        MM 102    1918  84     -3       84
  MINIMUM         57        MM  40    1912  63     -6       56
  AVERAGE         69                        74     -5       70

PRECIPITATION (IN)
  YESTERDAY        0.00          1.48 1968   0.14  -0.14     0.59
  MONTH TO DATE    0.17                      0.55  -0.38     1.05
  SINCE JUN 1     15.77                      9.93   5.84    12.25
  SINCE JAN 1     30.16                     24.05   6.11    23.57

SNOWFALL (IN)
  YESTERDAY        0.0           0.0    MM   0.0    0.0      0.0
  MONTH TO DATE    0.0                       0.0    0.0      0.0
  SINCE JUN 1      0.0                       0.0    0.0      0.0
  SINCE JUL 1      0.0                       0.0    0.0      0.0
  SNOW DEPTH       0

DEGREE DAYS
 HEATING
  YESTERDAY        0                         0      0        0
  MONTH TO DATE    0                         0      0        0
  SINCE JUN 1     14                        19     -5       16
  SINCE JUL 1      6                         2      4        9

 COOLING
  YESTERDAY        4                         9     -5        5
  MONTH TO DATE   32                        36     -4       17
  SINCE JUN 1    518                       579    -61      383
  SINCE JAN 1    629                       670    -41      512
..................................................................


WIND (MPH)
  HIGHEST WIND SPEED    MM   HIGHEST WIND DIRECTION    MM
  HIGHEST GUST SPEED    MM   HIGHEST GUST DIRECTION    MM
  AVERAGE WIND SPEED    MM


SKY COVER
  POSSIBLE SUNSHINE  MM


WEATHER CONDITIONS
 THE FOLLOWING WEATHER WAS RECORDED YESTERDAY.
  NO SIGNIFICANT WEATHER WAS OBSERVED.


..........................................................


THE LINCOLN IL CLIMATE NORMALS FOR TODAY
                         NORMAL    RECORD    YEAR
 MAXIMUM TEMPERATURE (F)   84       105      1918
 MINIMUM TEMPERATURE (F)   63        51      1933


SUNRISE AND SUNSET
AUGUST  5 2015........SUNRISE   559 AM CDT   SUNSET   807 PM CDT
AUGUST  6 2015........SUNRISE   600 AM CDT   SUNSET   806 PM CDT


-  INDICATES NEGATIVE NUMBERS.
R  INDICATES RECORD WAS SET OR TIED.
MM INDICATES DATA IS MISSING.
T  INDICATES TRACE AMOUNT.




$$
