000
CDUS43 KIND 250601
CLIIND


CLIMATE REPORT
NATIONAL WEATHER SERVICE INDIANAPOLIS IN
1251 AM EST SUN FEB 25 2018


...................................

...THE INDIANAPOLIS IN CLIMATE SUMMARY FOR FEBRUARY 24 2018...

CLIMATE NORMAL PERIOD 1981 TO 2010
CLIMATE RECORD PERIOD 1871 TO 2018


WEATHER ITEM   OBSERVED TIME   RECORD YEAR NORMAL DEPARTURE LAST
                VALUE   (LST)  VALUE       VALUE  FROM      YEAR
                                                  NORMAL
..................................................................
TEMPERATURE (F)
 YESTERDAY
  MAXIMUM         54   1159 PM  74    2017  43     11       74
  MINIMUM         41    754 AM  -6    2015  26     15       43
  AVERAGE         48                        35     13       59

PRECIPITATION (IN)
  YESTERDAY        1.70R         1.70 2016   0.08   1.62     0.10
  MONTH TO DATE    4.62                      1.96   2.66     0.51
  SINCE DEC 1      7.74                      7.79  -0.05     6.38
  SINCE JAN 1      6.62                      4.62   2.00     4.86

SNOWFALL (IN)
  YESTERDAY        0.0           6.4  1974   0.2   -0.2      0.0
  MONTH TO DATE    1.4                       5.8   -4.4      2.1
  SINCE DEC 1      9.0                      21.3  -12.3      8.7
  SINCE JUL 1      9.0                      22.4  -13.4      8.7
  SNOW DEPTH       0

DEGREE DAYS
 HEATING
  YESTERDAY       17                        30    -13        6
  MONTH TO DATE  697                       805   -108      508
  SINCE DEC 1   2997                      2984     13     2500
  SINCE JUL 1   3901                      4026   -125     3193

 COOLING
  YESTERDAY        0                         0      0        0
  MONTH TO DATE    5                         0      5        0
  SINCE DEC 1      5                         0      5        0
  SINCE JAN 1      5                         0      5        0
..................................................................


WIND (MPH)
  HIGHEST WIND SPEED    29   HIGHEST WIND DIRECTION    SE (120)
  HIGHEST GUST SPEED    33   HIGHEST GUST DIRECTION    SE (120)
  AVERAGE WIND SPEED    11.5


SKY COVER
  AVERAGE SKY COVER 1.0


WEATHER CONDITIONS
 THE FOLLOWING WEATHER WAS RECORDED YESTERDAY.
  HEAVY RAIN
  RAIN
  LIGHT RAIN
  FOG


RELATIVE HUMIDITY (PERCENT)
 HIGHEST   100           200 AM
 LOWEST     92          1200 AM
 AVERAGE    96

..........................................................


THE INDIANAPOLIS IN CLIMATE NORMALS FOR TODAY
                         NORMAL    RECORD    YEAR
 MAXIMUM TEMPERATURE (F)   44        76      2000
 MINIMUM TEMPERATURE (F)   27        -7      1900


SUNRISE AND SUNSET
FEBRUARY 25 2018......SUNRISE   724 AM EST   SUNSET   633 PM EST
FEBRUARY 26 2018......SUNRISE   723 AM EST   SUNSET   634 PM EST


-  INDICATES NEGATIVE NUMBERS.
R  INDICATES RECORD WAS SET OR TIED.
MM INDICATES DATA IS MISSING.
T  INDICATES TRACE AMOUNT.




$$
