000
CDUS43 KIND 110534
CLIIND


CLIMATE REPORT
NATIONAL WEATHER SERVICE INDIANAPOLIS IN
1233 AM EST THU FEB 11 2016


...................................

...THE INDIANAPOLIS IN CLIMATE SUMMARY FOR FEBRUARY 10 2016...

CLIMATE NORMAL PERIOD 1981 TO 2010
CLIMATE RECORD PERIOD 1871 TO 2016


WEATHER ITEM   OBSERVED TIME   RECORD YEAR NORMAL DEPARTURE LAST
                VALUE   (LST)  VALUE       VALUE  FROM      YEAR
                                                  NORMAL
..................................................................
TEMPERATURE (F)
 YESTERDAY
  MAXIMUM         18    430 PM  73    1932  39    -21       36
  MINIMUM         10    841 AM -21    1982  23    -13       18
  AVERAGE         14                        31    -17       27

PRECIPITATION (IN)
  YESTERDAY        0.01          1.56 1966   0.09  -0.08     0.00
  MONTH TO DATE    0.36                      0.82  -0.46     0.37
  SINCE DEC 1      7.41                      6.65   0.76     4.73
  SINCE JAN 1      1.82                      3.48  -1.66     2.18

SNOWFALL (IN)
  YESTERDAY        0.3           4.9  1985   0.3    0.0      0.0
  MONTH TO DATE    1.4                       2.7   -1.3      2.6
  SINCE DEC 1      7.8                      18.2  -10.4      5.8
  SINCE JUL 1      9.1                      19.3  -10.2      8.5
  SNOW DEPTH       1

DEGREE DAYS
 HEATING
  YESTERDAY       51                        34     17       38
  MONTH TO DATE  317                       353    -36      358
  SINCE DEC 1   2114                      2532   -418     2556
  SINCE JUL 1   2901                      3574   -673     3835

 COOLING
  YESTERDAY        0                         0      0        0
  MONTH TO DATE    0                         0      0        0
  SINCE DEC 1      0                         0      0        0
  SINCE JAN 1      0                         0      0        0
..................................................................


WIND (MPH)
  HIGHEST WIND SPEED    23   HIGHEST WIND DIRECTION     W (290)
  HIGHEST GUST SPEED    27   HIGHEST GUST DIRECTION     W (280)
  AVERAGE WIND SPEED    12.6


SKY COVER
  AVERAGE SKY COVER 0.9


WEATHER CONDITIONS
 THE FOLLOWING WEATHER WAS RECORDED YESTERDAY.
  LIGHT SNOW


RELATIVE HUMIDITY (PERCENT)
 HIGHEST    80          1200 AM
 LOWEST     54           500 PM
 AVERAGE    67

..........................................................


THE INDIANAPOLIS IN CLIMATE NORMALS FOR TODAY
                         NORMAL    RECORD    YEAR
 MAXIMUM TEMPERATURE (F)   39        75      1999
 MINIMUM TEMPERATURE (F)   23        -9      1885


SUNRISE AND SUNSET
FEBRUARY 11 2016......SUNRISE   743 AM EST   SUNSET   616 PM EST
FEBRUARY 12 2016......SUNRISE   742 AM EST   SUNSET   617 PM EST


-  INDICATES NEGATIVE NUMBERS.
R  INDICATES RECORD WAS SET OR TIED.
MM INDICATES DATA IS MISSING.
T  INDICATES TRACE AMOUNT.




$$
