000
CDUS43 KIND 010532
CLIIND


CLIMATE REPORT
NATIONAL WEATHER SERVICE INDIANAPOLIS IN
131 AM EDT FRI AUG 1 2014


...................................

...THE INDIANAPOLIS IN CLIMATE SUMMARY FOR JULY 31 2014...

CLIMATE NORMAL PERIOD 1981 TO 2010
CLIMATE RECORD PERIOD 1871 TO 2014


WEATHER ITEM   OBSERVED TIME   RECORD YEAR NORMAL DEPARTURE LAST
                VALUE   (LST)  VALUE       VALUE  FROM      YEAR
                                                  NORMAL
..................................................................
TEMPERATURE (F)
 YESTERDAY
  MAXIMUM         80    507 PM  98    1913  84     -4       77
  MINIMUM         59    615 AM  49    1895  66     -7       65
  AVERAGE         70                        75     -5       71

PRECIPITATION (IN)
  YESTERDAY        0.00          2.84 1958   0.12  -0.12     0.05
  MONTH TO DATE    3.10                      4.55  -1.45     3.29
  SINCE JUN 1     10.14                      8.80   1.34     6.95
  SINCE JAN 1     27.57                     26.20   1.37    28.78

SNOWFALL (IN)
  YESTERDAY        0.0           0.0    MM   0.0    0.0      0.0
  MONTH TO DATE    0.0                       0.0    0.0      0.0
  SINCE JUN 1      0.0                       0.0    0.0      0.0
  SINCE JUL 1      0.0                       0.0    0.0      0.0
  SNOW DEPTH       0

DEGREE DAYS
 HEATING
  YESTERDAY        0                         0      0        0
  MONTH TO DATE    4                         0      4        3
  SINCE JUN 1      6                        17    -11       12
  SINCE JUL 1      4                         1      3        3

 COOLING
  YESTERDAY        5                        10     -5        6
  MONTH TO DATE  172                       323   -151      285
  SINCE JUN 1    410                       549   -139      511
  SINCE JAN 1    514                       633   -119      640
..................................................................


WIND (MPH)
  HIGHEST WIND SPEED    14   HIGHEST WIND DIRECTION     W (270)
  HIGHEST GUST SPEED    18   HIGHEST GUST DIRECTION     W (260)
  AVERAGE WIND SPEED     5.8


SKY COVER
  AVERAGE SKY COVER 0.2


WEATHER CONDITIONS
 THE FOLLOWING WEATHER WAS RECORDED YESTERDAY.
  NO SIGNIFICANT WEATHER WAS OBSERVED.


RELATIVE HUMIDITY (PERCENT)
 HIGHEST   100           200 AM
 LOWEST     45           300 PM
 AVERAGE    73

..........................................................


THE INDIANAPOLIS IN CLIMATE NORMALS FOR TODAY
                         NORMAL    RECORD    YEAR
 MAXIMUM TEMPERATURE (F)   84        97      1887
 MINIMUM TEMPERATURE (F)   65        53      1992
                                             1971
                                             1895


SUNRISE AND SUNSET
AUGUST  1 2014........SUNRISE   644 AM EDT   SUNSET   858 PM EDT
AUGUST  2 2014........SUNRISE   645 AM EDT   SUNSET   857 PM EDT


-  INDICATES NEGATIVE NUMBERS.
R  INDICATES RECORD WAS SET OR TIED.
MM INDICATES DATA IS MISSING.
T  INDICATES TRACE AMOUNT.




$$
