000
CDUS43 KIND 280531
CLIIND


CLIMATE REPORT
NATIONAL WEATHER SERVICE INDIANAPOLIS IN
1231 AM EST SUN DEC 28 2014


...................................

...THE INDIANAPOLIS IN CLIMATE SUMMARY FOR DECEMBER 27 2014...

CLIMATE NORMAL PERIOD 1981 TO 2010
CLIMATE RECORD PERIOD 1871 TO 2014


WEATHER ITEM   OBSERVED TIME   RECORD YEAR NORMAL DEPARTURE LAST
                VALUE   (LST)  VALUE       VALUE  FROM      YEAR
                                                  NORMAL
..................................................................
TEMPERATURE (F)
 YESTERDAY
  MAXIMUM         46    516 PM  68    2008  36     10       47
  MINIMUM         33   1159 PM  -7    1925  22     11       26
  AVERAGE         40                        29     11       37

PRECIPITATION (IN)
  YESTERDAY        0.20          1.95 1884   0.10   0.10     0.00
  MONTH TO DATE    2.55                      2.77  -0.22     4.44
  SINCE DEC 1      2.55                      2.77  -0.22     4.44
  SINCE JAN 1     41.57                     42.04  -0.47    45.92

SNOWFALL (IN)
  YESTERDAY        0.0           5.3  1939   0.3   -0.3      0.0
  MONTH TO DATE    0.1                       5.8   -5.7      8.8
  SINCE DEC 1      0.1                       5.8   -5.7      8.8
  SINCE JUL 1      2.8                       6.9   -4.1      8.9
  SNOW DEPTH       0

DEGREE DAYS
 HEATING
  YESTERDAY       25                        36    -11       28
  MONTH TO DATE  810                       889    -79      942
  SINCE DEC 1    810                       889    -79      942
  SINCE JUL 1   2089                      1931    158     2086

 COOLING
  YESTERDAY        0                         0      0        0
  MONTH TO DATE    0                         0      0        0
  SINCE DEC 1      0                         0      0        0
  SINCE JAN 1    900                      1066   -166     1160
..................................................................


WIND (MPH)
  HIGHEST WIND SPEED    18   HIGHEST WIND DIRECTION    NW (300)
  HIGHEST GUST SPEED    24   HIGHEST GUST DIRECTION     W (280)
  AVERAGE WIND SPEED    10.9


SKY COVER
  AVERAGE SKY COVER 1.0


WEATHER CONDITIONS
 THE FOLLOWING WEATHER WAS RECORDED YESTERDAY.
  LIGHT RAIN
  FOG
  FOG W/VISIBILITY <= 1/4 MILE


RELATIVE HUMIDITY (PERCENT)
 HIGHEST   100           600 PM
 LOWEST     70           300 AM
 AVERAGE    85

..........................................................


THE INDIANAPOLIS IN CLIMATE NORMALS FOR TODAY
                         NORMAL    RECORD    YEAR
 MAXIMUM TEMPERATURE (F)   36        65      1984
 MINIMUM TEMPERATURE (F)   22       -13      1924


SUNRISE AND SUNSET
DECEMBER 28 2014......SUNRISE   805 AM EST   SUNSET   528 PM EST
DECEMBER 29 2014......SUNRISE   806 AM EST   SUNSET   529 PM EST


-  INDICATES NEGATIVE NUMBERS.
R  INDICATES RECORD WAS SET OR TIED.
MM INDICATES DATA IS MISSING.
T  INDICATES TRACE AMOUNT.




$$
