097
CDUS43 KIND 180532
CLIIND


CLIMATE REPORT
NATIONAL WEATHER SERVICE INDIANAPOLIS IN
1231 AM EST WED JAN 18 2017


...................................

...THE INDIANAPOLIS IN CLIMATE SUMMARY FOR JANUARY 17 2017...

CLIMATE NORMAL PERIOD 1981 TO 2010
CLIMATE RECORD PERIOD 1871 TO 2017


WEATHER ITEM   OBSERVED TIME   RECORD YEAR NORMAL DEPARTURE LAST
                VALUE   (LST)  VALUE       VALUE  FROM      YEAR
                                                  NORMAL
..................................................................
TEMPERATURE (F)
 YESTERDAY
  MAXIMUM         58    617 AM  67    1952  35     23       25
  MINIMUM         38   1159 PM -20    1977  20     18        5
  AVERAGE         48                        28     20       15

PRECIPITATION (IN)
  YESTERDAY        0.18          1.11 1969   0.09   0.09     0.01
  MONTH TO DATE    3.01                      1.55   1.46     1.27
  SINCE DEC 1      4.53                      4.72  -0.19     6.86
  SINCE JAN 1      3.01                      1.55   1.46     1.27

SNOWFALL (IN)
  YESTERDAY        0.0           4.4  1978   0.3   -0.3      0.5
  MONTH TO DATE    1.2                       4.6   -3.4      3.9
  SINCE DEC 1      6.1                      11.5   -5.4      4.5
  SINCE JUL 1      6.1                      12.6   -6.5      5.8
  SNOW DEPTH       0

DEGREE DAYS
 HEATING
  YESTERDAY       17                        37    -20       50
  MONTH TO DATE  570                       629    -59      609
  SINCE DEC 1   1637                      1663    -26     1294
  SINCE JUL 1   2330                      2705   -375     2081

 COOLING
  YESTERDAY        0                         0      0        0
  MONTH TO DATE    0                         0      0        0
  SINCE DEC 1      0                         0      0        0
  SINCE JAN 1      0                         0      0        0
..................................................................


WIND (MPH)
  HIGHEST WIND SPEED    28   HIGHEST WIND DIRECTION     W (260)
  HIGHEST GUST SPEED    33   HIGHEST GUST DIRECTION     W (260)
  AVERAGE WIND SPEED    14.3


SKY COVER
  AVERAGE SKY COVER 1.0


WEATHER CONDITIONS
 THE FOLLOWING WEATHER WAS RECORDED YESTERDAY.
  LIGHT RAIN
  FOG


RELATIVE HUMIDITY (PERCENT)
 HIGHEST   100           100 AM
 LOWEST     76           100 PM
 AVERAGE    88

..........................................................


THE INDIANAPOLIS IN CLIMATE NORMALS FOR TODAY
                         NORMAL    RECORD    YEAR
 MAXIMUM TEMPERATURE (F)   35        64      1929
 MINIMUM TEMPERATURE (F)   20       -22      1994


SUNRISE AND SUNSET
JANUARY 18 2017.......SUNRISE   803 AM EST   SUNSET   549 PM EST
JANUARY 19 2017.......SUNRISE   802 AM EST   SUNSET   550 PM EST


-  INDICATES NEGATIVE NUMBERS.
R  INDICATES RECORD WAS SET OR TIED.
MM INDICATES DATA IS MISSING.
T  INDICATES TRACE AMOUNT.




$$
