000
CDUS43 KDLH 230620
CLIINL


CLIMATE REPORT
NATIONAL WEATHER SERVICE DULUTH MN
120 AM CDT THU OCT 23 2014


...................................

...THE INTERNATIONAL FALLS MN CLIMATE SUMMARY FOR OCTOBER 22 2014...

CLIMATE NORMAL PERIOD 1981 TO 2010
CLIMATE RECORD PERIOD 1895 TO 2014


WEATHER ITEM   OBSERVED TIME   RECORD YEAR NORMAL DEPARTURE LAST
                VALUE   (LST)  VALUE       VALUE  FROM      YEAR
                                                  NORMAL
..................................................................
TEMPERATURE (F)
 YESTERDAY
  MAXIMUM         63    231 PM  79    1920  48     15       40
  MINIMUM         39   1243 AM   9    1913  29     10       27
  AVERAGE         51                        39     12       34

PRECIPITATION (IN)
  YESTERDAY        T             0.77 1960   0.06  -0.06      T
  MONTH TO DATE    0.57                      1.56  -0.99     1.94
  SINCE SEP 1      3.67                      4.55  -0.88     3.95
  SINCE JAN 1     28.21                     21.51   6.70    29.06

SNOWFALL (IN)
  YESTERDAY        0.0           2.2  1951   0.1   -0.1       T
  MONTH TO DATE    T                         1.1   -1.1      1.2
  SINCE SEP 1      T                         1.2   -1.2      1.2
  SINCE JUL 1      T                         1.2   -1.2      1.2
  SNOW DEPTH       0

DEGREE DAYS
 HEATING
  YESTERDAY       14                        26    -12       31
  MONTH TO DATE  483                       485     -2      436
  SINCE SEP 1    805                       838    -33      658
  SINCE JUL 1   1019                      1019      0      878

 COOLING
  YESTERDAY        0                         0      0        0
  MONTH TO DATE    0                         0      0        0
  SINCE SEP 1     10                        11     -1       11
  SINCE JAN 1    121                       192    -71      224
..................................................................


WIND (MPH)
  HIGHEST WIND SPEED    20   HIGHEST WIND DIRECTION    SE (150)
  HIGHEST GUST SPEED    28   HIGHEST GUST DIRECTION    SE (140)
  AVERAGE WIND SPEED    10.3


SKY COVER
  AVERAGE SKY COVER 0.3


WEATHER CONDITIONS
 THE FOLLOWING WEATHER WAS RECORDED YESTERDAY.
  LIGHT RAIN


RELATIVE HUMIDITY (PERCENT)
 HIGHEST    85           100 AM
 LOWEST     48           200 PM
 AVERAGE    67

..........................................................


THE INTERNATIONAL FALLS MN CLIMATE NORMALS FOR TODAY
                         NORMAL    RECORD    YEAR
 MAXIMUM TEMPERATURE (F)   48        78      1963
 MINIMUM TEMPERATURE (F)   29        10      1981


SUNRISE AND SUNSET
OCTOBER 23 2014.......SUNRISE   746 AM CDT   SUNSET   609 PM CDT
OCTOBER 24 2014.......SUNRISE   748 AM CDT   SUNSET   607 PM CDT


-  INDICATES NEGATIVE NUMBERS.
R  INDICATES RECORD WAS SET OR TIED.
MM INDICATES DATA IS MISSING.
T  INDICATES TRACE AMOUNT.




$$
