000
CDUS45 KFGZ 230748
CLIINW
CLIMATE REPORT
NATIONAL WEATHER SERVICE FLAGSTAFF, AZ
1246 AM MST TUE MAY 23 2017


...................................

...THE WINSLOW AZ AIRPORT CLIMATE SUMMARY FOR MAY 22 2017...

CLIMATE NORMAL PERIOD 1981 TO 2010
CLIMATE RECORD PERIOD 1915 TO 2017


WEATHER ITEM   OBSERVED TIME   RECORD YEAR NORMAL DEPARTURE LAST
                VALUE   (LST)  VALUE       VALUE  FROM      YEAR
                                                  NORMAL
..................................................................
TEMPERATURE (F)
 YESTERDAY
  MAXIMUM         84    417 PM  98    2005  84      0       78
  MINIMUM         45    512 AM  30    1975  47     -2       46
                                      1927
  AVERAGE         65                        65      0       62

PRECIPITATION (IN)
  YESTERDAY        0.00          0.47 2009   0.01  -0.01     0.00
  MONTH TO DATE    0.40                      0.24   0.16     0.43
  SINCE SEP 1      5.22                      4.50   0.72     5.62
  SINCE JAN 1      2.14                      2.02   0.12     1.60

DEGREE DAYS
 HEATING
  YESTERDAY        0                         2     -2        3
  MONTH TO DATE  130                        92     38      108
  SINCE JUL 1   3629                      4471   -842     4227

 COOLING
  YESTERDAY        0                         3     -3        0
  MONTH TO DATE   18                        33    -15       15
  SINCE JAN 1     18                        37    -19       15
..................................................................


WIND (MPH)
  HIGHEST WIND SPEED    23   HIGHEST WIND DIRECTION    NW (330)
  HIGHEST GUST SPEED    28   HIGHEST GUST DIRECTION    NW (300)
  AVERAGE WIND SPEED     8.3


SKY COVER
  POSSIBLE SUNSHINE  MM
  AVERAGE SKY COVER 0.0


WEATHER CONDITIONS
 THE FOLLOWING WEATHER WAS RECORDED YESTERDAY.
  NO SIGNIFICANT WEATHER WAS OBSERVED.


RELATIVE HUMIDITY (PERCENT)
 HIGHEST    58           500 AM
 LOWEST     12           700 PM
 AVERAGE    35

..........................................................


THE WINSLOW AZ AIRPORT CLIMATE NORMALS FOR TODAY
                         NORMAL    RECORD    YEAR
 MAXIMUM TEMPERATURE (F)   84        99      2000
 MINIMUM TEMPERATURE (F)   47        28      1930


SUNRISE AND SUNSET
MAY 23 2017...........SUNRISE   514 AM MST   SUNSET   726 PM MST
MAY 24 2017...........SUNRISE   513 AM MST   SUNSET   727 PM MST


-  INDICATES NEGATIVE NUMBERS.
R  INDICATES RECORD WAS SET OR TIED.
MM INDICATES DATA IS MISSING.
T  INDICATES TRACE AMOUNT.




$$
