000
CDUS45 KFGZ 260750
CLIINW
CLIMATE REPORT
NATIONAL WEATHER SERVICE FLAGSTAFF, AZ
1249 AM MST SUN MAR 26 2017


...................................

...THE WINSLOW AZ AIRPORT CLIMATE SUMMARY FOR MARCH 25 2017...

CLIMATE NORMAL PERIOD 1981 TO 2010
CLIMATE RECORD PERIOD 1915 TO 2017


WEATHER ITEM   OBSERVED TIME   RECORD YEAR NORMAL DEPARTURE LAST
                VALUE   (LST)  VALUE       VALUE  FROM      YEAR
                                                  NORMAL
..................................................................
TEMPERATURE (F)
 YESTERDAY
  MAXIMUM         70    225 PM  80    1956  66      4       70
  MINIMUM         35    446 AM  15    1929  32      3       28
  AVERAGE         53                        49      4       49

PRECIPITATION (IN)
  YESTERDAY        0.00          0.61 1965   0.02  -0.02     0.00
  MONTH TO DATE    0.04                      0.44  -0.40      T
  SINCE SEP 1      4.65                      3.90   0.75     4.59
  SINCE JAN 1      1.57                      1.42   0.15     0.57

DEGREE DAYS
 HEATING
  YESTERDAY       12                        16     -4       16
  MONTH TO DATE  310                       466   -156      346
  SINCE JUL 1   3116                      3961   -845     3680

 COOLING
  YESTERDAY        0                         0      0        0
  MONTH TO DATE    0                         0      0        0
  SINCE JAN 1      0                         0      0        0
..................................................................


WIND (MPH)
  HIGHEST WIND SPEED    39   HIGHEST WIND DIRECTION     W (290)
  HIGHEST GUST SPEED    49   HIGHEST GUST DIRECTION     W (290)
  AVERAGE WIND SPEED    12.2


SKY COVER
  POSSIBLE SUNSHINE  MM
  AVERAGE SKY COVER 0.1


WEATHER CONDITIONS
 THE FOLLOWING WEATHER WAS RECORDED YESTERDAY.
  NO SIGNIFICANT WEATHER WAS OBSERVED.


RELATIVE HUMIDITY (PERCENT)
 HIGHEST    82           600 AM
 LOWEST     20           100 PM
 AVERAGE    51

..........................................................


THE WINSLOW AZ AIRPORT CLIMATE NORMALS FOR TODAY
                         NORMAL    RECORD    YEAR
 MAXIMUM TEMPERATURE (F)   66        83      1971
                                             1928
 MINIMUM TEMPERATURE (F)   32        18      1976


SUNRISE AND SUNSET
MARCH 26 2017.........SUNRISE   618 AM MST   SUNSET   640 PM MST
MARCH 27 2017.........SUNRISE   616 AM MST   SUNSET   641 PM MST


-  INDICATES NEGATIVE NUMBERS.
R  INDICATES RECORD WAS SET OR TIED.
MM INDICATES DATA IS MISSING.
T  INDICATES TRACE AMOUNT.




$$
