000
CDUS45 KFGZ 180732
CLIINW
CLIMATE REPORT
NATIONAL WEATHER SERVICE FLAGSTAFF, AZ
1232 AM MST MON DEC 18 2017


...................................

...THE WINSLOW AZ AIRPORT CLIMATE SUMMARY FOR DECEMBER 17 2017...

CLIMATE NORMAL PERIOD 1981 TO 2010
CLIMATE RECORD PERIOD 1915 TO 2017


WEATHER ITEM   OBSERVED TIME   RECORD YEAR NORMAL DEPARTURE LAST
                VALUE   (LST)  VALUE       VALUE  FROM      YEAR
                                                  NORMAL
..................................................................
TEMPERATURE (F)
 YESTERDAY
  MAXIMUM         51    342 PM  67    1982  48      3       47
  MINIMUM         26    945 PM  -5    1931  20      6       19
  AVERAGE         39                        34      5       33

PRECIPITATION (IN)
  YESTERDAY        0.00          0.31 1995   0.02  -0.02     0.07
  MONTH TO DATE    0.01                      0.31  -0.30     0.10
  SINCE SEP 1      0.23                      2.23  -2.00     2.12
  SINCE JAN 1      4.26                      6.76  -2.50     5.74

DEGREE DAYS
 HEATING
  YESTERDAY       26                        31     -5       32
  MONTH TO DATE  481                       502    -21      395
  SINCE JUL 1   1163                      1438   -275     1086

 COOLING
  YESTERDAY        0                         0      0        0
  MONTH TO DATE    0                         0      0        0
  SINCE JAN 1   1443                      1208    235     1278
..................................................................


WIND (MPH)
  HIGHEST WIND SPEED    13   HIGHEST WIND DIRECTION    NW (310)
  HIGHEST GUST SPEED    16   HIGHEST GUST DIRECTION    NW (310)
  AVERAGE WIND SPEED     4.8


SKY COVER
  POSSIBLE SUNSHINE  MM
  AVERAGE SKY COVER 0.4


WEATHER CONDITIONS
 THE FOLLOWING WEATHER WAS RECORDED YESTERDAY.
  NO SIGNIFICANT WEATHER WAS OBSERVED.


RELATIVE HUMIDITY (PERCENT)
 HIGHEST    43          1100 PM
 LOWEST     19           300 PM
 AVERAGE    31

..........................................................


THE WINSLOW AZ AIRPORT CLIMATE NORMALS FOR TODAY
                         NORMAL    RECORD    YEAR
 MAXIMUM TEMPERATURE (F)   48        66      1980
 MINIMUM TEMPERATURE (F)   20        -4      1968
                                             1967


SUNRISE AND SUNSET
DECEMBER 18 2017......SUNRISE   726 AM MST   SUNSET   514 PM MST
DECEMBER 19 2017......SUNRISE   726 AM MST   SUNSET   514 PM MST


-  INDICATES NEGATIVE NUMBERS.
R  INDICATES RECORD WAS SET OR TIED.
MM INDICATES DATA IS MISSING.
T  INDICATES TRACE AMOUNT.




$$
