000
CDUS45 KFGZ 270059
CLIINW
CLIMATE REPORT
NATIONAL WEATHER SERVICE FLAGSTAFF, AZ
558 PM MST THU FEB 26 2015


...................................

...THE WINSLOW AZ AIRPORT CLIMATE SUMMARY FOR FEBRUARY 26 2015...
VALID TODAY AS OF 0500 PM LOCAL TIME.

CLIMATE NORMAL PERIOD 1981 TO 2010
CLIMATE RECORD PERIOD 1915 TO 2015


WEATHER ITEM   OBSERVED TIME   RECORD YEAR NORMAL DEPARTURE LAST
                VALUE   (LST)  VALUE       VALUE  FROM      YEAR
                                                  NORMAL
..................................................................
TEMPERATURE (F)
 TODAY
  MAXIMUM         58    347 PM  76    1989  59     -1       70
  MINIMUM         28    711 AM   5    1977  27      1       31
  AVERAGE         43                        43      0       51

PRECIPITATION (IN)
  TODAY            0.00          0.51 1933   0.02  -0.02     0.00
  MONTH TO DATE    0.41                      0.43  -0.02     0.02
  SINCE SEP 1      4.89                      3.43   1.46     3.83
  SINCE JAN 1      2.04                      0.95   1.09     0.02

DEGREE DAYS
 HEATING
  TODAY           22                        22      0       14
  MONTH TO DATE  456                       647   -191      523
  SINCE JUL 1   2893                      3450   -557     3343

 COOLING
  TODAY            0                         0      0        0
  MONTH TO DATE    0                         0      0        0
  SINCE JAN 1      0                         0      0        0
..................................................................


WIND (MPH)
  HIGHEST WIND SPEED    24   HIGHEST WIND DIRECTION    NW (300)
  HIGHEST GUST SPEED    30   HIGHEST GUST DIRECTION    NW (300)
  AVERAGE WIND SPEED     8.2


SKY COVER
  POSSIBLE SUNSHINE  MM
  AVERAGE SKY COVER 0.2


WEATHER CONDITIONS
 THE FOLLOWING WEATHER WAS RECORDED TODAY.
  NO SIGNIFICANT WEATHER WAS OBSERVED.


RELATIVE HUMIDITY (PERCENT)
 HIGHEST    85           300 AM
 LOWEST     22           200 PM
 AVERAGE    54

..........................................................


THE WINSLOW AZ AIRPORT CLIMATE NORMALS FOR TOMORROW
                         NORMAL    RECORD    YEAR
 MAXIMUM TEMPERATURE (F)   59        74      2006
                                             2000
                                             1927
 MINIMUM TEMPERATURE (F)   27         5      1977


SUNRISE AND SUNSET
FEBRUARY 26 2015......SUNRISE   656 AM MST   SUNSET   616 PM MST
FEBRUARY 27 2015......SUNRISE   655 AM MST   SUNSET   617 PM MST


-  INDICATES NEGATIVE NUMBERS.
R  INDICATES RECORD WAS SET OR TIED.
MM INDICATES DATA IS MISSING.
T  INDICATES TRACE AMOUNT.




$$
