000
CDUS45 KFGZ 280737
CLIINW
CLIMATE REPORT
NATIONAL WEATHER SERVICE FLAGSTAFF, AZ
1236 AM MST FRI NOV 28 2014


...................................

...THE WINSLOW AZ AIRPORT CLIMATE SUMMARY FOR NOVEMBER 27 2014...

CLIMATE NORMAL PERIOD 1981 TO 2010
CLIMATE RECORD PERIOD 1898 TO 2014


WEATHER ITEM   OBSERVED TIME   RECORD YEAR NORMAL DEPARTURE LAST
                VALUE   (LST)  VALUE       VALUE  FROM      YEAR
                                                  NORMAL
..................................................................
TEMPERATURE (F)
 YESTERDAY
  MAXIMUM         64    359 PM  71    1954  54     10       47
  MINIMUM         20    532 AM   0    1952  24     -4       27
  AVERAGE         42                        39      3       37

PRECIPITATION (IN)
  YESTERDAY        0.00          0.58 1919   0.02  -0.02     0.00
  MONTH TO DATE    T                         0.46  -0.46     2.54
  SINCE SEP 1      1.73                      1.87  -0.14     3.76
  SINCE JAN 1      5.91                      6.40  -0.49     9.46

DEGREE DAYS
 HEATING
  YESTERDAY       23                        26     -3       28
  MONTH TO DATE  543                       550     -7      467
  SINCE JUL 1    701                       856   -155      880

 COOLING
  YESTERDAY        0                         0      0        0
  MONTH TO DATE    0                         0      0        0
  SINCE JAN 1   1327                      1208    119     1380
..................................................................


WIND (MPH)
  HIGHEST WIND SPEED     9   HIGHEST WIND DIRECTION    SE (120)
  HIGHEST GUST SPEED    11   HIGHEST GUST DIRECTION    SE (130)
  AVERAGE WIND SPEED     3.8


SKY COVER
  POSSIBLE SUNSHINE  MM
  AVERAGE SKY COVER 0.0


WEATHER CONDITIONS
 THE FOLLOWING WEATHER WAS RECORDED YESTERDAY.
  NO SIGNIFICANT WEATHER WAS OBSERVED.


RELATIVE HUMIDITY (PERCENT)
 HIGHEST    68           600 AM
 LOWEST     17           300 PM
 AVERAGE    43

..........................................................


THE WINSLOW AZ AIRPORT CLIMATE NORMALS FOR TODAY
                         NORMAL    RECORD    YEAR
 MAXIMUM TEMPERATURE (F)   54        73      1949
 MINIMUM TEMPERATURE (F)   24        -1      1952


SUNRISE AND SUNSET
NOVEMBER 28 2014......SUNRISE   710 AM MST   SUNSET   512 PM MST
NOVEMBER 29 2014......SUNRISE   711 AM MST   SUNSET   512 PM MST


-  INDICATES NEGATIVE NUMBERS.
R  INDICATES RECORD WAS SET OR TIED.
MM INDICATES DATA IS MISSING.
T  INDICATES TRACE AMOUNT.




$$
