000
CDUS45 KFGZ 300105
CLIINW
CLIMATE REPORT
NATIONAL WEATHER SERVICE FLAGSTAFF, AZ
602 PM MST FRI APR 29 2016


...................................

...THE WINSLOW AZ AIRPORT CLIMATE SUMMARY FOR APRIL 29 2016...
VALID TODAY AS OF 0500 PM LOCAL TIME.

CLIMATE NORMAL PERIOD 1981 TO 2010
CLIMATE RECORD PERIOD 1915 TO 2016


WEATHER ITEM   OBSERVED TIME   RECORD YEAR NORMAL DEPARTURE LAST
                VALUE   (LST)  VALUE       VALUE  FROM      YEAR
                                                  NORMAL
..................................................................
TEMPERATURE (F)
 TODAY
  MAXIMUM         66    357 PM  89    2013  76    -10       80
  MINIMUM         35    555 AM  21    1996  41     -6       43
  AVERAGE         51                        58     -7       62

PRECIPITATION (IN)
  TODAY            T             0.39 1926   0.00   0.00     0.00
  MONTH TO DATE    0.22                      0.25  -0.03     0.30
  SINCE SEP 1      4.85                      4.25   0.60     5.44
  SINCE JAN 1      0.83                      1.77  -0.94     2.59

DEGREE DAYS
 HEATING
  TODAY           14                         7      7        3
  MONTH TO DATE  313                       320     -7      313
  SINCE JUL 1   4109                      4373   -264     3674

 COOLING
  TODAY            0                         0      0        0
  MONTH TO DATE    0                         0      0        0
  SINCE JAN 1      0                         0      0        0
..................................................................


WIND (MPH)
  HIGHEST WIND SPEED    37   HIGHEST WIND DIRECTION    SW (220)
  HIGHEST GUST SPEED    46   HIGHEST GUST DIRECTION    SW (230)
  AVERAGE WIND SPEED     9.5


SKY COVER
  POSSIBLE SUNSHINE  MM
  AVERAGE SKY COVER 0.6


WEATHER CONDITIONS
 THE FOLLOWING WEATHER WAS RECORDED TODAY.
  LIGHT RAIN


RELATIVE HUMIDITY (PERCENT)
 HIGHEST    75           600 AM
 LOWEST     26           400 PM
 AVERAGE    51

..........................................................


THE WINSLOW AZ AIRPORT CLIMATE NORMALS FOR TOMORROW
                         NORMAL    RECORD    YEAR
 MAXIMUM TEMPERATURE (F)   76        92      1943
 MINIMUM TEMPERATURE (F)   41        23      2010


SUNRISE AND SUNSET
APRIL 29 2016.........SUNRISE   534 AM MST   SUNSET   707 PM MST
APRIL 30 2016.........SUNRISE   533 AM MST   SUNSET   708 PM MST


-  INDICATES NEGATIVE NUMBERS.
R  INDICATES RECORD WAS SET OR TIED.
MM INDICATES DATA IS MISSING.
T  INDICATES TRACE AMOUNT.




$$
