000
CDUS45 KFGZ 240851
CLIINW
CLIMATE REPORT
NATIONAL WEATHER SERVICE FLAGSTAFF, AZ
149 AM MST TUE JAN 24 2017


...................................

...THE WINSLOW AZ AIRPORT CLIMATE SUMMARY FOR JANUARY 23 2017...

CLIMATE NORMAL PERIOD 1981 TO 2010
CLIMATE RECORD PERIOD 1915 TO 2017


WEATHER ITEM   OBSERVED TIME   RECORD YEAR NORMAL DEPARTURE LAST
                VALUE   (LST)  VALUE       VALUE  FROM      YEAR
                                                  NORMAL
..................................................................
TEMPERATURE (F)
 YESTERDAY
  MAXIMUM         50   1205 PM  71    1950  51     -1       67
  MINIMUM         34   1129 PM -18    1937  21     13       25
  AVERAGE         42                        36      6       46

PRECIPITATION (IN)
  YESTERDAY        0.04          0.31 1943   0.01   0.03     0.00
  MONTH TO DATE    0.81                      0.39   0.42     0.19
  SINCE SEP 1      3.89                      2.87   1.02     4.21
  SINCE JAN 1      0.81                      0.39   0.42     0.19

DEGREE DAYS
 HEATING
  YESTERDAY       23                        29     -6       19
  MONTH TO DATE  531                       697   -166      700
  SINCE JUL 1   2030                      2575   -545     2481

 COOLING
  YESTERDAY        0                         0      0        0
  MONTH TO DATE    0                         0      0        0
  SINCE JAN 1      0                         0      0        0
..................................................................


WIND (MPH)
  HIGHEST WIND SPEED    36   HIGHEST WIND DIRECTION     S (180)
  HIGHEST GUST SPEED    43   HIGHEST GUST DIRECTION     S (190)
  AVERAGE WIND SPEED    17.7


SKY COVER
  POSSIBLE SUNSHINE  MM
  AVERAGE SKY COVER 0.4


WEATHER CONDITIONS
 THE FOLLOWING WEATHER WAS RECORDED YESTERDAY.
  LIGHT RAIN
  FOG


RELATIVE HUMIDITY (PERCENT)
 HIGHEST    92          1000 PM
 LOWEST     56          1100 AM
 AVERAGE    74

..........................................................


THE WINSLOW AZ AIRPORT CLIMATE NORMALS FOR TODAY
                         NORMAL    RECORD    YEAR
 MAXIMUM TEMPERATURE (F)   51        72      1999
 MINIMUM TEMPERATURE (F)   21        -9      1937


SUNRISE AND SUNSET
JANUARY 24 2017.......SUNRISE   727 AM MST   SUNSET   544 PM MST
JANUARY 25 2017.......SUNRISE   726 AM MST   SUNSET   545 PM MST


-  INDICATES NEGATIVE NUMBERS.
R  INDICATES RECORD WAS SET OR TIED.
MM INDICATES DATA IS MISSING.
T  INDICATES TRACE AMOUNT.




$$
