000
CDUS43 KDVN 280913
CLIIOW


CLIMATE REPORT
NATIONAL WEATHER SERVICE QUAD CITIES IA IL
412 AM CDT SAT MAY 28 2016


...................................

...THE IOWA CITY IA CLIMATE SUMMARY FOR MAY 27 2016...

CLIMATE NORMAL PERIOD 1981 TO 2010
CLIMATE RECORD PERIOD 9999 TO 9999


WEATHER ITEM   OBSERVED TIME   RECORD YEAR NORMAL DEPARTURE LAST
                VALUE   (LST)  VALUE       VALUE  FROM      YEAR
                                                  NORMAL
..................................................................
TEMPERATURE (F)
 YESTERDAY
  MAXIMUM         81    439 PM  MM      MM  76      5       79
  MINIMUM         62    534 AM  MM      MM  55      7       60
  AVERAGE         72                        66      6       70

PRECIPITATION (IN)
  YESTERDAY        0.72         MM      MM   0.12   0.60     0.02
  MONTH TO DATE    2.98                      3.73  -0.75     4.59
  SINCE MAR 1      7.18                      9.45  -2.27     8.22
  SINCE JAN 1      7.93                     11.61  -3.68     9.80

DEGREE DAYS
 HEATING
  YESTERDAY        0                         3     -3        0
  MONTH TO DATE  173                       160     13      117
  SINCE MAR 1   1255                      1403   -148     1345
  SINCE JUL 1   5466                      6353   -887     6710

 COOLING
  YESTERDAY        7                         3      4        5
  MONTH TO DATE   38                        42     -4       52
  SINCE MAR 1     44                        46     -2       52
  SINCE JAN 1     44                        46     -2       52
..................................................................


WIND (MPH)
  HIGHEST WIND SPEED    24   HIGHEST WIND DIRECTION     S (180)
  HIGHEST GUST SPEED    30   HIGHEST GUST DIRECTION     S (170)
  AVERAGE WIND SPEED     8.9


SKY COVER
  POSSIBLE SUNSHINE  MM
  AVERAGE SKY COVER 0.7


WEATHER CONDITIONS
 THE FOLLOWING WEATHER WAS RECORDED YESTERDAY.
  THUNDERSTORM
  HEAVY RAIN
  RAIN
  LIGHT RAIN
  FOG


RELATIVE HUMIDITY (PERCENT)
 HIGHEST   100          1100 PM
 LOWEST     67           300 PM
 AVERAGE    84

..........................................................


THE IOWA CITY IA CLIMATE NORMALS FOR TODAY
                         NORMAL    RECORD    YEAR
 MAXIMUM TEMPERATURE (F)   76        MM        MM
 MINIMUM TEMPERATURE (F)   56        MM        MM


SUNRISE AND SUNSET
MAY 28 2016...........SUNRISE   536 AM CDT   SUNSET   831 PM CDT
MAY 29 2016...........SUNRISE   536 AM CDT   SUNSET   832 PM CDT


-  INDICATES NEGATIVE NUMBERS.
R  INDICATES RECORD WAS SET OR TIED.
MM INDICATES DATA IS MISSING.
T  INDICATES TRACE AMOUNT.




$$
