000
CDUS43 KDVN 290919
CLIIOW


CLIMATE REPORT
NATIONAL WEATHER SERVICE QUAD CITIES IA IL
418 AM CDT SAT AUG 29 2015


...................................

...THE IOWA CITY IA CLIMATE SUMMARY FOR AUGUST 28 2015...

CLIMATE NORMAL PERIOD 1981 TO 2010
CLIMATE RECORD PERIOD 9999 TO 9999


WEATHER ITEM   OBSERVED TIME   RECORD YEAR NORMAL DEPARTURE LAST
                VALUE   (LST)  VALUE       VALUE  FROM      YEAR
                                                  NORMAL
..................................................................
TEMPERATURE (F)
 YESTERDAY
  MAXIMUM         71    439 PM  MM      MM  81    -10       71
  MINIMUM         60    602 AM  MM      MM  60      0       66
  AVERAGE         66                        71     -5       69

PRECIPITATION (IN)
  YESTERDAY        1.17         MM      MM   0.14   1.03     0.66
  MONTH TO DATE    3.50                      4.05  -0.55     3.30
  SINCE JUN 1     12.06                     13.61  -1.55    16.06
  SINCE JAN 1     21.91                     25.70  -3.79    27.11

DEGREE DAYS
 HEATING
  YESTERDAY        0                         0      0        0
  MONTH TO DATE   11                         0     11        0
  SINCE JUN 1     20                        19      1       16
  SINCE JUL 1     13                         2     11       12

 COOLING
  YESTERDAY        1                         6     -5        4
  MONTH TO DATE  182                       227    -45      219
  SINCE JUN 1    664                       744    -80      597
  SINCE JAN 1    727                       805    -78      686
..................................................................


WIND (MPH)
  HIGHEST WIND SPEED    23   HIGHEST WIND DIRECTION    SE (140)
  HIGHEST GUST SPEED    29   HIGHEST GUST DIRECTION    SE (150)
  AVERAGE WIND SPEED     7.5


SKY COVER
  POSSIBLE SUNSHINE  MM
  AVERAGE SKY COVER 0.5


WEATHER CONDITIONS
 THE FOLLOWING WEATHER WAS RECORDED YESTERDAY.
  THUNDERSTORM
  HEAVY RAIN
  RAIN
  LIGHT RAIN
  FOG


RELATIVE HUMIDITY (PERCENT)
 HIGHEST   100          1100 PM
 LOWEST     73           400 PM
 AVERAGE    87

..........................................................


THE IOWA CITY IA CLIMATE NORMALS FOR TODAY
                         NORMAL    RECORD    YEAR
 MAXIMUM TEMPERATURE (F)   81        MM        MM
 MINIMUM TEMPERATURE (F)   60        MM        MM


SUNRISE AND SUNSET
AUGUST 29 2015........SUNRISE   629 AM CDT   SUNSET   745 PM CDT
AUGUST 30 2015........SUNRISE   630 AM CDT   SUNSET   743 PM CDT


-  INDICATES NEGATIVE NUMBERS.
R  INDICATES RECORD WAS SET OR TIED.
MM INDICATES DATA IS MISSING.
T  INDICATES TRACE AMOUNT.




$$
