000
CDUS43 KDVN 290913
CLIIOW


CLIMATE REPORT
NATIONAL WEATHER SERVICE QUAD CITIES IA IL
411 AM CDT FRI AUG 29 2014


...................................

...THE IOWA CITY IA CLIMATE SUMMARY FOR AUGUST 28 2014...

CLIMATE NORMAL PERIOD 1981 TO 2010
CLIMATE RECORD PERIOD 9999 TO 9999


WEATHER ITEM   OBSERVED TIME   RECORD YEAR NORMAL DEPARTURE LAST
                VALUE   (LST)  VALUE       VALUE  FROM      YEAR
                                                  NORMAL
..................................................................
TEMPERATURE (F)
 YESTERDAY
  MAXIMUM         71    504 PM  MM      MM  81    -10       96
  MINIMUM         66    151 PM  MM      MM  60      6       74
  AVERAGE         69                        71     -2       85

PRECIPITATION (IN)
  YESTERDAY        0.66         MM      MM   0.14   0.52     0.00
  MONTH TO DATE    3.30                      4.05  -0.75     0.08
  SINCE JUN 1     16.06                     13.61   2.45     7.02
  SINCE JAN 1     27.11                     25.70   1.41    28.26

DEGREE DAYS
 HEATING
  YESTERDAY        0                         0      0        0
  MONTH TO DATE    0                         0      0        1
  SINCE JUN 1     16                        19     -3       30
  SINCE JUL 1     12                         2     10        9

 COOLING
  YESTERDAY        4                         6     -2       20
  MONTH TO DATE  219                       227     -8      242
  SINCE JUN 1    597                       744   -147      724
  SINCE JAN 1    686                       805   -119      811
..................................................................


WIND (MPH)
  HIGHEST WIND SPEED    15   HIGHEST WIND DIRECTION    SE (120)
  HIGHEST GUST SPEED    21   HIGHEST GUST DIRECTION     E (110)
  AVERAGE WIND SPEED     6.8


SKY COVER
  POSSIBLE SUNSHINE  MM
  AVERAGE SKY COVER 0.7


WEATHER CONDITIONS
 THE FOLLOWING WEATHER WAS RECORDED YESTERDAY.
  THUNDERSTORM
  HEAVY RAIN
  RAIN
  LIGHT RAIN
  FOG


RELATIVE HUMIDITY (PERCENT)
 HIGHEST   100           100 PM
 LOWEST     73           900 AM
 AVERAGE    87

..........................................................


THE IOWA CITY IA CLIMATE NORMALS FOR TODAY
                         NORMAL    RECORD    YEAR
 MAXIMUM TEMPERATURE (F)   81        MM        MM
 MINIMUM TEMPERATURE (F)   60        MM        MM


SUNRISE AND SUNSET
AUGUST 29 2014........SUNRISE   629 AM CDT   SUNSET   744 PM CDT
AUGUST 30 2014........SUNRISE   630 AM CDT   SUNSET   743 PM CDT


-  INDICATES NEGATIVE NUMBERS.
R  INDICATES RECORD WAS SET OR TIED.
MM INDICATES DATA IS MISSING.
T  INDICATES TRACE AMOUNT.




$$
