000
CDUS43 KDVN 172224
CLIIOW


CLIMATE REPORT
NATIONAL WEATHER SERVICE QUAD CITIES IA IL
423 PM CST TUE JAN 17 2017


...................................

...THE IOWA CITY IA CLIMATE SUMMARY FOR JANUARY 17 2017...
VALID TODAY AS OF 0400 PM LOCAL TIME.

CLIMATE NORMAL PERIOD 1981 TO 2010
CLIMATE RECORD PERIOD 9999 TO 9999


WEATHER ITEM   OBSERVED TIME   RECORD YEAR NORMAL DEPARTURE LAST
                VALUE   (LST)  VALUE       VALUE  FROM      YEAR
                                                  NORMAL
..................................................................
TEMPERATURE (F)
 TODAY
  MAXIMUM         37    220 PM  MM      MM  30      7        5
  MINIMUM         35    912 AM  MM      MM  14     21       -6
  AVERAGE         36                        22     14        0

PRECIPITATION (IN)
  TODAY            0.00         MM      MM   0.03  -0.03      T
  MONTH TO DATE    1.02                      0.34   0.68     0.18
  SINCE DEC 1      1.86                      1.86   0.00     3.65
  SINCE JAN 1      1.02                      0.34   0.68     0.18

DEGREE DAYS
 HEATING
  TODAY           29                        43    -14       65
  MONTH TO DATE  678                       731    -53      738
  SINCE DEC 1   1896                      1963    -67     1611
  SINCE JUL 1   2698                      3270   -572     2661

 COOLING
  TODAY            0                         0      0        0
  MONTH TO DATE    0                         0      0        0
  SINCE DEC 1      0                         0      0        0
  SINCE JAN 1      0                         0      0        0
..................................................................


WIND (MPH)
  HIGHEST WIND SPEED    17   HIGHEST WIND DIRECTION     W (290)
  HIGHEST GUST SPEED    22   HIGHEST GUST DIRECTION     W (290)
  AVERAGE WIND SPEED     8.2


SKY COVER
  POSSIBLE SUNSHINE  MM
  AVERAGE SKY COVER 0.9


WEATHER CONDITIONS
 THE FOLLOWING WEATHER WAS RECORDED TODAY.
  FOG


RELATIVE HUMIDITY (PERCENT)
 HIGHEST   100           100 AM
 LOWEST     85           100 PM
 AVERAGE    93

..........................................................


THE IOWA CITY IA CLIMATE NORMALS FOR TOMORROW
                         NORMAL    RECORD    YEAR
 MAXIMUM TEMPERATURE (F)   30        MM        MM
 MINIMUM TEMPERATURE (F)   14        MM        MM


SUNRISE AND SUNSET
JANUARY 17 2017.......SUNRISE   730 AM CST   SUNSET   504 PM CST
JANUARY 18 2017.......SUNRISE   729 AM CST   SUNSET   505 PM CST


-  INDICATES NEGATIVE NUMBERS.
R  INDICATES RECORD WAS SET OR TIED.
MM INDICATES DATA IS MISSING.
T  INDICATES TRACE AMOUNT.




$$
