000
CDUS41 KCTP 020613
CLIIPT


CLIMATE REPORT
NATIONAL WEATHER SERVICE STATE COLLEGE PA
213 AM EDT MON MAY 2 2016


...................................

...THE WILLIAMSPORT PA CLIMATE SUMMARY FOR MAY 1 2016...

CLIMATE NORMAL PERIOD 1981 TO 2010
CLIMATE RECORD PERIOD 1895 TO 2016


WEATHER ITEM   OBSERVED TIME   RECORD YEAR NORMAL DEPARTURE LAST
                VALUE   (LST)  VALUE       VALUE  FROM      YEAR
                                                  NORMAL
..................................................................
TEMPERATURE (F)
 YESTERDAY
  MAXIMUM         51   1201 AM  90    2010  67    -16       63
  MINIMUM         45    910 AM  28    1931  43      2       49
  AVERAGE         48                        55     -7       56

PRECIPITATION (IN)
  YESTERDAY        0.42          1.03 1945   0.11   0.31      T
  MONTH TO DATE    0.42                      0.11   0.31      T
  SINCE MAR 1      3.12                      6.32  -3.20     6.56
  SINCE JAN 1      9.54                     11.36  -1.82     9.35

SNOWFALL (IN)
  YESTERDAY        0.0           T    1963   0.0    0.0      0.0
  MONTH TO DATE    0.0                       0.0    0.0      0.0
  SINCE MAR 1      2.0                       8.0   -6.0     11.4
  SINCE JUL 1      7.7                      36.0  -28.3     44.4
  SNOW DEPTH       0

DEGREE DAYS
 HEATING
  YESTERDAY       17                        10      7        9
  MONTH TO DATE   17                        10      7        9
  SINCE MAR 1   1074                      1298   -224     1433
  SINCE JUL 1   4717                      5765  -1048     6070

 COOLING
  YESTERDAY        0                         0      0        0
  MONTH TO DATE    0                         0      0        0
  SINCE MAR 1      0                         5     -5        0
  SINCE JAN 1      0                         5     -5        0
..................................................................


WIND (MPH)
  HIGHEST WIND SPEED    21   HIGHEST WIND DIRECTION    NE (60)
  HIGHEST GUST SPEED    29   HIGHEST GUST DIRECTION     E (100)
  AVERAGE WIND SPEED    10.5


SKY COVER
  POSSIBLE SUNSHINE  MM
  AVERAGE SKY COVER 1.0


WEATHER CONDITIONS
 THE FOLLOWING WEATHER WAS RECORDED YESTERDAY.
  RAIN
  LIGHT RAIN
  FOG


RELATIVE HUMIDITY (PERCENT)
 HIGHEST    93           300 AM
 LOWEST     77          1200 AM
 AVERAGE    85

..........................................................


THE WILLIAMSPORT PA CLIMATE NORMALS FOR TODAY
                         NORMAL    RECORD    YEAR
 MAXIMUM TEMPERATURE (F)   67        88      2001
                                             1992
 MINIMUM TEMPERATURE (F)   44        30      1903


SUNRISE AND SUNSET
MAY  2 2016...........SUNRISE   603 AM EDT   SUNSET   807 PM EDT
MAY  3 2016...........SUNRISE   602 AM EDT   SUNSET   808 PM EDT


-  INDICATES NEGATIVE NUMBERS.
R  INDICATES RECORD WAS SET OR TIED.
MM INDICATES DATA IS MISSING.
T  INDICATES TRACE AMOUNT.




$$
