000
CDUS41 KCTP 292119
CLIIPT


CLIMATE REPORT
NATIONAL WEATHER SERVICE STATE COLLEGE PA
519 PM EDT WED JUL 29 2015


...................................

...THE WILLIAMSPORT PA CLIMATE SUMMARY FOR JULY 29 2015...
VALID TODAY AS OF 0500 PM LOCAL TIME.

CLIMATE NORMAL PERIOD 1981 TO 2010
CLIMATE RECORD PERIOD 1895 TO 2015


WEATHER ITEM   OBSERVED TIME   RECORD YEAR NORMAL DEPARTURE LAST
                VALUE   (LST)  VALUE       VALUE  FROM      YEAR
                                                  NORMAL
..................................................................
TEMPERATURE (F)
 TODAY
  MAXIMUM         90    355 PM  98    1949  84      6       72
  MINIMUM         64    522 AM  49    1965  62      2       59
  AVERAGE         77                        73      4       66

PRECIPITATION (IN)
  TODAY            0.00          2.05 1949   0.15  -0.15     0.00
  MONTH TO DATE    3.88                      4.05  -0.17     3.77
  SINCE JUN 1     11.69                      7.97   3.72     7.23
  SINCE JAN 1     24.11                     22.88   1.23    21.98

SNOWFALL (IN)
  TODAY            0.0           0.0  2002   0.0    0.0      0.0
                                      2001
  MONTH TO DATE    0.0                       0.0    0.0      0.0
  SINCE JUN 1      0.0                       0.0    0.0      0.0
  SINCE JUL 1      0.0                       0.0    0.0      0.0
  SNOW DEPTH       0

DEGREE DAYS
 HEATING
  TODAY            0                         0      0        0
  MONTH TO DATE    2                         0      2        0
  SINCE JUN 1     23                        37    -14        8
  SINCE JUL 1      2                         0      2        0

 COOLING
  TODAY           12                         8      4        1
  MONTH TO DATE  232                       229      3      232
  SINCE JUN 1    404                       375     29      401
  SINCE JAN 1    532                       418    114      453
..................................................................


WIND (MPH)
  HIGHEST WIND SPEED     9   HIGHEST WIND DIRECTION    SE (140)
  HIGHEST GUST SPEED    13   HIGHEST GUST DIRECTION     S (170)
  AVERAGE WIND SPEED     2.4


SKY COVER
  POSSIBLE SUNSHINE  MM
  AVERAGE SKY COVER 0.0


WEATHER CONDITIONS
 THE FOLLOWING WEATHER WAS RECORDED TODAY.
  NO SIGNIFICANT WEATHER WAS OBSERVED.


RELATIVE HUMIDITY (PERCENT)
 HIGHEST    93           200 AM
 LOWEST     44           200 PM
 AVERAGE    69

..........................................................


THE WILLIAMSPORT PA CLIMATE NORMALS FOR TOMORROW
                         NORMAL    RECORD    YEAR
 MAXIMUM TEMPERATURE (F)   83        98      1933
 MINIMUM TEMPERATURE (F)   62        48      1997


SUNRISE AND SUNSET
JULY 29 2015..........SUNRISE   600 AM EDT   SUNSET   828 PM EDT
JULY 30 2015..........SUNRISE   601 AM EDT   SUNSET   827 PM EDT


-  INDICATES NEGATIVE NUMBERS.
R  INDICATES RECORD WAS SET OR TIED.
MM INDICATES DATA IS MISSING.
T  INDICATES TRACE AMOUNT.




$$
