000
CDUS41 KCTP 222116
CLIIPT


CLIMATE REPORT
NATIONAL WEATHER SERVICE STATE COLLEGE PA
516 PM EDT THU JUN 22 2017


...................................

...THE WILLIAMSPORT PA CLIMATE SUMMARY FOR JUNE 22 2017...
VALID TODAY AS OF 0500 PM LOCAL TIME.

CLIMATE NORMAL PERIOD 1981 TO 2010
CLIMATE RECORD PERIOD 1895 TO 2017


WEATHER ITEM   OBSERVED TIME   RECORD YEAR NORMAL DEPARTURE LAST
                VALUE   (LST)  VALUE       VALUE  FROM      YEAR
                                                  NORMAL
..................................................................
TEMPERATURE (F)
 TODAY
  MAXIMUM         89    247 PM  97    1988  81      8       85
                                      1921
  MINIMUM         57    501 AM  40    1940  60     -3       57
  AVERAGE         73                        70      3       71

PRECIPITATION (IN)
  TODAY            0.00          8.66 1972   0.13  -0.13     0.00
  MONTH TO DATE    3.37                      2.87   0.50     1.83
  SINCE JUN 1      3.37                      2.87   0.50     1.83
  SINCE JAN 1     22.49                     17.78   4.71    13.17

DEGREE DAYS
 HEATING
  TODAY            0                         1     -1        0
  MONTH TO DATE   21                        36    -15        9
  SINCE JUN 1     21                        36    -15        9
  SINCE JUL 1   4950                      5994  -1044     4916

 COOLING
  TODAY            8                         6      2        6
  MONTH TO DATE  131                        94     37      116
  SINCE JUN 1    131                        94     37      116
  SINCE JAN 1    181                       137     44      189
..................................................................


WIND (MPH)
  HIGHEST WIND SPEED     9   HIGHEST WIND DIRECTION     S (160)
  HIGHEST GUST SPEED    12   HIGHEST GUST DIRECTION     S (160)
  AVERAGE WIND SPEED     1.9


SKY COVER
  POSSIBLE SUNSHINE  MM
  AVERAGE SKY COVER 0.1


WEATHER CONDITIONS
 THE FOLLOWING WEATHER WAS RECORDED TODAY.
  NO SIGNIFICANT WEATHER WAS OBSERVED.


RELATIVE HUMIDITY (PERCENT)
 HIGHEST    93           300 AM
 LOWEST     50           300 PM
 AVERAGE    72

..........................................................


THE WILLIAMSPORT PA CLIMATE NORMALS FOR TOMORROW
                         NORMAL    RECORD    YEAR
 MAXIMUM TEMPERATURE (F)   82        94      1923
 MINIMUM TEMPERATURE (F)   60        42      1992


SUNRISE AND SUNSET
JUNE 22 2017..........SUNRISE   535 AM EDT   SUNSET   844 PM EDT
JUNE 23 2017..........SUNRISE   535 AM EDT   SUNSET   845 PM EDT


-  INDICATES NEGATIVE NUMBERS.
R  INDICATES RECORD WAS SET OR TIED.
MM INDICATES DATA IS MISSING.
T  INDICATES TRACE AMOUNT.




$$
