000
CDUS41 KCTP 210607
CLIIPT


CLIMATE REPORT
NATIONAL WEATHER SERVICE STATE COLLEGE PA
207 AM EDT SAT OCT 21 2017


...................................

...THE WILLIAMSPORT PA CLIMATE SUMMARY FOR OCTOBER 20 2017...

CLIMATE NORMAL PERIOD 1981 TO 2010
CLIMATE RECORD PERIOD 1895 TO 2017


WEATHER ITEM   OBSERVED TIME   RECORD YEAR NORMAL DEPARTURE LAST
                VALUE   (LST)  VALUE       VALUE  FROM      YEAR
                                                  NORMAL
..................................................................
TEMPERATURE (F)
 YESTERDAY
  MAXIMUM         76    327 PM  80    1969  61     15       74
                                      1963
                                      1947
  MINIMUM         44    610 AM  20    1972  40      4       53
  AVERAGE         60                        50     10       64

PRECIPITATION (IN)
  YESTERDAY        0.00          1.70 1913   0.10  -0.10     0.25
  MONTH TO DATE    2.14                      2.27  -0.13     2.11
  SINCE SEP 1      3.38                      6.43  -3.05     5.62
  SINCE JAN 1     39.41                     33.46   5.95    29.05

SNOWFALL (IN)
  YESTERDAY        0.0           0.5  1940   0.0    0.0      0.0
  MONTH TO DATE    0.0                       0.0    0.0      0.0
  SINCE SEP 1      0.0                       0.0    0.0      0.0
  SINCE JUL 1      0.0                       0.0    0.0      0.0
  SNOW DEPTH       0

DEGREE DAYS
 HEATING
  YESTERDAY        5                        15    -10        1
  MONTH TO DATE   93                       232   -139      121
  SINCE SEP 1    158                       346   -188      162
  SINCE JUL 1    160                       360   -200      162

 COOLING
  YESTERDAY        0                         0      0        0
  MONTH TO DATE   41                         1     40       11
  SINCE SEP 1    187                        64    123      175
  SINCE JAN 1    929                       698    231     1148
..................................................................


WIND (MPH)
  HIGHEST WIND SPEED    14   HIGHEST WIND DIRECTION     N (10)
  HIGHEST GUST SPEED    18   HIGHEST GUST DIRECTION     N (10)
  AVERAGE WIND SPEED     3.1


SKY COVER
  POSSIBLE SUNSHINE  MM
  AVERAGE SKY COVER 0.0


WEATHER CONDITIONS
 THE FOLLOWING WEATHER WAS RECORDED YESTERDAY.
  NO SIGNIFICANT WEATHER WAS OBSERVED.


RELATIVE HUMIDITY (PERCENT)
 HIGHEST   100           600 AM
 LOWEST     17           100 PM
 AVERAGE    59

..........................................................


THE WILLIAMSPORT PA CLIMATE NORMALS FOR TODAY
                         NORMAL    RECORD    YEAR
 MAXIMUM TEMPERATURE (F)   60        86      1947
 MINIMUM TEMPERATURE (F)   40        24      1972


SUNRISE AND SUNSET
OCTOBER 21 2017.......SUNRISE   726 AM EDT   SUNSET   617 PM EDT
OCTOBER 22 2017.......SUNRISE   728 AM EDT   SUNSET   616 PM EDT


-  INDICATES NEGATIVE NUMBERS.
R  INDICATES RECORD WAS SET OR TIED.
MM INDICATES DATA IS MISSING.
T  INDICATES TRACE AMOUNT.




$$
