000
CDUS41 KCTP 210621
CLIIPT


CLIMATE REPORT
NATIONAL WEATHER SERVICE STATE COLLEGE PA
221 AM EDT THU AUG 21 2014


...................................

...THE WILLIAMSPORT PA CLIMATE SUMMARY FOR AUGUST 20 2014...

CLIMATE NORMAL PERIOD 1981 TO 2010
CLIMATE RECORD PERIOD 1895 TO 2014


WEATHER ITEM   OBSERVED TIME   RECORD YEAR NORMAL DEPARTURE LAST
                VALUE   (LST)  VALUE       VALUE  FROM      YEAR
                                                  NORMAL
..................................................................
TEMPERATURE (F)
 YESTERDAY
  MAXIMUM         78    447 PM  95    1962  81     -3       86
                                      1955
  MINIMUM         64    513 AM  42    1944  61      3       61
  AVERAGE         71                        71      0       74

PRECIPITATION (IN)
  YESTERDAY        0.03          2.30 1999   0.12  -0.09     0.00
  MONTH TO DATE    5.26                      2.52   2.74     1.39
  SINCE JUN 1     12.74                     10.78   1.96     8.68
  SINCE JAN 1     27.49                     25.69   1.80    21.25

DEGREE DAYS
 HEATING
  YESTERDAY        0                         0      0        0
  MONTH TO DATE    4                         0      4        5
  SINCE JUN 1     12                        41    -29       14
  SINCE JUL 1      4                         4      0        5

 COOLING
  YESTERDAY        6                         6      0        9
  MONTH TO DATE   99                       142    -43       95
  SINCE JUN 1    506                       532    -26      592
  SINCE JAN 1    558                       575    -17      663
..................................................................


WIND (MPH)
  HIGHEST WIND SPEED    15   HIGHEST WIND DIRECTION     S (170)
  HIGHEST GUST SPEED    21   HIGHEST GUST DIRECTION     S (160)
  AVERAGE WIND SPEED     4.1


SKY COVER
  POSSIBLE SUNSHINE  MM
  AVERAGE SKY COVER 0.9


WEATHER CONDITIONS
 THE FOLLOWING WEATHER WAS RECORDED YESTERDAY.
  LIGHT RAIN


RELATIVE HUMIDITY (PERCENT)
 HIGHEST    87          1200 AM
 LOWEST     69          1100 AM
 AVERAGE    78

..........................................................


THE WILLIAMSPORT PA CLIMATE NORMALS FOR TODAY
                         NORMAL    RECORD    YEAR
 MAXIMUM TEMPERATURE (F)   81        97      1916
 MINIMUM TEMPERATURE (F)   60        42      1941


SUNRISE AND SUNSET
AUGUST 21 2014........SUNRISE   623 AM EDT   SUNSET   758 PM EDT
AUGUST 22 2014........SUNRISE   624 AM EDT   SUNSET   756 PM EDT


-  INDICATES NEGATIVE NUMBERS.
R  INDICATES RECORD WAS SET OR TIED.
MM INDICATES DATA IS MISSING.
T  INDICATES TRACE AMOUNT.




$$
