000
CDUS41 KCTP 252118
CLIIPT


CLIMATE REPORT
NATIONAL WEATHER SERVICE STATE COLLEGE PA
518 PM EDT SUN SEP 25 2016


...................................

...THE WILLIAMSPORT PA CLIMATE SUMMARY FOR SEPTEMBER 25 2016...
VALID TODAY AS OF 0500 PM LOCAL TIME.

CLIMATE NORMAL PERIOD 1981 TO 2010
CLIMATE RECORD PERIOD 1895 TO 2016


WEATHER ITEM   OBSERVED TIME   RECORD YEAR NORMAL DEPARTURE LAST
                VALUE   (LST)  VALUE       VALUE  FROM      YEAR
                                                  NORMAL
..................................................................
TEMPERATURE (F)
 TODAY
  MAXIMUM         70    359 PM  89    1970  70      0       77
  MINIMUM         44    649 AM  31    1963  49     -5       54
  AVERAGE         57                        60     -3       66

PRECIPITATION (IN)
  TODAY            0.00          3.96 1975   0.14  -0.14     0.00
  MONTH TO DATE    1.98                      3.48  -1.50     1.83
  SINCE SEP 1      1.98                      3.48  -1.50     1.83
  SINCE JAN 1     25.41                     30.51  -5.10    30.12

DEGREE DAYS
 HEATING
  TODAY            8                         6      2        0
  MONTH TO DATE   13                        78    -65       19
  SINCE SEP 1     13                        78    -65       19
  SINCE JUL 1     13                        92    -79       21

 COOLING
  TODAY            0                         1     -1        1
  MONTH TO DATE  164                        59    105      141
  SINCE SEP 1    164                        59    105      141
  SINCE JAN 1   1137                       693    444      926
..................................................................


WIND (MPH)
  HIGHEST WIND SPEED    10   HIGHEST WIND DIRECTION     W (270)
  HIGHEST GUST SPEED    13   HIGHEST GUST DIRECTION     W (280)
  AVERAGE WIND SPEED     3.4


SKY COVER
  POSSIBLE SUNSHINE  MM
  AVERAGE SKY COVER 0.0


WEATHER CONDITIONS
 THE FOLLOWING WEATHER WAS RECORDED TODAY.
  HAZE


RELATIVE HUMIDITY (PERCENT)
 HIGHEST    93           300 AM
 LOWEST     40           300 PM
 AVERAGE    67

..........................................................


THE WILLIAMSPORT PA CLIMATE NORMALS FOR TOMORROW
                         NORMAL    RECORD    YEAR
 MAXIMUM TEMPERATURE (F)   69        92      1900
 MINIMUM TEMPERATURE (F)   49        31      1943


SUNRISE AND SUNSET
SEPTEMBER 25 2016.....SUNRISE   659 AM EDT   SUNSET   659 PM EDT
SEPTEMBER 26 2016.....SUNRISE   700 AM EDT   SUNSET   657 PM EDT


-  INDICATES NEGATIVE NUMBERS.
R  INDICATES RECORD WAS SET OR TIED.
MM INDICATES DATA IS MISSING.
T  INDICATES TRACE AMOUNT.




$$
