000
CDUS41 KCTP 172116
CLIIPT


CLIMATE REPORT
NATIONAL WEATHER SERVICE STATE COLLEGE PA
515 PM EDT WED SEP 17 2014


...................................

...THE WILLIAMSPORT PA CLIMATE SUMMARY FOR SEPTEMBER 17 2014...
VALID TODAY AS OF 0500 PM LOCAL TIME.

CLIMATE NORMAL PERIOD 1981 TO 2010
CLIMATE RECORD PERIOD 1895 TO 2014


WEATHER ITEM   OBSERVED TIME   RECORD YEAR NORMAL DEPARTURE LAST
                VALUE   (LST)  VALUE       VALUE  FROM      YEAR
                                                  NORMAL
..................................................................
TEMPERATURE (F)
 TODAY
  MAXIMUM         72    256 PM  90    1991  73     -1       67
  MINIMUM         47    651 AM  35    1959  53     -6       38
  AVERAGE         60                        63     -3       53

PRECIPITATION (IN)
  TODAY            0.00          5.58 2004   0.14  -0.14     0.00
  MONTH TO DATE    0.69                      2.36  -1.67     1.30
  SINCE SEP 1      0.69                      2.36  -1.67     1.30
  SINCE JAN 1     29.50                     29.39   0.11    22.92

DEGREE DAYS
 HEATING
  TODAY            5                         4      1       12
  MONTH TO DATE   39                        37      2       55
  SINCE SEP 1     39                        37      2       55
  SINCE JUL 1     44                        51     -7       60

 COOLING
  TODAY            0                         2     -2        0
  MONTH TO DATE   76                        50     26       73
  SINCE SEP 1     76                        50     26       73
  SINCE JAN 1    693                       684      9      832
..................................................................


WIND (MPH)
  HIGHEST WIND SPEED    12   HIGHEST WIND DIRECTION     W (250)
  HIGHEST GUST SPEED    15   HIGHEST GUST DIRECTION    SW (230)
  AVERAGE WIND SPEED     4.5


SKY COVER
  POSSIBLE SUNSHINE  MM
  AVERAGE SKY COVER 0.7


WEATHER CONDITIONS
 THE FOLLOWING WEATHER WAS RECORDED TODAY.
  FOG
  HAZE


RELATIVE HUMIDITY (PERCENT)
 HIGHEST    93           200 AM
 LOWEST     35           300 PM
 AVERAGE    64

..........................................................


THE WILLIAMSPORT PA CLIMATE NORMALS FOR TOMORROW
                         NORMAL    RECORD    YEAR
 MAXIMUM TEMPERATURE (F)   73        88      1964
 MINIMUM TEMPERATURE (F)   52        36      1937


SUNRISE AND SUNSET
SEPTEMBER 17 2014.....SUNRISE   650 AM EDT   SUNSET   713 PM EDT
SEPTEMBER 18 2014.....SUNRISE   651 AM EDT   SUNSET   712 PM EDT


-  INDICATES NEGATIVE NUMBERS.
R  INDICATES RECORD WAS SET OR TIED.
MM INDICATES DATA IS MISSING.
T  INDICATES TRACE AMOUNT.




$$
