000
CDUS41 KCTP 010610
CLIIPT


CLIMATE REPORT
NATIONAL WEATHER SERVICE STATE COLLEGE PA
210 AM EDT MON MAY 1 2017


...................................

...THE WILLIAMSPORT PA CLIMATE SUMMARY FOR APRIL 30 2017...

CLIMATE NORMAL PERIOD 1981 TO 2010
CLIMATE RECORD PERIOD 1895 TO 2017


WEATHER ITEM   OBSERVED TIME   RECORD YEAR NORMAL DEPARTURE LAST
                VALUE   (LST)  VALUE       VALUE  FROM      YEAR
                                                  NORMAL
..................................................................
TEMPERATURE (F)
 YESTERDAY
  MAXIMUM         73    414 PM  94    1942  67      6       57
  MINIMUM         53    606 AM  29    1931  43     10       45
  AVERAGE         63                        55      8       51

PRECIPITATION (IN)
  YESTERDAY        T             3.27 1909   0.11  -0.11     0.03
  MONTH TO DATE    3.91                      3.24   0.67     1.59
  SINCE MAR 1      7.65                      6.21   1.44     2.70
  SINCE JAN 1     12.95                     11.25   1.70     9.12

SNOWFALL (IN)
  YESTERDAY        0.0           T    1925   0.0    0.0      0.0
  MONTH TO DATE    T                         1.1   -1.1      1.8
  SINCE MAR 1     22.6                       8.0   14.6      2.0
  SINCE JUL 1     41.1                      36.0    5.1      7.7
  SNOW DEPTH       0

DEGREE DAYS
 HEATING
  YESTERDAY        2                        10     -8       14
  MONTH TO DATE  250                       458   -208      475
  SINCE MAR 1   1108                      1288   -180     1057
  SINCE JUL 1   4744                      5755  -1011     4700

 COOLING
  YESTERDAY        0                         0      0        0
  MONTH TO DATE   15                         5     10        0
  SINCE MAR 1     15                         5     10        0
  SINCE JAN 1     15                         5     10        0
..................................................................


WIND (MPH)
  HIGHEST WIND SPEED    18   HIGHEST WIND DIRECTION     E (100)
  HIGHEST GUST SPEED    27   HIGHEST GUST DIRECTION     E (90)
  AVERAGE WIND SPEED     7.6


SKY COVER
  POSSIBLE SUNSHINE  MM
  AVERAGE SKY COVER 0.8


WEATHER CONDITIONS
 THE FOLLOWING WEATHER WAS RECORDED YESTERDAY.
  LIGHT RAIN


RELATIVE HUMIDITY (PERCENT)
 HIGHEST    86           200 AM
 LOWEST     48           100 PM
 AVERAGE    67

..........................................................


THE WILLIAMSPORT PA CLIMATE NORMALS FOR TODAY
                         NORMAL    RECORD    YEAR
 MAXIMUM TEMPERATURE (F)   67        90      2010
 MINIMUM TEMPERATURE (F)   43        28      1931


SUNRISE AND SUNSET
MAY  1 2017...........SUNRISE   605 AM EDT   SUNSET   805 PM EDT
MAY  2 2017...........SUNRISE   604 AM EDT   SUNSET   806 PM EDT


-  INDICATES NEGATIVE NUMBERS.
R  INDICATES RECORD WAS SET OR TIED.
MM INDICATES DATA IS MISSING.
T  INDICATES TRACE AMOUNT.




$$
