000
CDUS41 KCTP 042119
CLIIPT


CLIMATE REPORT
NATIONAL WEATHER SERVICE STATE COLLEGE PA
518 PM EDT FRI SEP 4 2015


...................................

...THE WILLIAMSPORT PA CLIMATE SUMMARY FOR SEPTEMBER 4 2015...
VALID TODAY AS OF 0500 PM LOCAL TIME.

CLIMATE NORMAL PERIOD 1981 TO 2010
CLIMATE RECORD PERIOD 1895 TO 2015


WEATHER ITEM   OBSERVED TIME   RECORD YEAR NORMAL DEPARTURE LAST
                VALUE   (LST)  VALUE       VALUE  FROM      YEAR
                                                  NORMAL
..................................................................
TEMPERATURE (F)
 TODAY
  MAXIMUM         90    407 PM  94    1953  78     12       84
  MINIMUM         67    550 AM  41    1946  57     10       60
  AVERAGE         79                        68     11       72

PRECIPITATION (IN)
  TODAY            0.00          2.03 1933   0.13  -0.13     0.00
  MONTH TO DATE    0.02                      0.53  -0.51     0.05
  SINCE SEP 1      0.02                      0.53  -0.51     0.05
  SINCE JAN 1     28.31                     27.56   0.75    28.86

SNOWFALL (IN)
  TODAY            0.0           0.0  2002   0.0    0.0      0.0
                                      2001
  MONTH TO DATE    0.0                       0.0    0.0      0.0
  SINCE SEP 1      0.0                       0.0    0.0      0.0
  SINCE JUL 1      0.0                       0.0    0.0      0.0
  SNOW DEPTH       0

DEGREE DAYS
 HEATING
  TODAY            0                         1     -1        0
  MONTH TO DATE    0                         4     -4        0
  SINCE SEP 1      0                         4     -4        0
  SINCE JUL 1      2                        18    -16        5

 COOLING
  TODAY           14                         4     10        7
  MONTH TO DATE   53                        16     37       38
  SINCE SEP 1     53                        16     37       38
  SINCE JAN 1    838                       650    188      655
..................................................................


WIND (MPH)
  HIGHEST WIND SPEED     8   HIGHEST WIND DIRECTION     W (280)
  HIGHEST GUST SPEED    10   HIGHEST GUST DIRECTION    SW (230)
  AVERAGE WIND SPEED     3.5


SKY COVER
  POSSIBLE SUNSHINE  MM
  AVERAGE SKY COVER 0.3


WEATHER CONDITIONS
 THE FOLLOWING WEATHER WAS RECORDED TODAY.
  FOG
  HAZE


RELATIVE HUMIDITY (PERCENT)
 HIGHEST    93           700 AM
 LOWEST     44           300 PM
 AVERAGE    69

..........................................................


THE WILLIAMSPORT PA CLIMATE NORMALS FOR TOMORROW
                         NORMAL    RECORD    YEAR
 MAXIMUM TEMPERATURE (F)   77        95      1954
 MINIMUM TEMPERATURE (F)   57        42      1946


SUNRISE AND SUNSET
SEPTEMBER  4 2015.....SUNRISE   637 AM EDT   SUNSET   736 PM EDT
SEPTEMBER  5 2015.....SUNRISE   638 AM EDT   SUNSET   734 PM EDT


-  INDICATES NEGATIVE NUMBERS.
R  INDICATES RECORD WAS SET OR TIED.
MM INDICATES DATA IS MISSING.
T  INDICATES TRACE AMOUNT.




$$
