132
CDUS43 KEAX 270633
CLIIRK


CLIMATE REPORT
NATIONAL WEATHER SERVICE KANSAS CITY/PLEASANT HILL MO
133 AM CDT FRI MAY 27 2016


...................................

...THE KIRKSVILLE MO CLIMATE SUMMARY FOR MAY 26 2016...

CLIMATE NORMAL PERIOD 1981 TO 2010
CLIMATE RECORD PERIOD 9999 TO 9999


WEATHER ITEM   OBSERVED TIME   NORMAL DEPARTURE LAST
                VALUE   (LST)  VALUE  FROM      YEAR
                                      NORMAL
......................................................
TEMPERATURE (F)
 YESTERDAY
  MAXIMUM         80    326 PM  76      4       78
  MINIMUM         63   1159 PM  55      8       60
  AVERAGE         72            65      7       69

PRECIPITATION (IN)
  YESTERDAY        0.42          0.15   0.27     0.06
  MONTH TO DATE    3.46          4.13  -0.67     3.69
  SINCE MAR 1      8.44         10.52  -2.08     8.22
  SINCE JAN 1     11.03         13.32  -2.29    10.27

DEGREE DAYS
 HEATING
  YESTERDAY        0             2     -2        0
  MONTH TO DATE  170           141     29      106
  SINCE MAR 1   1031          1298   -267     1074
  SINCE JUL 1   4738          5831  -1093     5753

 COOLING
  YESTERDAY        7             3      4        4
  MONTH TO DATE   29            40    -11       52
  SINCE MAR 1     37            47    -10       55
  SINCE JAN 1     37            47    -10       55
......................................................


WIND (MPH)
  HIGHEST WIND SPEED    21   HIGHEST WIND DIRECTION     S (170)
  HIGHEST GUST SPEED    28   HIGHEST GUST DIRECTION     S (170)
  AVERAGE WIND SPEED     7.3


SKY COVER
  AVERAGE SKY COVER 0.4


WEATHER CONDITIONS
 THE FOLLOWING WEATHER WAS RECORDED YESTERDAY.
  THUNDERSTORM
  HEAVY RAIN
  RAIN
  LIGHT RAIN
  FOG


RELATIVE HUMIDITY (PERCENT)
 HIGHEST   100          1100 PM
 LOWEST     58          1100 AM
 AVERAGE    79

..........................................................


THE KIRKSVILLE MO CLIMATE NORMALS FOR TODAY
                         NORMAL
 MAXIMUM TEMPERATURE (F)   76
 MINIMUM TEMPERATURE (F)   56


SUNRISE AND SUNSET
MAY 27 2016...........SUNRISE   545 AM CDT   SUNSET   830 PM CDT
MAY 28 2016...........SUNRISE   545 AM CDT   SUNSET   831 PM CDT


-  INDICATES NEGATIVE NUMBERS.
R  INDICATES RECORD WAS SET OR TIED.
MM INDICATES DATA IS MISSING.
T  INDICATES TRACE AMOUNT.




$$
