000
CDUS43 KEAX 300637
CLIIRK


CLIMATE REPORT
NATIONAL WEATHER SERVICE KANSAS CITY/PLEASANT HILL MO
135 AM CDT SAT AUG 30 2014


...................................

...THE KIRKSVILLE MO CLIMATE SUMMARY FOR AUGUST 29 2014...

CLIMATE NORMAL PERIOD 1981 TO 2010
CLIMATE RECORD PERIOD 9999 TO 9999


WEATHER ITEM   OBSERVED TIME   NORMAL DEPARTURE LAST
                VALUE   (LST)  VALUE  FROM      YEAR
                                      NORMAL
......................................................
TEMPERATURE (F)
 YESTERDAY
  MAXIMUM         88   1216 PM  82      6       97
  MINIMUM         68    607 AM  60      8       67
  AVERAGE         78            71      7       82

PRECIPITATION (IN)
  YESTERDAY        0.24          0.15   0.09     0.00
  MONTH TO DATE    8.51          3.48   5.03      T
  SINCE JUN 1     18.74         12.92   5.82     5.42
  SINCE JAN 1     27.84         27.07   0.77    29.89

DEGREE DAYS
 HEATING
  YESTERDAY        0             0      0        0
  MONTH TO DATE    0             0      0        5
  SINCE JUN 1     12            17     -5       49
  SINCE JUL 1      6             1      5       13

 COOLING
  YESTERDAY       13             7      6       17
  MONTH TO DATE  285           263     22      239
  SINCE JUN 1    723           768    -45      703
  SINCE JAN 1    845           830     15      771
......................................................


WIND (MPH)
  HIGHEST WIND SPEED    17   HIGHEST WIND DIRECTION     S (190)
  HIGHEST GUST SPEED    25   HIGHEST GUST DIRECTION     W (280)
  AVERAGE WIND SPEED     8.3


SKY COVER
  AVERAGE SKY COVER 0.1


WEATHER CONDITIONS
 THE FOLLOWING WEATHER WAS RECORDED YESTERDAY.
  THUNDERSTORM
  HEAVY RAIN
  RAIN
  LIGHT RAIN
  FOG
  HAZE


RELATIVE HUMIDITY (PERCENT)
 HIGHEST    97           400 AM
 LOWEST     61          1100 AM
 AVERAGE    79

..........................................................


THE KIRKSVILLE MO CLIMATE NORMALS FOR TODAY
                         NORMAL
 MAXIMUM TEMPERATURE (F)   82
 MINIMUM TEMPERATURE (F)   60


SUNRISE AND SUNSET
AUGUST 30 2014........SUNRISE   636 AM CDT   SUNSET   745 PM CDT
AUGUST 31 2014........SUNRISE   637 AM CDT   SUNSET   743 PM CDT


-  INDICATES NEGATIVE NUMBERS.
R  INDICATES RECORD WAS SET OR TIED.
MM INDICATES DATA IS MISSING.
T  INDICATES TRACE AMOUNT.




$$
