000
CDUS43 KEAX 240633
CLIIRK


CLIMATE REPORT
NATIONAL WEATHER SERVICE KANSAS CITY/PLEASANT HILL MO
133 AM CDT MON APR 24 2017


...................................

...THE KIRKSVILLE MO CLIMATE SUMMARY FOR APRIL 23 2017...

CLIMATE NORMAL PERIOD 1981 TO 2010
CLIMATE RECORD PERIOD 9999 TO 9999


WEATHER ITEM   OBSERVED TIME   NORMAL DEPARTURE LAST
                VALUE   (LST)  VALUE  FROM      YEAR
                                      NORMAL
......................................................
TEMPERATURE (F)
 YESTERDAY
  MAXIMUM         72    345 PM  65      7       72
  MINIMUM         33    528 AM  43    -10       42
  AVERAGE         53            54     -1       57

PRECIPITATION (IN)
  YESTERDAY        0.00          0.15  -0.15     0.00
  MONTH TO DATE    2.80          2.66   0.14     1.88
  SINCE MAR 1      6.44          5.21   1.23     3.87
  SINCE JAN 1      8.30          8.01   0.29     6.46

DEGREE DAYS
 HEATING
  YESTERDAY       12            11      1        8
  MONTH TO DATE  197           334   -137      294
  SINCE MAR 1    839          1088   -249      820
  SINCE JUL 1   4368          5621  -1253     4527

 COOLING
  YESTERDAY        0             0      0        0
  MONTH TO DATE   24             0     24        2
  SINCE MAR 1     24             0     24        2
  SINCE JAN 1     24             0     24        2
......................................................


WIND (MPH)
  HIGHEST WIND SPEED    12   HIGHEST WIND DIRECTION    NE (40)
  HIGHEST GUST SPEED    14   HIGHEST GUST DIRECTION    NE (30)
  AVERAGE WIND SPEED     4.7


SKY COVER
  AVERAGE SKY COVER 0.0


WEATHER CONDITIONS
 THE FOLLOWING WEATHER WAS RECORDED YESTERDAY.
  NO SIGNIFICANT WEATHER WAS OBSERVED.


RELATIVE HUMIDITY (PERCENT)
 HIGHEST    96           400 AM
 LOWEST     20           200 PM
 AVERAGE    58

..........................................................


THE KIRKSVILLE MO CLIMATE NORMALS FOR TODAY
                         NORMAL
 MAXIMUM TEMPERATURE (F)   65
 MINIMUM TEMPERATURE (F)   44


SUNRISE AND SUNSET
APRIL 24 2017.........SUNRISE   619 AM CDT   SUNSET   758 PM CDT
APRIL 25 2017.........SUNRISE   617 AM CDT   SUNSET   759 PM CDT


-  INDICATES NEGATIVE NUMBERS.
R  INDICATES RECORD WAS SET OR TIED.
MM INDICATES DATA IS MISSING.
T  INDICATES TRACE AMOUNT.




$$
