132
CDUS43 KEAX 270645
CLIIRK


CLIMATE REPORT
NATIONAL WEATHER SERVICE KANSAS CITY/PLEASANT HILL MO
136 AM CDT THU JUL 27 2017


...................................

...THE KIRKSVILLE MO CLIMATE SUMMARY FOR JULY 26 2017...

CLIMATE NORMAL PERIOD 1981 TO 2010
CLIMATE RECORD PERIOD 9999 TO 9999


WEATHER ITEM   OBSERVED TIME   NORMAL DEPARTURE LAST
                VALUE   (LST)  VALUE  FROM      YEAR
                                      NORMAL
......................................................
TEMPERATURE (F)
 YESTERDAY
  MAXIMUM         85    318 PM  86     -1       88
  MINIMUM         70    202 AM  65      5       61
  AVERAGE         78            76      2       75

PRECIPITATION (IN)
  YESTERDAY        T             0.16  -0.16     0.00
  MONTH TO DATE    0.76          3.86  -3.10     2.12
  SINCE JUN 1      5.76          8.64  -2.88     3.61
  SINCE JAN 1     19.18         22.79  -3.61    15.90

DEGREE DAYS
 HEATING
  YESTERDAY        0             0      0        0
  MONTH TO DATE    0             0      0        6
  SINCE JUN 1      7            16     -9        6
  SINCE JUL 1      0             0      0        6

 COOLING
  YESTERDAY       13            11      2       10
  MONTH TO DATE  365           261    104      311
  SINCE JUN 1    613           453    160      634
  SINCE JAN 1    705           515    190      706
......................................................


WIND (MPH)
  HIGHEST WIND SPEED    10   HIGHEST WIND DIRECTION    SW (220)
  HIGHEST GUST SPEED    14   HIGHEST GUST DIRECTION    SW (230)
  AVERAGE WIND SPEED     4.3


SKY COVER
  AVERAGE SKY COVER 0.4


WEATHER CONDITIONS
 THE FOLLOWING WEATHER WAS RECORDED YESTERDAY.
  FOG


RELATIVE HUMIDITY (PERCENT)
 HIGHEST    94           700 AM
 LOWEST     74          1000 AM
 AVERAGE    84

..........................................................


THE KIRKSVILLE MO CLIMATE NORMALS FOR TODAY
                         NORMAL
 MAXIMUM TEMPERATURE (F)   86
 MINIMUM TEMPERATURE (F)   65


SUNRISE AND SUNSET
JULY 27 2017..........SUNRISE   604 AM CDT   SUNSET   829 PM CDT
JULY 28 2017..........SUNRISE   605 AM CDT   SUNSET   828 PM CDT


-  INDICATES NEGATIVE NUMBERS.
R  INDICATES RECORD WAS SET OR TIED.
MM INDICATES DATA IS MISSING.
T  INDICATES TRACE AMOUNT.




$$
