000
CDUS43 KEAX 242122
CLIIRK


CLIMATE REPORT
NATIONAL WEATHER SERVICE KANSAS CITY/PLEASANT HILL MO
421 PM CDT THU APR 24 2014


...................................

...THE KIRKSVILLE MO CLIMATE SUMMARY FOR APRIL 24 2014...
VALID AS OF 0400 PM LOCAL TIME.

CLIMATE NORMAL PERIOD 1981 TO 2010
CLIMATE RECORD PERIOD 9999 TO 9999


WEATHER ITEM   OBSERVED TIME   NORMAL DEPARTURE LAST
                VALUE   (LST)  VALUE  FROM      YEAR
                                      NORMAL
......................................................
TEMPERATURE (F)
 TODAY
  MAXIMUM         58    919 AM  65     -7       52
  MINIMUM         51   1153 AM  44      7       31
  AVERAGE         55            54      1       42

PRECIPITATION (IN)
  TODAY            0.51          0.16   0.35      T
  MONTH TO DATE    1.84          2.82  -0.98     6.79
  SINCE MAR 1      2.91          5.37  -2.46    10.13
  SINCE JAN 1      6.46          8.17  -1.71    15.58

DEGREE DAYS
 HEATING
  TODAY           10            11     -1       23
  MONTH TO DATE  354           345      9      427
  SINCE MAR 1   1256          1099    157     1409
  SINCE JUL 1   6226          5632    594     5789

 COOLING
  TODAY            0             0      0        0
  MONTH TO DATE    1             0      1        3
  SINCE MAR 1      1             0      1        3
  SINCE JAN 1      1             0      1        3
......................................................


WIND (MPH)
  HIGHEST WIND SPEED    23   HIGHEST WIND DIRECTION    SE (140)
  HIGHEST GUST SPEED    28   HIGHEST GUST DIRECTION    SE (140)
  AVERAGE WIND SPEED    14.3


SKY COVER
  AVERAGE SKY COVER 0.4


WEATHER CONDITIONS
 THE FOLLOWING WEATHER WAS RECORDED TODAY.
  THUNDERSTORM
  HEAVY RAIN
  RAIN
  LIGHT RAIN
  FOG


RELATIVE HUMIDITY (PERCENT)
 HIGHEST    96          1200 PM
 LOWEST     50          1200 AM
 AVERAGE    73

..........................................................


THE KIRKSVILLE MO CLIMATE NORMALS FOR TOMORROW
                         NORMAL
 MAXIMUM TEMPERATURE (F)   66
 MINIMUM TEMPERATURE (F)   44


SUNRISE AND SUNSET
APRIL 24 2014.........SUNRISE   619 AM CDT   SUNSET   758 PM CDT
APRIL 25 2014.........SUNRISE   618 AM CDT   SUNSET   759 PM CDT


-  INDICATES NEGATIVE NUMBERS.
R  INDICATES RECORD WAS SET OR TIED.
MM INDICATES DATA IS MISSING.
T  INDICATES TRACE AMOUNT.




$$
