000
CDUS43 KEAX 300632
CLIIRK


CLIMATE REPORT
NATIONAL WEATHER SERVICE KANSAS CITY/PLEASANT HILL MO
131 AM CDT TUE JUN 30 2015


...................................

...THE KIRKSVILLE MO CLIMATE SUMMARY FOR JUNE 29 2015...

CLIMATE NORMAL PERIOD 1981 TO 2010
CLIMATE RECORD PERIOD 9999 TO 9999


WEATHER ITEM   OBSERVED TIME   NORMAL DEPARTURE LAST
                VALUE   (LST)  VALUE  FROM      YEAR
                                      NORMAL
......................................................
TEMPERATURE (F)
 YESTERDAY
  MAXIMUM         85    249 PM  84      1       87
  MINIMUM         64    513 AM  63      1       66
  AVERAGE         75            74      1       77

PRECIPITATION (IN)
  YESTERDAY        0.00          0.10  -0.10      T
  MONTH TO DATE   11.09          4.68   6.41     7.32
  SINCE JUN 1     11.09          4.68   6.41     7.32
  SINCE JAN 1     21.85         18.83   3.02    16.42

DEGREE DAYS
 HEATING
  YESTERDAY        0             0      0        0
  MONTH TO DATE   15            12      3        6
  SINCE JUN 1     15            12      3        6
  SINCE JUL 1   5780          5852    -72     6434

 COOLING
  YESTERDAY       10             9      1       12
  MONTH TO DATE  234           183     51      232
  SINCE JUN 1    234           183     51      232
  SINCE JAN 1    302           245     57      354
......................................................


WIND (MPH)
  HIGHEST WIND SPEED    15   HIGHEST WIND DIRECTION    NW (300)
  HIGHEST GUST SPEED    20   HIGHEST GUST DIRECTION    NW (310)
  AVERAGE WIND SPEED     6.6


SKY COVER
  AVERAGE SKY COVER 0.1


WEATHER CONDITIONS
 THE FOLLOWING WEATHER WAS RECORDED YESTERDAY.
  HEAVY RAIN
  FOG


RELATIVE HUMIDITY (PERCENT)
 HIGHEST    93           100 AM
 LOWEST     48           200 PM
 AVERAGE    71

..........................................................


THE KIRKSVILLE MO CLIMATE NORMALS FOR TODAY
                         NORMAL
 MAXIMUM TEMPERATURE (F)   84
 MINIMUM TEMPERATURE (F)   64


SUNRISE AND SUNSET
JUNE 30 2015..........SUNRISE   544 AM CDT   SUNSET   843 PM CDT
JULY  1 2015..........SUNRISE   545 AM CDT   SUNSET   843 PM CDT


-  INDICATES NEGATIVE NUMBERS.
R  INDICATES RECORD WAS SET OR TIED.
MM INDICATES DATA IS MISSING.
T  INDICATES TRACE AMOUNT.




$$
