000
CDUS43 KEAX 220031
CLIIRK


CLIMATE REPORT
NATIONAL WEATHER SERVICE KANSAS CITY/PLEASANT HILL MO
631 PM CST SUN DEC 21 2014


...................................

...THE KIRKSVILLE MO CLIMATE SUMMARY FOR DECEMBER 21 2014...
VALID TODAY AS OF 0600 PM LOCAL TIME.

CLIMATE NORMAL PERIOD 1981 TO 2010
CLIMATE RECORD PERIOD 9999 TO 9999


WEATHER ITEM   OBSERVED TIME   NORMAL DEPARTURE LAST
                VALUE   (LST)  VALUE  FROM      YEAR
                                      NORMAL
......................................................
TEMPERATURE (F)
 TODAY
  MAXIMUM         45    204 PM  36      9       29
  MINIMUM         38    719 AM  19     19       25
  AVERAGE         42            27     15       27

PRECIPITATION (IN)
  TODAY            T             0.06  -0.06     0.19
  MONTH TO DATE    0.59          1.28  -0.69     1.07
  SINCE DEC 1      0.59          1.28  -0.69     1.07
  SINCE JAN 1     44.22         38.84   5.38    37.98

DEGREE DAYS
 HEATING
  TODAY           23            38    -15       38
  MONTH TO DATE  639           739   -100      803
  SINCE DEC 1    639           739   -100      803
  SINCE JUL 1   1960          1960      0     2070

 COOLING
  TODAY            0             0      0        0
  MONTH TO DATE    0             0      0        0
  SINCE DEC 1      0             0      0        0
  SINCE JAN 1    958           939     19     1028
......................................................


WIND (MPH)
  HIGHEST WIND SPEED    17   HIGHEST WIND DIRECTION     S (180)
  HIGHEST GUST SPEED    22   HIGHEST GUST DIRECTION     S (170)
  AVERAGE WIND SPEED    10.1


SKY COVER
  AVERAGE SKY COVER 1.0


WEATHER CONDITIONS
 THE FOLLOWING WEATHER WAS RECORDED TODAY.
  LIGHT RAIN
  FOG


RELATIVE HUMIDITY (PERCENT)
 HIGHEST    92          1200 AM
 LOWEST     82          1200 PM
 AVERAGE    87

..........................................................


THE KIRKSVILLE MO CLIMATE NORMALS FOR TOMORROW
                         NORMAL
 MAXIMUM TEMPERATURE (F)   35
 MINIMUM TEMPERATURE (F)   19


SUNRISE AND SUNSET
DECEMBER 21 2014......SUNRISE   729 AM CST   SUNSET   448 PM CST
DECEMBER 22 2014......SUNRISE   729 AM CST   SUNSET   448 PM CST


-  INDICATES NEGATIVE NUMBERS.
R  INDICATES RECORD WAS SET OR TIED.
MM INDICATES DATA IS MISSING.
T  INDICATES TRACE AMOUNT.




$$
