000
CDUS43 KBIS 060751
CLIISN


CLIMATE REPORT
NATIONAL WEATHER SERVICE BISMARCK ND
150 AM CST TUE DEC 6 2016


...................................

...THE WILLISTON ND CLIMATE SUMMARY FOR DECEMBER 5 2016...

CLIMATE NORMAL PERIOD 1981 TO 2010
CLIMATE RECORD PERIOD 1894 TO 2016


WEATHER ITEM   OBSERVED TIME   RECORD YEAR NORMAL DEPARTURE LAST
                VALUE   (LST)  VALUE       VALUE  FROM      YEAR
                                                  NORMAL
..................................................................
TEMPERATURE (F)
 YESTERDAY
  MAXIMUM         30    608 AM  60    1939  27      3       47
  MINIMUM         10   1159 PM -28    1994   7      3       20
                                      1972
  AVERAGE         20                        17      3       34

PRECIPITATION (IN)
  YESTERDAY        0.08          0.51 2001   0.02   0.06     0.00
  MONTH TO DATE    0.15                      0.10   0.05     0.00
  SINCE DEC 1      0.15                      0.10   0.05     0.00
  SINCE JAN 1     14.74                     13.85   0.89    11.49

SNOWFALL (IN)
  YESTERDAY       MM
  SNOW DEPTH      MM

DEGREE DAYS
 HEATING
  YESTERDAY       45                        48     -3       31
  MONTH TO DATE  197                       236    -39      184
  SINCE DEC 1    197                       236    -39      184
  SINCE JUL 1   1776                      2398   -622     1934

 COOLING
  YESTERDAY        0                         0      0        0
  MONTH TO DATE    0                         0      0        0
  SINCE DEC 1      0                         0      0        0
  SINCE JAN 1    521                       456     65      612
..................................................................


WIND (MPH)
  HIGHEST WIND SPEED    37   HIGHEST WIND DIRECTION    NW (300)
  HIGHEST GUST SPEED    46   HIGHEST GUST DIRECTION    NW (300)
  AVERAGE WIND SPEED    20.7


SKY COVER
  POSSIBLE SUNSHINE  MM
  AVERAGE SKY COVER 1.0


WEATHER CONDITIONS
 THE FOLLOWING WEATHER WAS RECORDED YESTERDAY.
  HEAVY SNOW
  SNOW
  LIGHT SNOW
  FOG
  FOG W/VISIBILITY <= 1/4 MILE
  HAZE
  BLOWING SNOW


RELATIVE HUMIDITY (PERCENT)
 HIGHEST    92           300 AM
 LOWEST     76           600 PM
 AVERAGE    84

..........................................................


THE WILLISTON ND CLIMATE NORMALS FOR TODAY
                         NORMAL    RECORD    YEAR
 MAXIMUM TEMPERATURE (F)   27        63      1939
 MINIMUM TEMPERATURE (F)    6       -30      1972


SUNRISE AND SUNSET
DECEMBER  6 2016......SUNRISE   830 AM CST   SUNSET   501 PM CST
DECEMBER  7 2016......SUNRISE   832 AM CST   SUNSET   501 PM CST


-  INDICATES NEGATIVE NUMBERS.
R  INDICATES RECORD WAS SET OR TIED.
MM INDICATES DATA IS MISSING.
T  INDICATES TRACE AMOUNT.




$$
