000
CDUS43 KBIS 130036
CLIISN


CLIMATE REPORT
NATIONAL WEATHER SERVICE BISMARCK ND
736 PM CDT SAT JUL 12 2014


...................................

...THE WILLISTON ND CLIMATE SUMMARY FOR JULY 12 2014...
VALID TODAY AS OF 0700 PM LOCAL TIME.

CLIMATE NORMAL PERIOD 1981 TO 2010
CLIMATE RECORD PERIOD 1894 TO 2014


WEATHER ITEM   OBSERVED TIME   RECORD YEAR NORMAL DEPARTURE LAST
                VALUE   (LST)  VALUE       VALUE  FROM      YEAR
                                                  NORMAL
..................................................................
TEMPERATURE (F)
 TODAY
  MAXIMUM         86    325 PM 100    2006  84      2       90
                                      1968
  MINIMUM         50    504 AM  41    1993  56     -6       67
  AVERAGE         68                        70     -2       79

PRECIPITATION (IN)
  TODAY            0.00          0.98 1948   0.09  -0.09      T
  MONTH TO DATE    0.07                      1.16  -1.09     0.72
  SINCE JUN 1      1.51                      3.68  -2.17     4.88
  SINCE JAN 1      5.60                      8.29  -2.69    12.69

SNOWFALL (IN)
  TODAY           MM

DEGREE DAYS
 HEATING
  TODAY            0                         1     -1        0
  MONTH TO DATE    8                        14     -6        0
  SINCE JUN 1    118                       134    -16      128
  SINCE JUL 1      8                        14     -6        0

 COOLING
  TODAY            3                         6     -3       14
  MONTH TO DATE   71                        57     14       77
  SINCE JUN 1     99                       125    -26      104
  SINCE JAN 1    120                       138    -18      112
..................................................................


WIND (MPH)
  HIGHEST WIND SPEED    25   HIGHEST WIND DIRECTION    NW (310)
  HIGHEST GUST SPEED    34   HIGHEST GUST DIRECTION    NW (300)
  AVERAGE WIND SPEED     9.6


SKY COVER
  POSSIBLE SUNSHINE  MM
  AVERAGE SKY COVER 0.4


WEATHER CONDITIONS
 THE FOLLOWING WEATHER WAS RECORDED TODAY.
  NO SIGNIFICANT WEATHER WAS OBSERVED.


RELATIVE HUMIDITY (PERCENT)
 HIGHEST    93           300 AM
 LOWEST     25           300 PM
 AVERAGE    59

..........................................................


THE WILLISTON ND CLIMATE NORMALS FOR TOMORROW
                         NORMAL    RECORD    YEAR
 MAXIMUM TEMPERATURE (F)   84        98      1925
 MINIMUM TEMPERATURE (F)   56        41      1967


SUNRISE AND SUNSET
JULY 12 2014..........SUNRISE   607 AM CDT   SUNSET   953 PM CDT
JULY 13 2014..........SUNRISE   608 AM CDT   SUNSET   952 PM CDT


-  INDICATES NEGATIVE NUMBERS.
R  INDICATES RECORD WAS SET OR TIED.
MM INDICATES DATA IS MISSING.
T  INDICATES TRACE AMOUNT.




$$
