000
CDUS43 KBIS 300040
CLIISN


CLIMATE REPORT
NATIONAL WEATHER SERVICE BISMARCK ND
739 PM CDT MON JUN 29 2015


...................................

...THE WILLISTON ND CLIMATE SUMMARY FOR JUNE 29 2015...
VALID TODAY AS OF 0700 PM LOCAL TIME.

CLIMATE NORMAL PERIOD 1981 TO 2010
CLIMATE RECORD PERIOD 1894 TO 2015


WEATHER ITEM   OBSERVED TIME   RECORD YEAR NORMAL DEPARTURE LAST
                VALUE   (LST)  VALUE       VALUE  FROM      YEAR
                                                  NORMAL
..................................................................
TEMPERATURE (F)
 TODAY
  MAXIMUM         99    410 PM 101    1937  81     18       78
  MINIMUM         56    441 AM  40    2003  53      3       58
                                      1995
  AVERAGE         78                        67     11       68

PRECIPITATION (IN)
  TODAY            0.00          0.98 1916   0.08  -0.08     0.00
  MONTH TO DATE    1.89                      2.43  -0.54     1.09
  SINCE JUN 1      1.89                      2.43  -0.54     1.09
  SINCE JAN 1      5.39                      7.04  -1.65     5.18

SNOWFALL (IN)
  TODAY           MM

DEGREE DAYS
 HEATING
  TODAY            0                         2     -2        0
  MONTH TO DATE   54                       118    -64      105
  SINCE JUN 1     54                       118    -64      105
  SINCE JUL 1   8412                      8992   -580     9334

 COOLING
  TODAY           13                         4      9        3
  MONTH TO DATE   94                        63     31       28
  SINCE JUN 1     94                        63     31       28
  SINCE JAN 1     95                        76     19       49
..................................................................


WIND (MPH)
  HIGHEST WIND SPEED    23   HIGHEST WIND DIRECTION     N (10)
  HIGHEST GUST SPEED    28   HIGHEST GUST DIRECTION    NE (50)
  AVERAGE WIND SPEED     6.2


SKY COVER
  POSSIBLE SUNSHINE  MM
  AVERAGE SKY COVER 0.1


WEATHER CONDITIONS
 THE FOLLOWING WEATHER WAS RECORDED TODAY.
  NO SIGNIFICANT WEATHER WAS OBSERVED.


RELATIVE HUMIDITY (PERCENT)
 HIGHEST    87           300 AM
 LOWEST     21           400 PM
 AVERAGE    54

..........................................................


THE WILLISTON ND CLIMATE NORMALS FOR TOMORROW
                         NORMAL    RECORD    YEAR
 MAXIMUM TEMPERATURE (F)   81        98      1912
 MINIMUM TEMPERATURE (F)   53        34      1995


SUNRISE AND SUNSET
JUNE 29 2015..........SUNRISE   557 AM CDT   SUNSET   959 PM CDT
JUNE 30 2015..........SUNRISE   558 AM CDT   SUNSET   959 PM CDT


-  INDICATES NEGATIVE NUMBERS.
R  INDICATES RECORD WAS SET OR TIED.
MM INDICATES DATA IS MISSING.
T  INDICATES TRACE AMOUNT.




$$
