000
CDUS43 KBIS 020028
CLIISN


CLIMATE REPORT
NATIONAL WEATHER SERVICE BISMARCK ND
628 PM CST SUN MAR 1 2015


...................................

...THE WILLISTON ND CLIMATE SUMMARY FOR MARCH 1 2015...
VALID TODAY AS OF 0600 PM LOCAL TIME.

CLIMATE NORMAL PERIOD 1981 TO 2010
CLIMATE RECORD PERIOD 1894 TO 2015


WEATHER ITEM   OBSERVED TIME   RECORD YEAR NORMAL DEPARTURE LAST
                VALUE   (LST)  VALUE       VALUE  FROM      YEAR
                                                  NORMAL
..................................................................
TEMPERATURE (F)
 TODAY
  MAXIMUM         26    509 PM  67    1992  33     -7       -9
  MINIMUM          7   1257 AM -28    2003  12     -5      -22
  AVERAGE         17                        22     -5      -15

PRECIPITATION (IN)
  TODAY            T             0.26 1976   0.02  -0.02     0.00
  MONTH TO DATE    T                         0.02  -0.02     0.00
  SINCE MAR 1      T                         0.02  -0.02     0.00
  SINCE JAN 1      0.94                      1.00  -0.06     0.44

SNOWFALL (IN)
  TODAY           MM

DEGREE DAYS
 HEATING
  TODAY           48                        43      5       80
  MONTH TO DATE   48                        43      5       80
  SINCE MAR 1     48                        43      5       80
  SINCE JUL 1   6564                      6811   -247     7029

 COOLING
  TODAY            0                         0      0        0
  MONTH TO DATE    0                         0      0        0
  SINCE MAR 1      0                         0      0        0
  SINCE JAN 1      0                         0      0        0
..................................................................


WIND (MPH)
  HIGHEST WIND SPEED    18   HIGHEST WIND DIRECTION    NW (310)
  HIGHEST GUST SPEED    22   HIGHEST GUST DIRECTION    NW (310)
  AVERAGE WIND SPEED     7.9


SKY COVER
  POSSIBLE SUNSHINE  MM
  AVERAGE SKY COVER 0.6


WEATHER CONDITIONS
 THE FOLLOWING WEATHER WAS RECORDED TODAY.
  FOG


RELATIVE HUMIDITY (PERCENT)
 HIGHEST    84           400 AM
 LOWEST     42           500 PM
 AVERAGE    63

..........................................................


THE WILLISTON ND CLIMATE NORMALS FOR TOMORROW
                         NORMAL    RECORD    YEAR
 MAXIMUM TEMPERATURE (F)   33        57      2000
 MINIMUM TEMPERATURE (F)   12       -30      2003


SUNRISE AND SUNSET
MARCH  1 2015.........SUNRISE   736 AM CST   SUNSET   638 PM CST
MARCH  2 2015.........SUNRISE   734 AM CST   SUNSET   640 PM CST


-  INDICATES NEGATIVE NUMBERS.
R  INDICATES RECORD WAS SET OR TIED.
MM INDICATES DATA IS MISSING.
T  INDICATES TRACE AMOUNT.




$$
