000
CDUS43 KBIS 270810
CLIISN


CLIMATE REPORT
NATIONAL WEATHER SERVICE BISMARCK ND
309 AM CDT WED JUL 27 2016


...................................

...THE WILLISTON ND CLIMATE SUMMARY FOR JULY 26 2016...

CLIMATE NORMAL PERIOD 1981 TO 2010
CLIMATE RECORD PERIOD 1894 TO 2016


WEATHER ITEM   OBSERVED TIME   RECORD YEAR NORMAL DEPARTURE LAST
                VALUE   (LST)  VALUE       VALUE  FROM      YEAR
                                                  NORMAL
..................................................................
TEMPERATURE (F)
 YESTERDAY
  MAXIMUM         81    355 PM 104    1929  86     -5       92
  MINIMUM         62    449 AM  42    1994  57      5       58
                                      1967
  AVERAGE         72                        72      0       75

PRECIPITATION (IN)
  YESTERDAY        T             1.70 1938   0.06  -0.06     0.00
  MONTH TO DATE    2.31                      2.23   0.08     1.00
  SINCE JUN 1      4.15                      4.75  -0.60     2.90
  SINCE JAN 1      9.22                      9.36  -0.14     6.40

SNOWFALL (IN)
  YESTERDAY       MM
  SNOW DEPTH      MM

DEGREE DAYS
 HEATING
  YESTERDAY        0                         0      0        0
  MONTH TO DATE    1                        21    -20        3
  SINCE JUN 1     17                       141   -124       57
  SINCE JUL 1      1                        21    -20        3

 COOLING
  YESTERDAY        7                         7      0       10
  MONTH TO DATE  181                       147     34      217
  SINCE JUN 1    277                       215     62      320
  SINCE JAN 1    287                       228     59      321
..................................................................


WIND (MPH)
  HIGHEST WIND SPEED    15   HIGHEST WIND DIRECTION    NE (60)
  HIGHEST GUST SPEED    19   HIGHEST GUST DIRECTION    NE (30)
  AVERAGE WIND SPEED     8.1


SKY COVER
  POSSIBLE SUNSHINE  MM
  AVERAGE SKY COVER 0.2


WEATHER CONDITIONS
 THE FOLLOWING WEATHER WAS RECORDED YESTERDAY.
  NO SIGNIFICANT WEATHER WAS OBSERVED.


RELATIVE HUMIDITY (PERCENT)
 HIGHEST    90           500 AM
 LOWEST     42           400 PM
 AVERAGE    66

..........................................................


THE WILLISTON ND CLIMATE NORMALS FOR TODAY
                         NORMAL    RECORD    YEAR
 MAXIMUM TEMPERATURE (F)   86       108      1988
 MINIMUM TEMPERATURE (F)   57        40      1908


SUNRISE AND SUNSET
JULY 27 2016..........SUNRISE   624 AM CDT   SUNSET   937 PM CDT
JULY 28 2016..........SUNRISE   626 AM CDT   SUNSET   935 PM CDT


-  INDICATES NEGATIVE NUMBERS.
R  INDICATES RECORD WAS SET OR TIED.
MM INDICATES DATA IS MISSING.
T  INDICATES TRACE AMOUNT.




$$
