000
CDUS41 KOKX 300623
CLIISP


CLIMATE REPORT
NATIONAL WEATHER SERVICE NEW YORK NY
223 AM EDT SAT JUL 30 2016


...................................

...THE ISLIP NY CLIMATE SUMMARY FOR JULY 29 2016...

CLIMATE NORMAL PERIOD 1981 TO 2010
CLIMATE RECORD PERIOD 1984 TO 2016


WEATHER ITEM   OBSERVED TIME   RECORD YEAR NORMAL DEPARTURE LAST
                VALUE   (LST)  VALUE       VALUE  FROM      YEAR
                                                  NORMAL
..................................................................
TEMPERATURE (F)
 YESTERDAY
  MAXIMUM         83    526 PM  96    2002  82      1       92
  MINIMUM         68    839 AM  58    1984  67      1       71
  AVERAGE         76                        74      2       82

PRECIPITATION (IN)
  YESTERDAY        1.00R         0.81 1986   0.12   0.88     0.00
  MONTH TO DATE    3.09                      3.18  -0.09     1.41
  SINCE JUN 1      4.22                      7.45  -3.23     5.46
  SINCE JAN 1     21.41                     26.91  -5.50    20.55

SNOWFALL (IN)
  YESTERDAY        0.0          MM      MM   0.0    0.0      0.0
  MONTH TO DATE    0.0                       0.0    0.0      0.0
  SINCE OCT 1     41.4                      24.8   16.6     63.7
  SINCE JUL 1      0.0                       0.0    0.0      0.0
  SNOW DEPTH       0

DEGREE DAYS
 HEATING
  YESTERDAY        0                         0      0        0
  MONTH TO DATE    0                         0      0        0
  SINCE JUN 1      8                        38    -30       46
  SINCE JUL 1      0                         0      0        0

 COOLING
  YESTERDAY       11                         9      2       17
  MONTH TO DATE  350                       254     96      310
  SINCE JUN 1    489                       394     95      462
  SINCE JAN 1    533                       418    115      512
..................................................................


WIND (MPH)
  HIGHEST WIND SPEED    20   HIGHEST WIND DIRECTION    NE (40)
  HIGHEST GUST SPEED    25   HIGHEST GUST DIRECTION     N (20)
  AVERAGE WIND SPEED     8.5


SKY COVER
  AVERAGE SKY COVER 0.7


WEATHER CONDITIONS
 THE FOLLOWING WEATHER WAS RECORDED YESTERDAY.
  HEAVY RAIN
  RAIN
  LIGHT RAIN
  FOG


RELATIVE HUMIDITY (PERCENT)
 HIGHEST    97           900 AM
 LOWEST     55           400 PM
 AVERAGE    76

..........................................................


THE ISLIP NY CLIMATE NORMALS FOR TODAY
                         NORMAL    RECORD    YEAR
 MAXIMUM TEMPERATURE (F)   82        95      1988
 MINIMUM TEMPERATURE (F)   67        58      2001


SUNRISE AND SUNSET
JULY 30 2016..........SUNRISE   547 AM EDT   SUNSET   810 PM EDT
JULY 31 2016..........SUNRISE   548 AM EDT   SUNSET   809 PM EDT


-  INDICATES NEGATIVE NUMBERS.
R  INDICATES RECORD WAS SET OR TIED.
MM INDICATES DATA IS MISSING.
T  INDICATES TRACE AMOUNT.




$$
