000
CDUS41 KOKX 020616
CLIISP


CLIMATE REPORT
NATIONAL WEATHER SERVICE NEW YORK NY
216 AM EDT THU OCT 2 2014


...................................

...THE ISLIP NY CLIMATE SUMMARY FOR OCTOBER 1 2014...

CLIMATE NORMAL PERIOD 1981 TO 2010
CLIMATE RECORD PERIOD 1986 TO 2014


WEATHER ITEM   OBSERVED TIME   RECORD YEAR NORMAL DEPARTURE LAST
                VALUE   (LST)  VALUE       VALUE  FROM      YEAR
                                                  NORMAL
..................................................................
TEMPERATURE (F)
 YESTERDAY
  MAXIMUM         65   1115 AM  83    1986  68     -3       81
  MINIMUM         59   1159 PM  37    1992  51      8       51
  AVERAGE         62                        60      2       66

PRECIPITATION (IN)
  YESTERDAY        0.05          0.78 1984   0.13  -0.08     0.00
  MONTH TO DATE    0.05                      0.13  -0.08     0.00
  SINCE SEP 1      1.67                      3.71  -2.04     1.83
  SINCE JAN 1     42.23                     34.85   7.38    30.39

SNOWFALL (IN)
  YESTERDAY        0.0          MM      MM   0.0    0.0      0.0
  MONTH TO DATE    0.0                       0.0    0.0      0.0
  SINCE OCT 1      0.0                       0.0    0.0      0.0
  SINCE JUL 1      0.0                       0.0    0.0      0.0
  SNOW DEPTH       0

DEGREE DAYS
 HEATING
  YESTERDAY        3                         6     -3        0
  MONTH TO DATE    3                         6     -3        0
  SINCE SEP 1     47                        78    -31       83
  SINCE JUL 1     47                        83    -36       83

 COOLING
  YESTERDAY        0                         1     -1        1
  MONTH TO DATE    0                         1     -1        1
  SINCE SEP 1    124                        92     32       85
  SINCE JAN 1    871                       778     93      932
..................................................................


WIND (MPH)
  HIGHEST WIND SPEED    16   HIGHEST WIND DIRECTION     N (20)
  HIGHEST GUST SPEED    21   HIGHEST GUST DIRECTION    NE (40)
  AVERAGE WIND SPEED     9.6


SKY COVER
  AVERAGE SKY COVER 1.0


WEATHER CONDITIONS
 THE FOLLOWING WEATHER WAS RECORDED YESTERDAY.
  LIGHT RAIN
  FOG


RELATIVE HUMIDITY (PERCENT)
 HIGHEST    97           800 AM
 LOWEST     78          1200 PM
 AVERAGE    88

..........................................................


THE ISLIP NY CLIMATE NORMALS FOR TODAY
                         NORMAL    RECORD    YEAR
 MAXIMUM TEMPERATURE (F)   68        84      2013
 MINIMUM TEMPERATURE (F)   51        36      1997


SUNRISE AND SUNSET
OCTOBER  2 2014.......SUNRISE   650 AM EDT   SUNSET   633 PM EDT
OCTOBER  3 2014.......SUNRISE   651 AM EDT   SUNSET   631 PM EDT


-  INDICATES NEGATIVE NUMBERS.
R  INDICATES RECORD WAS SET OR TIED.
MM INDICATES DATA IS MISSING.
T  INDICATES TRACE AMOUNT.




$$
