000
CDUS41 KOKX 280635
CLIISP


CLIMATE REPORT
NATIONAL WEATHER SERVICE NEW YORK NY
135 AM EST SAT FEB 28 2015


...................................

...THE ISLIP NY CLIMATE SUMMARY FOR FEBRUARY 27 2015...

CLIMATE NORMAL PERIOD 1981 TO 2010
CLIMATE RECORD PERIOD 1986 TO 2015


WEATHER ITEM   OBSERVED TIME   RECORD YEAR NORMAL DEPARTURE LAST
                VALUE   (LST)  VALUE       VALUE  FROM      YEAR
                                                  NORMAL
..................................................................
TEMPERATURE (F)
 YESTERDAY
  MAXIMUM         28    359 PM  63    1997  43    -15       33
  MINIMUM         18    646 AM   9    1990  27     -9       12
  AVERAGE         23                        35    -12       23

PRECIPITATION (IN)
  YESTERDAY        0.00          1.04 2013   0.14  -0.14      T
  MONTH TO DATE    2.69                      3.12  -0.43     4.36
  SINCE DEC 1     14.06                     10.82   3.24    14.14
  SINCE JAN 1      7.94                      6.76   1.18     8.34

SNOWFALL (IN)
  YESTERDAY        0.0           1.3  1991   0.3   -0.3       T
  MONTH TO DATE   13.4                       6.9    6.5     24.5
  SINCE OCT 1     44.0                      19.5   24.5     58.1
  SINCE JUL 1     44.0                      19.5   24.5     58.1
  SNOW DEPTH       0

DEGREE DAYS
 HEATING
  YESTERDAY       42                        30     12       42
  MONTH TO DATE 1164                       873    291      933
  SINCE DEC 1   3063                      2849    214     2941
  SINCE JUL 1   3976                      3865    111     3905

 COOLING
  YESTERDAY        0                         0      0        0
  MONTH TO DATE    0                         0      0        0
  SINCE DEC 1      0                         0      0        0
  SINCE JAN 1      0                         0      0        0
..................................................................


WIND (MPH)
  HIGHEST WIND SPEED    16   HIGHEST WIND DIRECTION     N (350)
  HIGHEST GUST SPEED    20   HIGHEST GUST DIRECTION    NW (320)
  AVERAGE WIND SPEED     8.4


SKY COVER
  AVERAGE SKY COVER 0.3


WEATHER CONDITIONS
 THE FOLLOWING WEATHER WAS RECORDED YESTERDAY.
  NO SIGNIFICANT WEATHER WAS OBSERVED.


RELATIVE HUMIDITY (PERCENT)
 HIGHEST    73           100 AM
 LOWEST     34           400 PM
 AVERAGE    54

..........................................................


THE ISLIP NY CLIMATE NORMALS FOR TODAY
                         NORMAL    RECORD    YEAR
 MAXIMUM TEMPERATURE (F)   43        63      1997
 MINIMUM TEMPERATURE (F)   27        10      2014


SUNRISE AND SUNSET
FEBRUARY 28 2015......SUNRISE   628 AM EST   SUNSET   542 PM EST
MARCH  1 2015.........SUNRISE   627 AM EST   SUNSET   543 PM EST


-  INDICATES NEGATIVE NUMBERS.
R  INDICATES RECORD WAS SET OR TIED.
MM INDICATES DATA IS MISSING.
T  INDICATES TRACE AMOUNT.




$$
