000
CDCA42 TJSJ 160446
CLIISX


CLIMATE REPORT
NATIONAL WEATHER SERVICE SAN JUAN, PR
1245 AM AST TUE SEP 16 2014


...................................

...THE HENRY E. ROHLSEN AIRPORT/USVI CLIMATE SUMMARY FOR SEPTEMBER 15 2014...

CLIMATE NORMAL PERIOD 1981 TO 2010
CLIMATE RECORD PERIOD 1951 TO 2014


WEATHER ITEM   OBSERVED TIME   RECORD YEAR NORMAL DEPARTURE LAST
                VALUE   (LST)  VALUE       VALUE  FROM      YEAR
                                                  NORMAL
..................................................................
TEMPERATURE (F)
 YESTERDAY
  MAXIMUM         90    106 PM  95    1972  89      1       88
  MINIMUM         76    620 AM  65    1975  77     -1       78
  AVERAGE         83                        83      0       83

PRECIPITATION (IN)
  YESTERDAY        0.00          4.68 2004   0.16  -0.16      T
  MONTH TO DATE    1.34                      2.42  -1.08     4.67
  SINCE SEP 1      1.34                      2.42  -1.08     4.67
  SINCE JAN 1     21.52                     22.55  -1.03    26.39

SNOWFALL (IN)
  YESTERDAY        0.0
  MONTH TO DATE    0.0
  SINCE SEP 1      0.0
  SINCE JUL 1      0.0

DEGREE DAYS
 HEATING
  YESTERDAY        0                         0      0        0
  MONTH TO DATE    0                         0      0        0
  SINCE SEP 1      0                         0      0        0
  SINCE JUL 1      0                         0      0        0

 COOLING
  YESTERDAY       18                        18      0       18
  MONTH TO DATE  276                       276      0      270
  SINCE SEP 1    276                       276      0      270
  SINCE JAN 1   4286                      4129    157     3934
..................................................................


WIND (MPH)
  RESULTANT WIND SPEED   5   RESULTANT WIND DIRECTION   E (80)
  HIGHEST WIND SPEED    13   HIGHEST WIND DIRECTION     E (100)
  HIGHEST GUST SPEED    MM   HIGHEST GUST DIRECTION    MM
  AVERAGE WIND SPEED     7.2


SKY COVER
  AVERAGE SKY COVER 0.2


WEATHER CONDITIONS
 THE FOLLOWING WEATHER WAS RECORDED YESTERDAY.
  NO SIGNIFICANT WEATHER WAS OBSERVED.


RELATIVE HUMIDITY (PERCENT)
 HIGHEST    94
 LOWEST     61
 AVERAGE    78

..........................................................


THE HENRY E. ROHLSEN AIRPORT/USVI CLIMATE NORMALS FOR TODAY
                         NORMAL    RECORD    YEAR
 MAXIMUM TEMPERATURE (F)   89        92      2012
                                             1993
 MINIMUM TEMPERATURE (F)   77        69      1980


SUNRISE AND SUNSET
SEPTEMBER 16 2014.....SUNRISE   607 AM AST   SUNSET   620 PM AST
SEPTEMBER 17 2014.....SUNRISE   607 AM AST   SUNSET   620 PM AST


-  INDICATES NEGATIVE NUMBERS.
R  INDICATES RECORD WAS SET OR TIED.
MM INDICATES DATA IS MISSING.
T  INDICATES TRACE AMOUNT.




$$
