000
CDCA42 TJSJ 242125
CLIISX


CLIMATE REPORT
NATIONAL WEATHER SERVICE SAN JUAN, PR
525 PM AST SAT FEB 24 2018


...................................

...THE HENRY E. ROHLSEN AP/ST CROIX CLIMATE SUMMARY FOR FEBRUARY 24 2018...
VALID TODAY AS OF 0500 PM LOCAL TIME.

CLIMATE NORMAL PERIOD 1981 TO 2010
CLIMATE RECORD PERIOD 1951 TO 2018


WEATHER ITEM   OBSERVED TIME   RECORD YEAR NORMAL DEPARTURE LAST
                VALUE   (LST)  VALUE       VALUE  FROM      YEAR
                                                  NORMAL
..................................................................
TEMPERATURE (F)
 TODAY
  MAXIMUM         84    114 PM  87    2016  84      0       85
  MINIMUM         72    510 AM  62    1981  72      0       69
  AVERAGE         78                        78      0       77

PRECIPITATION (IN)
  TODAY            T             0.70 1978   0.05  -0.05      T
  MONTH TO DATE    1.19                      1.42  -0.23     0.67
  SINCE DEC 1      6.04                      6.53  -0.49     5.89
  SINCE JAN 1      1.58                      3.56  -1.98     1.60

SNOWFALL (IN)
  TODAY            0.0                       0.0    0.0      0.0
  MONTH TO DATE    0.0                       0.0    0.0      0.0
  SINCE DEC 1      0.0                       0.0    0.0      0.0
  SINCE JUL 1      0.0                       0.0    0.0      0.0

DEGREE DAYS
 HEATING
  TODAY            0                         0      0        0
  MONTH TO DATE    0                         0      0        0
  SINCE DEC 1      0                         0      0        0
  SINCE JUL 1      0                         0      0        0

 COOLING
  TODAY           13                        13      0       12
  MONTH TO DATE  305                       312     -7      310
  SINCE DEC 1   1122                      1157    -35     1179
  SINCE JAN 1    685                       721    -36      713
..................................................................


WIND (MPH)
  HIGHEST WIND SPEED    24   HIGHEST WIND DIRECTION     E (70)
  HIGHEST GUST SPEED    32   HIGHEST GUST DIRECTION    NE (50)
  AVERAGE WIND SPEED    13.8


SKY COVER
  AVERAGE SKY COVER 0.3


WEATHER CONDITIONS
 THE FOLLOWING WEATHER WAS RECORDED TODAY.
  LIGHT RAIN


RELATIVE HUMIDITY (PERCENT)
 HIGHEST    84
 LOWEST     55
 AVERAGE    70

..........................................................


THE HENRY E. ROHLSEN AP/ST CROIX CLIMATE NORMALS FOR TOMORROW
                         NORMAL    RECORD    YEAR
 MAXIMUM TEMPERATURE (F)   84        89      1973
 MINIMUM TEMPERATURE (F)   72        66      2002


SUNRISE AND SUNSET
FEBRUARY 24 2018......SUNRISE   641 AM AST   SUNSET   624 PM AST
FEBRUARY 25 2018......SUNRISE   640 AM AST   SUNSET   624 PM AST


-  INDICATES NEGATIVE NUMBERS.
R  INDICATES RECORD WAS SET OR TIED.
MM INDICATES DATA IS MISSING.
T  INDICATES TRACE AMOUNT.




$$
