000
CDHW43 PHFO 020245
CLIITO


CLIMATE REPORT
NATIONAL WEATHER SERVICE HONOLULU HI
445 PM HST FRI AUG 1 2014


...................................

...THE HILO HI CLIMATE SUMMARY FOR AUGUST 1 2014...
VALID TODAY AS OF 0400 PM LOCAL TIME.

CLIMATE NORMAL PERIOD 1981 TO 2010
CLIMATE RECORD PERIOD 1946 TO 2014


WEATHER ITEM   OBSERVED TIME   RECORD YEAR NORMAL DEPARTURE LAST
                VALUE   (LST)  VALUE       VALUE  FROM      YEAR
                                                  NORMAL
..................................................................
TEMPERATURE (F)
 TODAY
  MAXIMUM         78    218 PM  87    2007  83     -5       86
                                      1993
  MINIMUM         72    642 AM  63    1955  70      2       69
  AVERAGE         75                        76     -1       78

PRECIPITATION (IN)
  TODAY            0.91          3.10 1982   0.37   0.54     0.13
  MONTH TO DATE    0.91                      0.37   0.54     0.13
  SINCE JUN 1     23.47                     18.55   4.92     8.93
  SINCE JAN 1     71.21                     70.46   0.75    55.97

SNOWFALL (IN)
  TODAY            0.0
  MONTH TO DATE    0.0
  SINCE JUN 1      0.0
  SINCE JUL 1      0.0
  SNOW DEPTH       0

DEGREE DAYS
 HEATING
  TODAY            0                         0      0        0
  MONTH TO DATE    0                         0      0        0
  SINCE JUN 1      0                         0      0        0
  SINCE JUL 1      0                         0      0        0

 COOLING
  TODAY           10                        11     -1       13
  MONTH TO DATE   10                        11     -1       13
  SINCE JUN 1    622                       660    -38      715
  SINCE JAN 1   1878                      1728    150     1868
..................................................................


WIND (MPH)
  HIGHEST WIND SPEED    12   HIGHEST WIND DIRECTION    SE (120)
  HIGHEST GUST SPEED    14   HIGHEST GUST DIRECTION     E (100)
  AVERAGE WIND SPEED     5.7


SKY COVER
  POSSIBLE SUNSHINE  MM
  AVERAGE SKY COVER 0.9


WEATHER CONDITIONS
 THE FOLLOWING WEATHER WAS RECORDED TODAY.
  HEAVY RAIN
  RAIN
  LIGHT RAIN
  FOG


RELATIVE HUMIDITY (PERCENT)
 HIGHEST    94          1100 AM
 LOWEST     79          1000 AM
 AVERAGE    87

..........................................................


THE HILO HI CLIMATE NORMALS FOR TOMORROW
                         NORMAL    RECORD    YEAR
 MAXIMUM TEMPERATURE (F)   83        90      1988
 MINIMUM TEMPERATURE (F)   70        64      1979


SUNRISE AND SUNSET
AUGUST  1 2014........SUNRISE   556 AM HST   SUNSET   657 PM HST
AUGUST  2 2014........SUNRISE   557 AM HST   SUNSET   656 PM HST


-  INDICATES NEGATIVE NUMBERS.
R  INDICATES RECORD WAS SET OR TIED.
MM INDICATES DATA IS MISSING.
T  INDICATES TRACE AMOUNT.




$$
