000
CDHW43 PHFO 270229
CLIITO


CLIMATE REPORT
NATIONAL WEATHER SERVICE HONOLULU HI
429 PM HST MON JAN 26 2015


...................................

...THE HILO HI CLIMATE SUMMARY FOR JANUARY 26 2015...
VALID TODAY AS OF 0400 PM LOCAL TIME.

CLIMATE NORMAL PERIOD 1981 TO 2010
CLIMATE RECORD PERIOD 1946 TO 2015


WEATHER ITEM   OBSERVED TIME   RECORD YEAR NORMAL DEPARTURE LAST
                VALUE   (LST)  VALUE       VALUE  FROM      YEAR
                                                  NORMAL
..................................................................
TEMPERATURE (F)
 TODAY
  MAXIMUM         77    306 PM  86    1977  79     -2       84
  MINIMUM         67    849 AM  57    1980  64      3       64
  AVERAGE         72                        71      1       74

PRECIPITATION (IN)
  TODAY            0.39          2.02 2006   0.34   0.05     0.00
  MONTH TO DATE    2.79                      7.60  -4.81     1.20
  SINCE DEC 1      8.89                     19.17 -10.28    21.40
  SINCE JAN 1      2.79                      7.60  -4.81     1.20

SNOWFALL (IN)
  TODAY            0.0
  MONTH TO DATE    0.0
  SINCE DEC 1      0.0
  SINCE JUL 1      0.0
  SNOW DEPTH       0

DEGREE DAYS
 HEATING
  TODAY            0                         0      0        0
  MONTH TO DATE    0                         0      0        0
  SINCE DEC 1      0                         0      0        0
  SINCE JUL 1      0                         0      0        0

 COOLING
  TODAY            7                         6      1        9
  MONTH TO DATE  210                       167     43      179
  SINCE DEC 1    451                       392     59      426
  SINCE JAN 1    210                       167     43      179
..................................................................


WIND (MPH)
  HIGHEST WIND SPEED    15   HIGHEST WIND DIRECTION     N (10)
  HIGHEST GUST SPEED    19   HIGHEST GUST DIRECTION    NE (50)
  AVERAGE WIND SPEED     9.1


SKY COVER
  POSSIBLE SUNSHINE  MM
  AVERAGE SKY COVER 1.0


WEATHER CONDITIONS
 THE FOLLOWING WEATHER WAS RECORDED TODAY.
  RAIN
  LIGHT RAIN
  FOG


RELATIVE HUMIDITY (PERCENT)
 HIGHEST    93           700 AM
 LOWEST     54           300 PM
 AVERAGE    74

..........................................................


THE HILO HI CLIMATE NORMALS FOR TOMORROW
                         NORMAL    RECORD    YEAR
 MAXIMUM TEMPERATURE (F)   79        91      1997
 MINIMUM TEMPERATURE (F)   64        58      2009
                                             2007


SUNRISE AND SUNSET
JANUARY 26 2015.......SUNRISE   657 AM HST   SUNSET   609 PM HST
JANUARY 27 2015.......SUNRISE   657 AM HST   SUNSET   610 PM HST


-  INDICATES NEGATIVE NUMBERS.
R  INDICATES RECORD WAS SET OR TIED.
MM INDICATES DATA IS MISSING.
T  INDICATES TRACE AMOUNT.




$$
