000
CDHW43 PHFO 240228
CLIITO


CLIMATE REPORT
NATIONAL WEATHER SERVICE HONOLULU HI
428 PM HST SUN NOV 23 2014


...................................

...THE HILO HI CLIMATE SUMMARY FOR NOVEMBER 23 2014...
VALID TODAY AS OF 0400 PM LOCAL TIME.

CLIMATE NORMAL PERIOD 1981 TO 2010
CLIMATE RECORD PERIOD 1946 TO 2014


WEATHER ITEM   OBSERVED TIME   RECORD YEAR NORMAL DEPARTURE LAST
                VALUE   (LST)  VALUE       VALUE  FROM      YEAR
                                                  NORMAL
..................................................................
TEMPERATURE (F)
 TODAY
  MAXIMUM         81    224 PM  86    1977  80      1       81
                                      1964
  MINIMUM         63    549 AM  62    1975  67     -4       66
  AVERAGE         72                        74     -2       74

PRECIPITATION (IN)
  TODAY            0.00          1.99 1955   0.51  -0.51     0.13
  MONTH TO DATE    7.01                     12.10  -5.09     6.33
  SINCE SEP 1     26.01                     31.81  -5.80    16.77
  SINCE JAN 1    107.12                    111.75  -4.63    81.65

SNOWFALL (IN)
  TODAY            0.0
  MONTH TO DATE    0.0
  SINCE SEP 1      0.0
  SINCE JUL 1      0.0
  SNOW DEPTH       0

DEGREE DAYS
 HEATING
  TODAY            0                         0      0        0
  MONTH TO DATE    0                         0      0        0
  SINCE SEP 1      0                         0      0        0
  SINCE JUL 1      0                         0      0        0

 COOLING
  TODAY            7                         9     -2        9
  MONTH TO DATE  228                       215     13      235
  SINCE SEP 1   1077                       878    199      994
  SINCE JAN 1   3354                      2950    404     3207
..................................................................


WIND (MPH)
  HIGHEST WIND SPEED    18   HIGHEST WIND DIRECTION    SE (120)
  HIGHEST GUST SPEED    22   HIGHEST GUST DIRECTION     E (110)
  AVERAGE WIND SPEED     8.2


SKY COVER
  POSSIBLE SUNSHINE  MM
  AVERAGE SKY COVER 0.3


WEATHER CONDITIONS
 THE FOLLOWING WEATHER WAS RECORDED TODAY.
  NO SIGNIFICANT WEATHER WAS OBSERVED.


RELATIVE HUMIDITY (PERCENT)
 HIGHEST   100           100 AM
 LOWEST     67          1100 AM
 AVERAGE    84

..........................................................


THE HILO HI CLIMATE NORMALS FOR TOMORROW
                         NORMAL    RECORD    YEAR
 MAXIMUM TEMPERATURE (F)   80        86      1977
                                             1964
 MINIMUM TEMPERATURE (F)   67        62      1983


SUNRISE AND SUNSET
NOVEMBER 23 2014......SUNRISE   634 AM HST   SUNSET   540 PM HST
NOVEMBER 24 2014......SUNRISE   634 AM HST   SUNSET   540 PM HST


-  INDICATES NEGATIVE NUMBERS.
R  INDICATES RECORD WAS SET OR TIED.
MM INDICATES DATA IS MISSING.
T  INDICATES TRACE AMOUNT.




$$
