000
CDHW43 PHFO 281245
CLIITO


CLIMATE REPORT
NATIONAL WEATHER SERVICE HONOLULU HI
245 AM HST THU APR 28 2016


...................................

...THE HILO HI CLIMATE SUMMARY FOR APRIL 27 2016...

CLIMATE NORMAL PERIOD 1981 TO 2010
CLIMATE RECORD PERIOD 1946 TO 2016


WEATHER ITEM   OBSERVED TIME   RECORD YEAR NORMAL DEPARTURE LAST
                VALUE   (LST)  VALUE       VALUE  FROM      YEAR
                                                  NORMAL
..................................................................
TEMPERATURE (F)
 YESTERDAY
  MAXIMUM         82    127 PM  86    1977  79      3       84
                                      1968
  MINIMUM         69   1157 PM  61    2009  66      3       67
                                      1955
  AVERAGE         76                        73      3       76

PRECIPITATION (IN)
  YESTERDAY        0.26          2.23 1987   0.32  -0.06     0.01
  MONTH TO DATE    9.08                     10.57  -1.49    13.49
  SINCE MAR 1     13.97                     24.00 -10.03    22.41
  SINCE JAN 1     18.54                     42.82 -24.28    30.50

SNOWFALL (IN)
  YESTERDAY        0.0
  MONTH TO DATE    0.0
  SINCE MAR 1      0.0
  SINCE JUL 1      0.0
  SNOW DEPTH       0

DEGREE DAYS
 HEATING
  YESTERDAY        0                         0      0        0
  MONTH TO DATE    0                         0      0        0
  SINCE MAR 1      0                         0      0        0
  SINCE JUL 1      0                         0      0        0

 COOLING
  YESTERDAY       11                         8      3       11
  MONTH TO DATE  284                       190     94      255
  SINCE MAR 1    593                       401    192      496
  SINCE JAN 1   1157                       771    386     1022
..................................................................


WIND (MPH)
  HIGHEST WIND SPEED    22   HIGHEST WIND DIRECTION     E (90)
  HIGHEST GUST SPEED    26   HIGHEST GUST DIRECTION     E (80)
  AVERAGE WIND SPEED     5.8


SKY COVER
  POSSIBLE SUNSHINE  MM
  AVERAGE SKY COVER 0.7


WEATHER CONDITIONS
 THE FOLLOWING WEATHER WAS RECORDED YESTERDAY.
  HEAVY RAIN
  RAIN
  LIGHT RAIN
  FOG
  HAZE


RELATIVE HUMIDITY (PERCENT)
 HIGHEST    90          1200 AM
 LOWEST     62           500 PM
 AVERAGE    76

..........................................................


THE HILO HI CLIMATE NORMALS FOR TODAY
                         NORMAL    RECORD    YEAR
 MAXIMUM TEMPERATURE (F)   79        87      1954
 MINIMUM TEMPERATURE (F)   66        60      1972


SUNRISE AND SUNSET
APRIL 28 2016.........SUNRISE   553 AM HST   SUNSET   643 PM HST
APRIL 29 2016.........SUNRISE   552 AM HST   SUNSET   643 PM HST


-  INDICATES NEGATIVE NUMBERS.
R  INDICATES RECORD WAS SET OR TIED.
MM INDICATES DATA IS MISSING.
T  INDICATES TRACE AMOUNT.




$$
