000
CDHW43 PHFO 261245
CLIITO


CLIMATE REPORT
NATIONAL WEATHER SERVICE HONOLULU HI
245 AM HST FRI DEC 26 2014


...................................

...THE HILO HI CLIMATE SUMMARY FOR DECEMBER 25 2014...

CLIMATE NORMAL PERIOD 1981 TO 2010
CLIMATE RECORD PERIOD 1946 TO 2014


WEATHER ITEM   OBSERVED TIME   RECORD YEAR NORMAL DEPARTURE LAST
                VALUE   (LST)  VALUE       VALUE  FROM      YEAR
                                                  NORMAL
..................................................................
TEMPERATURE (F)
 YESTERDAY
  MAXIMUM         77   1142 AM  87    1980  79     -2       77
  MINIMUM         67    710 AM  58    1955  65      2       63
  AVERAGE         72                        72      0       70

PRECIPITATION (IN)
  YESTERDAY        0.14          8.00 1981   0.34  -0.20     0.52
  MONTH TO DATE    6.07                      9.65  -3.58     4.59
  SINCE DEC 1      6.07                      9.65  -3.58     4.59
  SINCE JAN 1    115.21                    124.80  -9.59    86.57

SNOWFALL (IN)
  YESTERDAY        0.0
  MONTH TO DATE    0.0
  SINCE DEC 1      0.0
  SINCE JUL 1      0.0
  SNOW DEPTH       0

DEGREE DAYS
 HEATING
  YESTERDAY        0                         0      0        0
  MONTH TO DATE    0                         0      0        0
  SINCE DEC 1      0                         0      0        0
  SINCE JUL 1      0                         0      0        0

 COOLING
  YESTERDAY        7                         7      0        5
  MONTH TO DATE  198                       184     14      203
  SINCE DEC 1    198                       184     14      203
  SINCE JAN 1   3608                      3191    417     3479
..................................................................


WIND (MPH)
  HIGHEST WIND SPEED     9   HIGHEST WIND DIRECTION    NW (310)
  HIGHEST GUST SPEED    10   HIGHEST GUST DIRECTION    NW (330)
  AVERAGE WIND SPEED     4.5


SKY COVER
  POSSIBLE SUNSHINE  MM
  AVERAGE SKY COVER 1.0


WEATHER CONDITIONS
 THE FOLLOWING WEATHER WAS RECORDED YESTERDAY.
  RAIN
  LIGHT RAIN


RELATIVE HUMIDITY (PERCENT)
 HIGHEST    93           700 PM
 LOWEST     73           800 AM
 AVERAGE    83

..........................................................


THE HILO HI CLIMATE NORMALS FOR TODAY
                         NORMAL    RECORD    YEAR
 MAXIMUM TEMPERATURE (F)   79        86      1996
 MINIMUM TEMPERATURE (F)   65        60      1999
                                             1998
                                             1977


SUNRISE AND SUNSET
DECEMBER 26 2014......SUNRISE   653 AM HST   SUNSET   549 PM HST
DECEMBER 27 2014......SUNRISE   653 AM HST   SUNSET   550 PM HST


-  INDICATES NEGATIVE NUMBERS.
R  INDICATES RECORD WAS SET OR TIED.
MM INDICATES DATA IS MISSING.
T  INDICATES TRACE AMOUNT.




$$
