050
CDHW43 PHFO 131245
CLIITO


CLIMATE REPORT
NATIONAL WEATHER SERVICE HONOLULU HI
245 AM HST SAT FEB 13 2016


...................................

...THE HILO HI CLIMATE SUMMARY FOR FEBRUARY 12 2016...

CLIMATE NORMAL PERIOD 1981 TO 2010
CLIMATE RECORD PERIOD 1946 TO 2016


WEATHER ITEM   OBSERVED TIME   RECORD YEAR NORMAL DEPARTURE LAST
                VALUE   (LST)  VALUE       VALUE  FROM      YEAR
                                                  NORMAL
..................................................................
TEMPERATURE (F)
 YESTERDAY
  MAXIMUM         86R   234 PM  86    1986  79      7       82
                                      1977
                                      1971
  MINIMUM         63    612 AM  56    1995  63      0       66
  AVERAGE         75                        71      4       74

PRECIPITATION (IN)
  YESTERDAY        0.01          2.14 1994   0.34  -0.33      T
  MONTH TO DATE    1.06                      4.01  -2.95      T
  SINCE DEC 1     16.45                     24.84  -8.39     8.90
  SINCE JAN 1      2.35                     13.27 -10.92     2.80

SNOWFALL (IN)
  YESTERDAY        0.0
  MONTH TO DATE    0.0
  SINCE DEC 1      0.0
  SINCE JUL 1      0.0
  SNOW DEPTH       0

DEGREE DAYS
 HEATING
  YESTERDAY        0                         0      0        0
  MONTH TO DATE    0                         0      0        0
  SINCE DEC 1      0                         0      0        0
  SINCE JUL 1      0                         0      0        0

 COOLING
  YESTERDAY       10                         6      4        9
  MONTH TO DATE  105                        72     33      115
  SINCE DEC 1    698                       495    203      614
  SINCE JAN 1    392                       270    122      373
..................................................................


WIND (MPH)
  HIGHEST WIND SPEED    17   HIGHEST WIND DIRECTION     E (100)
  HIGHEST GUST SPEED    23   HIGHEST GUST DIRECTION     E (100)
  AVERAGE WIND SPEED     7.0


SKY COVER
  POSSIBLE SUNSHINE  MM
  AVERAGE SKY COVER 0.5


WEATHER CONDITIONS
 THE FOLLOWING WEATHER WAS RECORDED YESTERDAY.
  LIGHT RAIN


RELATIVE HUMIDITY (PERCENT)
 HIGHEST    84           900 PM
 LOWEST     47           800 AM
 AVERAGE    66

..........................................................


THE HILO HI CLIMATE NORMALS FOR TODAY
                         NORMAL    RECORD    YEAR
 MAXIMUM TEMPERATURE (F)   79        88      1981
 MINIMUM TEMPERATURE (F)   63        54      1995


SUNRISE AND SUNSET
FEBRUARY 13 2016......SUNRISE   650 AM HST   SUNSET   619 PM HST
FEBRUARY 14 2016......SUNRISE   650 AM HST   SUNSET   619 PM HST


-  INDICATES NEGATIVE NUMBERS.
R  INDICATES RECORD WAS SET OR TIED.
MM INDICATES DATA IS MISSING.
T  INDICATES TRACE AMOUNT.




$$
