000
CDHW43 PHFO 140238
CLIITO


CLIMATE REPORT
NATIONAL WEATHER SERVICE HONOLULU HI
428 PM HST SUN JUL 13 2014


...................................

...THE HILO HI CLIMATE SUMMARY FOR JULY 13 2014...
VALID TODAY AS OF 0400 PM LOCAL TIME.

CLIMATE NORMAL PERIOD 1981 TO 2010
CLIMATE RECORD PERIOD 1946 TO 2014


WEATHER ITEM   OBSERVED TIME   RECORD YEAR NORMAL DEPARTURE LAST
                VALUE   (LST)  VALUE       VALUE  FROM      YEAR
                                                  NORMAL
..................................................................
TEMPERATURE (F)
 TODAY
  MAXIMUM         77    359 PM  89    1980  83     -6       85
  MINIMUM         67    230 AM  64    1970  69     -2       69
                                      1956
  AVERAGE         72                        76     -4       77

PRECIPITATION (IN)
  TODAY            1.84          1.89 1991   0.35   1.49     0.07
  MONTH TO DATE    3.69                      4.22  -0.53     1.41
  SINCE JUN 1     10.26                     11.59  -1.33     5.92
  SINCE JAN 1     58.00                     63.50  -5.50    52.96

SNOWFALL (IN)
  TODAY            0.0
  MONTH TO DATE    0.0
  SINCE JUN 1      0.0
  SINCE JUL 1      0.0
  SNOW DEPTH       0

DEGREE DAYS
 HEATING
  TODAY            0                         0      0        0
  MONTH TO DATE    0                         0      0        0
  SINCE JUN 1      0                         0      0        0
  SINCE JUL 1      0                         0      0        0

 COOLING
  TODAY            7                        11     -4       12
  MONTH TO DATE  120                       143    -23      160
  SINCE JUN 1    386                       449    -63      481
  SINCE JAN 1   1642                      1517    125     1634
..................................................................


WIND (MPH)
  HIGHEST WIND SPEED    14   HIGHEST WIND DIRECTION     E (90)
  HIGHEST GUST SPEED    19   HIGHEST GUST DIRECTION     E (90)
  AVERAGE WIND SPEED     6.0


SKY COVER
  POSSIBLE SUNSHINE  MM
  AVERAGE SKY COVER 0.9


WEATHER CONDITIONS
 THE FOLLOWING WEATHER WAS RECORDED TODAY.
  HEAVY RAIN
  RAIN
  LIGHT RAIN
  FOG


RELATIVE HUMIDITY (PERCENT)
 HIGHEST   100           800 AM
 LOWEST     73           400 AM
 AVERAGE    87

..........................................................


THE HILO HI CLIMATE NORMALS FOR TOMORROW
                         NORMAL    RECORD    YEAR
 MAXIMUM TEMPERATURE (F)   83        88      2008
                                             1995
 MINIMUM TEMPERATURE (F)   69        64      2001
                                             1970
                                             1955


SUNRISE AND SUNSET
JULY 13 2014..........SUNRISE   549 AM HST   SUNSET   703 PM HST
JULY 14 2014..........SUNRISE   550 AM HST   SUNSET   703 PM HST


-  INDICATES NEGATIVE NUMBERS.
R  INDICATES RECORD WAS SET OR TIED.
MM INDICATES DATA IS MISSING.
T  INDICATES TRACE AMOUNT.




$$
