000
CDUS43 KGLD 230745 RRA
CLIITR

CLIMATE REPORT
NATIONAL WEATHER SERVICE GOODLAND
144 AM MDT FRI JUN 23 2017


...................................

...THE BURLINGTON CO CLIMATE SUMMARY FOR JUNE 22 2017...

CLIMATE NORMAL PERIOD 1981 TO 2010
CLIMATE RECORD PERIOD 1896 TO 2017


WEATHER ITEM   OBSERVED TIME   RECORD YEAR NORMAL DEPARTURE LAST
                VALUE   (LST)  VALUE       VALUE  FROM      YEAR
                                                  NORMAL
..................................................................
TEMPERATURE (F)
 YESTERDAY
  MAXIMUM         96   1111 AM 102    1937  85     11       89
  MINIMUM         66   1159 PM  42    1957  56     10       66
  AVERAGE         81                        70     11       78

PRECIPITATION (IN)
  YESTERDAY        0.00                      0.10  -0.10     0.00
  MONTH TO DATE    2.95                      2.14   0.81     1.05
  SINCE JUN 1      2.95                      2.14   0.81     1.05
  SINCE JAN 1     14.29                      7.87   6.42     9.29

..................................................................


THE BURLINGTON CO CLIMATE NORMALS FOR TODAY
                         NORMAL    RECORD    YEAR
 MAXIMUM TEMPERATURE (F)   85       106      1954
 MINIMUM TEMPERATURE (F)   56        44      1967



-  INDICATES NEGATIVE NUMBERS.
R  INDICATES RECORD WAS SET OR TIED.
MM INDICATES DATA IS MISSING.
T  INDICATES TRACE AMOUNT.

$$
