000
CDUS43 KGLD 210746 RRA
CLIITR

CLIMATE REPORT
NATIONAL WEATHER SERVICE GOODLAND
142 AM MDT MON AUG 21 2017

...................................

...THE BURLINGTON CO CLIMATE SUMMARY FOR AUGUST 20 2017...

CLIMATE NORMAL PERIOD 1981 TO 2010
CLIMATE RECORD PERIOD 1896 TO 2017


WEATHER ITEM   OBSERVED TIME   RECORD YEAR NORMAL DEPARTURE LAST
                VALUE   (LST)  VALUE       VALUE  FROM      YEAR
                                                  NORMAL
..................................................................
TEMPERATURE (F)
 YESTERDAY
  MAXIMUM         93    312 PM 101    2001  85      8       76
                                      1987
  MINIMUM         60    507 AM  45    2004  58      2       48
                                      1964
  AVERAGE         77                        72      5       62

PRECIPITATION (IN)
  YESTERDAY        0.00                      0.07  -0.07     0.00
  MONTH TO DATE    3.67                      1.61   2.06     0.36
  SINCE JUN 1     11.96                      7.62   4.34     6.52
  SINCE JAN 1     23.30                     13.35   9.95    14.76

..................................................................



THE BURLINGTON CO CLIMATE NORMALS FOR TODAY
                         NORMAL    RECORD    YEAR
 MAXIMUM TEMPERATURE (F)   85       102      1959
 MINIMUM TEMPERATURE (F)   57        42      1956


-  INDICATES NEGATIVE NUMBERS.
R  INDICATES RECORD WAS SET OR TIED.
MM INDICATES DATA IS MISSING.
T  INDICATES TRACE AMOUNT.


$$
