000
CDUS44 KJAN 262121
CLIJAN


CLIMATE REPORT
NATIONAL WEATHER SERVICE JACKSON MS
419 PM CDT FRI AUG 26 2016


...................................

...THE JACKSON CLIMATE SUMMARY FOR AUGUST 26 2016...
VALID TODAY AS OF 0400 PM LOCAL TIME.

CLIMATE NORMAL PERIOD 1981 TO 2010
CLIMATE RECORD PERIOD 1896 TO 2016


WEATHER ITEM   OBSERVED TIME   RECORD YEAR NORMAL DEPARTURE LAST
                VALUE   (LST)  VALUE       VALUE  FROM      YEAR
                                                  NORMAL
..................................................................
TEMPERATURE (F)
 TODAY
  MAXIMUM         91    114 PM 104    1902  91      0       89
  MINIMUM         74    622 AM  55    1966  70      4       59
  AVERAGE         83                        81      2       74

PRECIPITATION (IN)
  TODAY            0.12          4.04 1992   0.11   0.01     0.00
  MONTH TO DATE    9.34                      3.69   5.65     0.40
  SINCE JUN 1     20.67                     12.62   8.05     8.33
  SINCE JAN 1     53.12                     36.73  16.39    36.61

SNOWFALL (IN)
  TODAY            0.0           0.0  2002   0.0    0.0      0.0
                                      2001
  MONTH TO DATE    0.0                       0.0    0.0      0.0
  SINCE JUN 1      0.0                       0.0    0.0      0.0
  SINCE JUL 1      0.0                       0.0    0.0      0.0

DEGREE DAYS
 HEATING
  TODAY            0                         0      0        0
  MONTH TO DATE    0                         0      0        0
  SINCE JUN 1      0                         0      0        0
  SINCE JUL 1      0                         0      0        0

 COOLING
  TODAY           18                        16      2        9
  MONTH TO DATE  483                       431     52      504
  SINCE JUN 1   1592                      1368    224     1604
  SINCE JAN 1   1980                      1726    254     2057
..................................................................


WIND (MPH)
  HIGHEST WIND SPEED    16   HIGHEST WIND DIRECTION    NE (30)
  HIGHEST GUST SPEED    20   HIGHEST GUST DIRECTION    NE (30)
  AVERAGE WIND SPEED     3.3


SKY COVER
  POSSIBLE SUNSHINE  MM
  AVERAGE SKY COVER 0.2


WEATHER CONDITIONS
 THE FOLLOWING WEATHER WAS RECORDED TODAY.
  THUNDERSTORM
  RAIN
  LIGHT RAIN


RELATIVE HUMIDITY (PERCENT)
 HIGHEST    94          1200 AM
 LOWEST     59          1000 AM
 AVERAGE    77

..........................................................


THE JACKSON CLIMATE NORMALS FOR TOMORROW
                         NORMAL    RECORD    YEAR
 MAXIMUM TEMPERATURE (F)   91       105      1943
 MINIMUM TEMPERATURE (F)   70        56      2015


SUNRISE AND SUNSET
AUGUST 26 2016........SUNRISE   632 AM CDT   SUNSET   731 PM CDT
AUGUST 27 2016........SUNRISE   633 AM CDT   SUNSET   730 PM CDT


-  INDICATES NEGATIVE NUMBERS.
R  INDICATES RECORD WAS SET OR TIED.
MM INDICATES DATA IS MISSING.
T  INDICATES TRACE AMOUNT.

&&

AT 4 PM:

THE PEARL RIVER STAGE AT JACKSON WAS 4.2 FEET. THE RIVER
HAS RISEN 0.2 FEET OVER THE PAST 24 HOURS.

THE MISSISSIPPI RIVER STAGE AT VICKSBURG WAS 24.2 FEET. THE
RIVER HAS FALLEN 0.4 FEET OVER THE PAST 24 HOURS.

THE AIR QUALITY INDEX AT JACKSON WAS 38...WHICH IS GOOD.


$$
