000
CDUS44 KJAN 050637
CLIJAN


CLIMATE REPORT
NATIONAL WEATHER SERVICE JACKSON MS
1233 AM CST THU MAR 5 2015


...................................

...THE JACKSON CLIMATE SUMMARY FOR MARCH 4 2015...

CLIMATE NORMAL PERIOD 1981 TO 2010
CLIMATE RECORD PERIOD 1896 TO 2015


WEATHER ITEM   OBSERVED TIME   RECORD YEAR NORMAL DEPARTURE LAST
                VALUE   (LST)  VALUE       VALUE  FROM      YEAR
                                                  NORMAL
..................................................................
TEMPERATURE (F)
 YESTERDAY
  MAXIMUM         82    347 PM  88    1910  65     17       35
  MINIMUM         44   1159 PM  19    1968  43      1       27
  AVERAGE         63                        54      9       31

PRECIPITATION (IN)
  YESTERDAY        0.04          2.75 1983   0.16  -0.12     0.00
  MONTH TO DATE    1.10                      0.65   0.45     0.15
  SINCE MAR 1      1.10                      0.65   0.45     0.15
  SINCE JAN 1     11.30                     10.38   0.92     7.20

SNOWFALL (IN)
  YESTERDAY        0.0           0.1  1978   0.0    0.0      0.0
  MONTH TO DATE    0.0                       0.0    0.0       T
  SINCE MAR 1      0.0                       0.0    0.0       T
  SINCE JUL 1      T                         0.7   -0.7      0.8

DEGREE DAYS
 HEATING
  YESTERDAY        2                        12    -10       34
  MONTH TO DATE   25                        48    -23       67
  SINCE MAR 1     25                        48    -23       67
  SINCE JUL 1   2151                      2040    111     2333

 COOLING
  YESTERDAY        0                         1     -1        0
  MONTH TO DATE    0                         1     -1        0
  SINCE MAR 1      0                         1     -1        0
  SINCE JAN 1      0                        11    -11        6
..................................................................


WIND (MPH)
  HIGHEST WIND SPEED    25   HIGHEST WIND DIRECTION     S (180)
  HIGHEST GUST SPEED    31   HIGHEST GUST DIRECTION     S (180)
  AVERAGE WIND SPEED    13.7


SKY COVER
  POSSIBLE SUNSHINE  MM
  AVERAGE SKY COVER 0.8


WEATHER CONDITIONS
 THE FOLLOWING WEATHER WAS RECORDED YESTERDAY.
  LIGHT RAIN
  FOG


RELATIVE HUMIDITY (PERCENT)
 HIGHEST    93          1200 AM
 LOWEST     47           300 PM
 AVERAGE    70

..........................................................


THE JACKSON CLIMATE NORMALS FOR TODAY
                         NORMAL    RECORD    YEAR
 MAXIMUM TEMPERATURE (F)   66        85      1918
 MINIMUM TEMPERATURE (F)   43        19      1978


SUNRISE AND SUNSET
MARCH  5 2015.........SUNRISE   623 AM CST   SUNSET   601 PM CST
MARCH  6 2015.........SUNRISE   622 AM CST   SUNSET   602 PM CST


-  INDICATES NEGATIVE NUMBERS.
R  INDICATES RECORD WAS SET OR TIED.
MM INDICATES DATA IS MISSING.
T  INDICATES TRACE AMOUNT.

&&

THE PEARL RIVER STAGE AT JACKSON WAS AT 22.9 FEET. THE RIVER HAS FALLEN
1.7 FEET OVER THE LAST 24 HOURS.

THE MISSISSIPPI RIVER STAGE AT VICKSBURG WAS 24.6 FEET. THE RIVER HAS
RISEN 0.2 FEET OVER THE PAST 24 HOURS.



$$
