000
CDUS44 KJAN 150719
CLIJAN


CLIMATE REPORT
NATIONAL WEATHER SERVICE JACKSON MS
117 AM CST FRI DEC 15 2017


...................................

...THE JACKSON CLIMATE SUMMARY FOR DECEMBER 14 2017...

CLIMATE NORMAL PERIOD 1981 TO 2010
CLIMATE RECORD PERIOD 1896 TO 2017


WEATHER ITEM   OBSERVED TIME   RECORD YEAR NORMAL DEPARTURE LAST
                VALUE   (LST)  VALUE       VALUE  FROM      YEAR
                                                  NORMAL
..................................................................
TEMPERATURE (F)
 YESTERDAY
  MAXIMUM         58    249 PM  81    1987  58      0       54
                                      1929
  MINIMUM         37    714 AM  18    1958  37      0       39
                                      1917
                                      1898
  AVERAGE         48                        48      0       47

PRECIPITATION (IN)
  YESTERDAY        0.00          4.00 1901   0.16  -0.16     0.00
  MONTH TO DATE    1.17                      2.45  -1.28     3.33
  SINCE DEC 1      1.17                      2.45  -1.28     3.33
  SINCE JAN 1     59.27                     51.44   7.83    60.98

SNOWFALL (IN)
  YESTERDAY        0.0           4.8  1997   0.0    0.0      0.0
  MONTH TO DATE    5.1                       0.1    5.0      0.0
  SINCE DEC 1      5.1                       0.1    5.0      0.0
  SINCE JUL 1      5.1                       0.1    5.0      0.0

DEGREE DAYS
 HEATING
  YESTERDAY       17                        17      0       18
  MONTH TO DATE  203                       223    -20      210
  SINCE DEC 1    203                       223    -20      210
  SINCE JUL 1    462                       631   -169      414

 COOLING
  YESTERDAY        0                         0      0        0
  MONTH TO DATE    0                         0      0        0
  SINCE DEC 1      0                         0      0        0
  SINCE JAN 1   2538                      2253    285     2799
..................................................................


WIND (MPH)
  HIGHEST WIND SPEED    10   HIGHEST WIND DIRECTION     N (360)
  HIGHEST GUST SPEED    13   HIGHEST GUST DIRECTION     N (360)
  AVERAGE WIND SPEED     2.8


SKY COVER
  POSSIBLE SUNSHINE  MM
  AVERAGE SKY COVER 0.3


WEATHER CONDITIONS
 THE FOLLOWING WEATHER WAS RECORDED YESTERDAY.
  NO SIGNIFICANT WEATHER WAS OBSERVED.


RELATIVE HUMIDITY (PERCENT)
 HIGHEST    83           800 PM
 LOWEST     43           300 PM
 AVERAGE    63

..........................................................


THE JACKSON CLIMATE NORMALS FOR TODAY
                         NORMAL    RECORD    YEAR
 MAXIMUM TEMPERATURE (F)   58        80      1948
 MINIMUM TEMPERATURE (F)   37        15      1958
                                             1901


SUNRISE AND SUNSET
DECEMBER 15 2017......SUNRISE   654 AM CST   SUNSET   457 PM CST
DECEMBER 16 2017......SUNRISE   655 AM CST   SUNSET   457 PM CST


-  INDICATES NEGATIVE NUMBERS.
R  INDICATES RECORD WAS SET OR TIED.
MM INDICATES DATA IS MISSING.
T  INDICATES TRACE AMOUNT.

&&

AT 1 AM:

THE PEARL RIVER STAGE AT JACKSON WAS 3.6 FEET. THE RIVER HAS
NOT CHANGED OVER THE PAST 24 HOURS.

THE MISSISSIPPI RIVER STAGE AT VICKSBURG WAS 9.5 FEET. THE RIVER
FELL 0.7 FEET OVER THE PAST 24 HOURS.


$$
