000
CDUS44 KJAN 030653
CLIJAN


CLIMATE REPORT
NATIONAL WEATHER SERVICE JACKSON MS
142 AM CDT WED JUN 3 2015


...................................

...THE JACKSON CLIMATE SUMMARY FOR JUNE 2 2015...

CLIMATE NORMAL PERIOD 1981 TO 2010
CLIMATE RECORD PERIOD 1896 TO 2015


WEATHER ITEM   OBSERVED TIME   RECORD YEAR NORMAL DEPARTURE LAST
                VALUE   (LST)  VALUE       VALUE  FROM      YEAR
                                                  NORMAL
..................................................................
TEMPERATURE (F)
 YESTERDAY
  MAXIMUM         84    413 PM 101    2011  87     -3       86
  MINIMUM         65    517 AM  49    1966  66     -1       69
                                      1903
  AVERAGE         75                        77     -2       78

PRECIPITATION (IN)
  YESTERDAY        0.00          1.51 1896   0.13  -0.13     0.00
  MONTH TO DATE    0.00                      0.26  -0.26     0.22
  SINCE JUN 1      0.00                      0.26  -0.26     0.22
  SINCE JAN 1     28.28                     24.37   3.91    31.82

SNOWFALL (IN)
  YESTERDAY        0.0           0.0    MM   0.0    0.0      0.0
  MONTH TO DATE    0.0                       0.0    0.0      0.0
  SINCE JUN 1      0.0                       0.0    0.0      0.0
  SINCE JUL 1      0.3                       0.8   -0.5      0.8

DEGREE DAYS
 HEATING
  YESTERDAY        0                         0      0        0
  MONTH TO DATE    0                         0      0        0
  SINCE JUN 1      0                         0      0        0
  SINCE JUL 1   2353                      2391    -38     2744

 COOLING
  YESTERDAY       10                        12     -2       13
  MONTH TO DATE   21                        23     -2       26
  SINCE JUN 1     21                        23     -2       26
  SINCE JAN 1    474                       381     93      357
..................................................................


WIND (MPH)
  HIGHEST WIND SPEED    13   HIGHEST WIND DIRECTION     N (20)
  HIGHEST GUST SPEED    17   HIGHEST GUST DIRECTION     N (10)
  AVERAGE WIND SPEED     6.4


SKY COVER
  POSSIBLE SUNSHINE  MM
  AVERAGE SKY COVER 0.3


WEATHER CONDITIONS
 THE FOLLOWING WEATHER WAS RECORDED YESTERDAY.
  NO SIGNIFICANT WEATHER WAS OBSERVED.


RELATIVE HUMIDITY (PERCENT)
 HIGHEST    93          1200 AM
 LOWEST     43           400 PM
 AVERAGE    68

..........................................................


THE JACKSON CLIMATE NORMALS FOR TODAY
                         NORMAL    RECORD    YEAR
 MAXIMUM TEMPERATURE (F)   87       102      1911
 MINIMUM TEMPERATURE (F)   66        48      1956


SUNRISE AND SUNSET
JUNE  3 2015..........SUNRISE   554 AM CDT   SUNSET   803 PM CDT
JUNE  4 2015..........SUNRISE   554 AM CDT   SUNSET   804 PM CDT


-  INDICATES NEGATIVE NUMBERS.
R  INDICATES RECORD WAS SET OR TIED.
MM INDICATES DATA IS MISSING.
T  INDICATES TRACE AMOUNT.

&&

AT 1 AM:

THE PEARL RIVER STAGE AT JACKSON WAS 14.2 FEET. THE RIVER HAS FALLEN
1.4 FEET OVER THE LAST 24 HOURS.

THE MISSISSIPPI RIVER STAGE AT VICKSBURG WAS 35.7 FEET. THE RIVER HAS
RISEN 0.6 FEET OVER THE LAST 24 HOURS.

$$
