000
CDUS44 KJAN 272220
CLIJAN


CLIMATE REPORT
NATIONAL WEATHER SERVICE JACKSON MS
410 PM CST TUE JAN 27 2015


...................................

...THE JACKSON CLIMATE SUMMARY FOR JANUARY 27 2015...
VALID TODAY AS OF 0400 PM LOCAL TIME.

CLIMATE NORMAL PERIOD 1981 TO 2010
CLIMATE RECORD PERIOD 1896 TO 2015


WEATHER ITEM   OBSERVED TIME   RECORD YEAR NORMAL DEPARTURE LAST
                VALUE   (LST)  VALUE       VALUE  FROM      YEAR
                                                  NORMAL
..................................................................
TEMPERATURE (F)
 TODAY
  MAXIMUM         69    316 PM  80    1975  57     12       54
  MINIMUM         35    704 AM  -5    1940  36     -1       30
  AVERAGE         52                        46      6       42

PRECIPITATION (IN)
  TODAY            0.00          4.72 1994   0.18  -0.18     0.00
  MONTH TO DATE    4.72                      4.25   0.47     1.54
  SINCE DEC 1      8.65                      9.40  -0.75     6.04
  SINCE JAN 1      4.72                      4.25   0.47     1.54

SNOWFALL (IN)
  TODAY            0.0           0.4  2000   0.0    0.0      0.0
  MONTH TO DATE    0.0                       0.3   -0.3       T
  SINCE DEC 1      0.0                       0.6   -0.6       T
  SINCE JUL 1      0.0                       0.6   -0.6       T

DEGREE DAYS
 HEATING
  TODAY           13                        19     -6       23
  MONTH TO DATE  555                       532     23      629
  SINCE DEC 1    983                      1074    -91     1189
  SINCE JUL 1   1483                      1482      1     1651

 COOLING
  TODAY            0                         0      0        0
  MONTH TO DATE    0                         0      0        0
  SINCE DEC 1      2                         8     -6       12
  SINCE JAN 1      0                         0      0        0
..................................................................


WIND (MPH)
  HIGHEST WIND SPEED    17   HIGHEST WIND DIRECTION     N (340)
  HIGHEST GUST SPEED    23   HIGHEST GUST DIRECTION     N (340)
  AVERAGE WIND SPEED     6.4


SKY COVER
  POSSIBLE SUNSHINE  MM
  AVERAGE SKY COVER 0.0


WEATHER CONDITIONS
 THE FOLLOWING WEATHER WAS RECORDED TODAY.
  NO SIGNIFICANT WEATHER WAS OBSERVED.


RELATIVE HUMIDITY (PERCENT)
 HIGHEST    89           700 AM
 LOWEST     22           200 PM
 AVERAGE    56

..........................................................


THE JACKSON CLIMATE NORMALS FOR TOMORROW
                         NORMAL    RECORD    YEAR
 MAXIMUM TEMPERATURE (F)   57        83      1911
 MINIMUM TEMPERATURE (F)   36         5      1940


SUNRISE AND SUNSET
JANUARY 27 2015.......SUNRISE   657 AM CST   SUNSET   529 PM CST
JANUARY 28 2015.......SUNRISE   657 AM CST   SUNSET   530 PM CST


-  INDICATES NEGATIVE NUMBERS.
R  INDICATES RECORD WAS SET OR TIED.
MM INDICATES DATA IS MISSING.
T  INDICATES TRACE AMOUNT.

&&

AT 4 PM:

THE PEARL RIVER STAGE AT JACKSON WAS 12.9 FEET. THE RIVER
HAS FALLEN 1.3 FEET OVER THE PAST 24 HOURS.

THE MISSISSIPPI RIVER STAGE AT VICKSBURG WAS 15.9 FEET. THE
RIVER HAS FALLEN 1.4 FEET OVER THE PAST 24 HOURS.

THE AIR QUALITY INDEX AT JACKSON WAS MODERATE.


$$
