000
CDUS44 KJAN 280852
CLIJAN


CLIMATE REPORT
NATIONAL WEATHER SERVICE JACKSON MS
248 AM CST SUN DEC 28 2014


...................................

...THE JACKSON CLIMATE SUMMARY FOR DECEMBER 27 2014...

CLIMATE NORMAL PERIOD 1981 TO 2010
CLIMATE RECORD PERIOD 1896 TO 2014


WEATHER ITEM   OBSERVED TIME   RECORD YEAR NORMAL DEPARTURE LAST
                VALUE   (LST)  VALUE       VALUE  FROM      YEAR
                                                  NORMAL
..................................................................
TEMPERATURE (F)
 YESTERDAY
  MAXIMUM         64    739 PM  80    2008  56      8       54
  MINIMUM         53    322 AM  16    1935  36     17       28
  AVERAGE         59                        46     13       41

PRECIPITATION (IN)
  YESTERDAY        0.79          5.73 1942   0.16   0.63     0.00
  MONTH TO DATE    3.13                      4.57  -1.44     3.67
  SINCE DEC 1      3.13                      4.57  -1.44     3.67
  SINCE JAN 1     55.39                     53.56   1.83    63.43

SNOWFALL (IN)
  YESTERDAY        0.0           T    1967   0.0    0.0      0.0
  MONTH TO DATE    0.0                       0.3   -0.3      0.0
  SINCE DEC 1      0.0                       0.3   -0.3      0.0
  SINCE JUL 1      0.0                       0.3   -0.3      0.0

DEGREE DAYS
 HEATING
  YESTERDAY        6                        19    -13       24
  MONTH TO DATE  353                       464   -111      479
  SINCE DEC 1    353                       464   -111      479
  SINCE JUL 1    853                       872    -19      941

 COOLING
  YESTERDAY        0                         0      0        0
  MONTH TO DATE    2                         0      2       12
  SINCE DEC 1      2                         0      2       12
  SINCE JAN 1   2285                      2253     32     2359
..................................................................


WIND (MPH)
  HIGHEST WIND SPEED    16   HIGHEST WIND DIRECTION    SE (150)
  HIGHEST GUST SPEED    20   HIGHEST GUST DIRECTION    SE (140)
  AVERAGE WIND SPEED     8.7


SKY COVER
  POSSIBLE SUNSHINE  MM
  AVERAGE SKY COVER 1.0


WEATHER CONDITIONS
 THE FOLLOWING WEATHER WAS RECORDED YESTERDAY.
  THUNDERSTORM
  HEAVY RAIN
  RAIN
  LIGHT RAIN
  FOG


RELATIVE HUMIDITY (PERCENT)
 HIGHEST   100           600 PM
 LOWEST     77          1200 AM
 AVERAGE    89

..........................................................


THE JACKSON CLIMATE NORMALS FOR TODAY
                         NORMAL    RECORD    YEAR
 MAXIMUM TEMPERATURE (F)   56        76      1990
                                             1984
                                             1946
 MINIMUM TEMPERATURE (F)   36        13      1925


SUNRISE AND SUNSET
DECEMBER 28 2014......SUNRISE   701 AM CST   SUNSET   503 PM CST
DECEMBER 29 2014......SUNRISE   701 AM CST   SUNSET   504 PM CST


-  INDICATES NEGATIVE NUMBERS.
R  INDICATES RECORD WAS SET OR TIED.
MM INDICATES DATA IS MISSING.
T  INDICATES TRACE AMOUNT.




$$
