000
CDUS44 KJAN 270816
CLIJAN


CLIMATE REPORT
NATIONAL WEATHER SERVICE JACKSON MS
315 AM CDT FRI MAR 27 2015


...................................

...THE JACKSON CLIMATE SUMMARY FOR MARCH 26 2015...

CLIMATE NORMAL PERIOD 1981 TO 2010
CLIMATE RECORD PERIOD 1896 TO 2015


WEATHER ITEM   OBSERVED TIME   RECORD YEAR NORMAL DEPARTURE LAST
                VALUE   (LST)  VALUE       VALUE  FROM      YEAR
                                                  NORMAL
..................................................................
TEMPERATURE (F)
 YESTERDAY
  MAXIMUM         77    138 PM  89    1907  71      6       62
  MINIMUM         49   1159 PM  25    1955  47      2       30
  AVERAGE         63                        59      4       46

PRECIPITATION (IN)
  YESTERDAY        0.14          2.75 1946   0.17  -0.03     0.00
  MONTH TO DATE    7.27                      4.18   3.09     1.95
  SINCE MAR 1      7.27                      4.18   3.09     1.95
  SINCE JAN 1     17.47                     13.91   3.56     9.00

SNOWFALL (IN)
  YESTERDAY        0.0           0.0    MM   0.0    0.0      0.0
  MONTH TO DATE    0.3                       0.1    0.2       T
  SINCE MAR 1      0.3                       0.1    0.2       T
  SINCE JUL 1      0.3                       0.8   -0.5      0.8

DEGREE DAYS
 HEATING
  YESTERDAY        2                         7     -5       19
  MONTH TO DATE  161                       246    -85      316
  SINCE MAR 1    161                       246    -85      316
  SINCE JUL 1   2287                      2238     49     2582

 COOLING
  YESTERDAY        0                         1     -1        0
  MONTH TO DATE   28                        23      5        1
  SINCE MAR 1     28                        23      5        1
  SINCE JAN 1     28                        33     -5        7
..................................................................


WIND (MPH)
  HIGHEST WIND SPEED    25   HIGHEST WIND DIRECTION     N (340)
  HIGHEST GUST SPEED    32   HIGHEST GUST DIRECTION     N (340)
  AVERAGE WIND SPEED     8.3


SKY COVER
  POSSIBLE SUNSHINE  MM
  AVERAGE SKY COVER 0.7


WEATHER CONDITIONS
 THE FOLLOWING WEATHER WAS RECORDED YESTERDAY.
  THUNDERSTORM
  HEAVY RAIN
  LIGHT RAIN
  FOG


RELATIVE HUMIDITY (PERCENT)
 HIGHEST    93           400 AM
 LOWEST     50          1100 AM
 AVERAGE    72

..........................................................


THE JACKSON CLIMATE NORMALS FOR TODAY
                         NORMAL    RECORD    YEAR
 MAXIMUM TEMPERATURE (F)   71        88      1935
 MINIMUM TEMPERATURE (F)   48        23      1955


SUNRISE AND SUNSET
MARCH 27 2015.........SUNRISE   655 AM CDT   SUNSET   717 PM CDT
MARCH 28 2015.........SUNRISE   654 AM CDT   SUNSET   717 PM CDT


-  INDICATES NEGATIVE NUMBERS.
R  INDICATES RECORD WAS SET OR TIED.
MM INDICATES DATA IS MISSING.
T  INDICATES TRACE AMOUNT.

&&

AT 3 AM:

THE PEARL RIVER STAGE AT JACKSON WAS AT 21 FEET. THE RIVER HAS FALLEN
1.1 FEET OVER THE LAST 24 HOURS.

THE MISSISSIPPI RIVER STAGE AT VICKSBURG WAS 42.1 FEET. THE RIVER HAS RISEN
0.3 FEET OVER THE LAST 24 HOURS.

$$
