000
CDUS44 KJAN 032120
CLIJAN


CLIMATE REPORT
NATIONAL WEATHER SERVICE JACKSON MS
417 PM CDT FRI JUL 3 2015


...................................

...THE JACKSON CLIMATE SUMMARY FOR JULY 3 2015...
VALID TODAY AS OF 0400 PM LOCAL TIME.

CLIMATE NORMAL PERIOD 1981 TO 2010
CLIMATE RECORD PERIOD 1896 TO 2015


WEATHER ITEM   OBSERVED TIME   RECORD YEAR NORMAL DEPARTURE LAST
                VALUE   (LST)  VALUE       VALUE  FROM      YEAR
                                                  NORMAL
..................................................................
TEMPERATURE (F)
 TODAY
  MAXIMUM         89    120 PM 103    1902  91     -2       90
  MINIMUM         77    654 AM  57    1924  71      6       70
  AVERAGE         83                        81      2       80

PRECIPITATION (IN)
  TODAY            0.00          1.94 1942   0.16  -0.16     0.00
  MONTH TO DATE    T                         0.48  -0.48      T
  SINCE JUN 1      6.44                      4.60   1.84     6.43
  SINCE JAN 1     34.72                     28.71   6.01    38.03

SNOWFALL (IN)
  TODAY            0.0           0.0    MM   0.0    0.0      0.0
  MONTH TO DATE    0.0                       0.0    0.0      0.0
  SINCE JUN 1      0.0                       0.0    0.0      0.0
  SINCE JUL 1      0.0                       0.0    0.0      0.0

DEGREE DAYS
 HEATING
  TODAY            0                         0      0        0
  MONTH TO DATE    0                         0      0        0
  SINCE JUN 1      0                         0      0        0
  SINCE JUL 1      0                         0      0        0

 COOLING
  TODAY           18                        16      2       15
  MONTH TO DATE   50                        48      2       52
  SINCE JUN 1    532                       470     62      495
  SINCE JAN 1    985                       828    157      826
..................................................................


WIND (MPH)
  HIGHEST WIND SPEED    16   HIGHEST WIND DIRECTION    SW (230)
  HIGHEST GUST SPEED    21   HIGHEST GUST DIRECTION    SW (220)
  AVERAGE WIND SPEED     9.9


SKY COVER
  POSSIBLE SUNSHINE  MM
  AVERAGE SKY COVER 0.4


WEATHER CONDITIONS
 THE FOLLOWING WEATHER WAS RECORDED TODAY.
  NO SIGNIFICANT WEATHER WAS OBSERVED.


RELATIVE HUMIDITY (PERCENT)
 HIGHEST    88           200 AM
 LOWEST     63          1100 AM
 AVERAGE    76

..........................................................


THE JACKSON CLIMATE NORMALS FOR TOMORROW
                         NORMAL    RECORD    YEAR
 MAXIMUM TEMPERATURE (F)   91       105      1902
 MINIMUM TEMPERATURE (F)   71        58      1924


SUNRISE AND SUNSET
JULY  3 2015..........SUNRISE   558 AM CDT   SUNSET   811 PM CDT
JULY  4 2015..........SUNRISE   558 AM CDT   SUNSET   811 PM CDT


-  INDICATES NEGATIVE NUMBERS.
R  INDICATES RECORD WAS SET OR TIED.
MM INDICATES DATA IS MISSING.
T  INDICATES TRACE AMOUNT.

&&

AT 4 PM:

THE PEARL RIVER STAGE AT JACKSON WAS 3.8 FEET. THE RIVER HAS
REMAINED STEADY OVER THE PAST 24 HOURS.

THE MISSISSIPPI RIVER STAGE AT VICKSBURG WAS 42.0 FEET. THE RIVER
HAS RISEN 0.4 FEET OVER THE PAST 24 HOURS.

THE AIR QUALITY INDEX AT JACKSON WAS 60...WHICH IS MODERATE.


$$
