000
CDUS44 KJAN 290725
CLIJAN


CLIMATE REPORT
NATIONAL WEATHER SERVICE JACKSON MS
221 AM CDT TUE JUL 29 2014


...................................

...THE JACKSON CLIMATE SUMMARY FOR JULY 28 2014...

CLIMATE NORMAL PERIOD 1981 TO 2010
CLIMATE RECORD PERIOD 1896 TO 2014


WEATHER ITEM   OBSERVED TIME   RECORD YEAR NORMAL DEPARTURE LAST
                VALUE   (LST)  VALUE       VALUE  FROM      YEAR
                                                  NORMAL
..................................................................
TEMPERATURE (F)
 YESTERDAY
  MAXIMUM         93    245 PM 102    1930  92      1       91
  MINIMUM         71   1138 PM  60    1911  72     -1       71
  AVERAGE         82                        82      0       81

PRECIPITATION (IN)
  YESTERDAY        0.00          2.00 1898   0.15  -0.15     0.00
  MONTH TO DATE    2.14                      4.35  -2.21     2.66
  SINCE JUN 1      8.57                      8.47   0.10     7.64
  SINCE JAN 1     40.17                     32.58   7.59    40.70

SNOWFALL (IN)
  YESTERDAY        0.0           0.0  2002   0.0    0.0      0.0
                                      2001
  MONTH TO DATE    0.0                       0.0    0.0      0.0
  SINCE JUN 1      0.0                       0.0    0.0      0.0
  SINCE JUL 1      0.0                       0.0    0.0      0.0

DEGREE DAYS
 HEATING
  YESTERDAY        0                         0      0        0
  MONTH TO DATE    0                         0      0        0
  SINCE JUN 1      0                         0      0        0
  SINCE JUL 1      0                         0      0        0

 COOLING
  YESTERDAY       17                        17      0       16
  MONTH TO DATE  409                       469    -60      416
  SINCE JUN 1    852                       891    -39      863
  SINCE JAN 1   1183                      1249    -66     1181
..................................................................


WIND (MPH)
  HIGHEST WIND SPEED    14   HIGHEST WIND DIRECTION    NW (330)
  HIGHEST GUST SPEED    17   HIGHEST GUST DIRECTION    NW (320)
  AVERAGE WIND SPEED     6.7


SKY COVER
  POSSIBLE SUNSHINE  MM
  AVERAGE SKY COVER 0.3


WEATHER CONDITIONS
 THE FOLLOWING WEATHER WAS RECORDED YESTERDAY.
  NO SIGNIFICANT WEATHER WAS OBSERVED.


RELATIVE HUMIDITY (PERCENT)
 HIGHEST    91           100 AM
 LOWEST     41           300 PM
 AVERAGE    66

..........................................................


THE JACKSON CLIMATE NORMALS FOR TODAY
                         NORMAL    RECORD    YEAR
 MAXIMUM TEMPERATURE (F)   92       107      1930
 MINIMUM TEMPERATURE (F)   72        61      1994


SUNRISE AND SUNSET
JULY 29 2014..........SUNRISE   613 AM CDT   SUNSET   800 PM CDT
JULY 30 2014..........SUNRISE   614 AM CDT   SUNSET   759 PM CDT


-  INDICATES NEGATIVE NUMBERS.
R  INDICATES RECORD WAS SET OR TIED.
MM INDICATES DATA IS MISSING.
T  INDICATES TRACE AMOUNT.




$$
