000
CDUS44 KJAN 200914
CLIJAN


CLIMATE REPORT
NATIONAL WEATHER SERVICE JACKSON MS
412 AM CDT WED AUG 20 2014


...................................

...THE JACKSON CLIMATE SUMMARY FOR AUGUST 19 2014...

CLIMATE NORMAL PERIOD 1981 TO 2010
CLIMATE RECORD PERIOD 1896 TO 2014


WEATHER ITEM   OBSERVED TIME   RECORD YEAR NORMAL DEPARTURE LAST
                VALUE   (LST)  VALUE       VALUE  FROM      YEAR
                                                  NORMAL
..................................................................
TEMPERATURE (F)
 YESTERDAY
  MAXIMUM         93    212 PM 104    1999  92      1       86
  MINIMUM         75        MM  61    1943  71      4       69
  AVERAGE         84                        81      3       78

PRECIPITATION (IN)
  YESTERDAY        0.00          1.74 1960   0.14  -0.14      T
  MONTH TO DATE    2.90                      2.83   0.07     1.57
  SINCE JUN 1     11.47                     11.76  -0.29     9.21
  SINCE JAN 1     43.07                     35.87   7.20    42.27

SNOWFALL (IN)
  YESTERDAY        0.0           0.0  2002   0.0    0.0      0.0
                                      2001
  MONTH TO DATE    0.0                       0.0    0.0      0.0
  SINCE JUN 1      0.0                       0.0    0.0      0.0
  SINCE JUL 1      0.0                       0.0    0.0      0.0

DEGREE DAYS
 HEATING
  YESTERDAY        0                         0      0        0
  MONTH TO DATE    0                         0      0        0
  SINCE JUN 1      0                         0      0        0
  SINCE JUL 1      0                         0      0        0

 COOLING
  YESTERDAY       19                        16      3       13
  MONTH TO DATE  303                       319    -16      343
  SINCE JUN 1   1186                      1256    -70     1266
  SINCE JAN 1   1517                      1614    -97     1584
..................................................................


WIND (MPH)
  HIGHEST WIND SPEED    13   HIGHEST WIND DIRECTION    SW (230)
  HIGHEST GUST SPEED    17   HIGHEST GUST DIRECTION    SW (220)
  AVERAGE WIND SPEED     5.1


SKY COVER
  POSSIBLE SUNSHINE  MM
  AVERAGE SKY COVER 0.4


WEATHER CONDITIONS
 THE FOLLOWING WEATHER WAS RECORDED YESTERDAY.
  NO SIGNIFICANT WEATHER WAS OBSERVED.


RELATIVE HUMIDITY (PERCENT)
 HIGHEST    94           400 AM
 LOWEST     56           200 PM
 AVERAGE    75

..........................................................


THE JACKSON CLIMATE NORMALS FOR TODAY
                         NORMAL    RECORD    YEAR
 MAXIMUM TEMPERATURE (F)   92       104      1925
 MINIMUM TEMPERATURE (F)   71        60      1976
                                             1927


SUNRISE AND SUNSET
AUGUST 20 2014........SUNRISE   628 AM CDT   SUNSET   739 PM CDT
AUGUST 21 2014........SUNRISE   628 AM CDT   SUNSET   738 PM CDT


-  INDICATES NEGATIVE NUMBERS.
R  INDICATES RECORD WAS SET OR TIED.
MM INDICATES DATA IS MISSING.
T  INDICATES TRACE AMOUNT.

&&

AT 4 AM:

THE PEARL RIVER STAGE AT JACKSON WAS 3.9 FEET. THE RIVER HAS REMAINED
STEADY OVER THE LAST 24 HOURS.

THE MISSISSIPPI RIVER STAGE AT VICKSBURG WAS 11.8 FEET. THE RIVER
HAS REMAINED STEADY OVER THE LAST 24 HOURS.

$$
