000
CDUS44 KJAN 210645
CLIJAN


CLIMATE REPORT
NATIONAL WEATHER SERVICE JACKSON MS
140 AM CDT MON APR 21 2014


...................................

...THE JACKSON CLIMATE SUMMARY FOR APRIL 20 2014...

CLIMATE NORMAL PERIOD 1981 TO 2010
CLIMATE RECORD PERIOD 1896 TO 2014


WEATHER ITEM   OBSERVED TIME   RECORD YEAR NORMAL DEPARTURE LAST
                VALUE   (LST)  VALUE       VALUE  FROM      YEAR
                                                  NORMAL
..................................................................
TEMPERATURE (F)
 YESTERDAY
  MAXIMUM         82    444 PM  91    1987  77      5       69
  MINIMUM         49    534 AM  37    1953  53     -4       38
  AVERAGE         66                        65      1       54

PRECIPITATION (IN)
  YESTERDAY        0.00          2.65 1995   0.17  -0.17     0.00
  MONTH TO DATE   10.41                      3.52   6.89     3.41
  SINCE MAR 1     16.06                      8.56   7.50     9.00
  SINCE JAN 1     23.11                     18.29   4.82    26.44

SNOWFALL (IN)
  YESTERDAY        0.0           0.0    MM   0.0    0.0      0.0
  MONTH TO DATE    0.0                       0.0    0.0      0.0
  SINCE MAR 1      T                         0.1   -0.1       T
  SINCE JUL 1      0.8                       0.8    0.0      1.7

DEGREE DAYS
 HEATING
  YESTERDAY        0                         3     -3       11
  MONTH TO DATE  108                        89     19       93
  SINCE MAR 1    451                       367     84      485
  SINCE JUL 1   2717                      2359    358     2236

 COOLING
  YESTERDAY        1                         3     -2        0
  MONTH TO DATE   34                        45    -11       65
  SINCE MAR 1     38                        72    -34       68
  SINCE JAN 1     44                        82    -38       82
..................................................................


WIND (MPH)
  HIGHEST WIND SPEED    10   HIGHEST WIND DIRECTION     E (90)
  HIGHEST GUST SPEED    14   HIGHEST GUST DIRECTION     E (100)
  AVERAGE WIND SPEED     2.2


SKY COVER
  POSSIBLE SUNSHINE  MM
  AVERAGE SKY COVER 0.2


WEATHER CONDITIONS
 THE FOLLOWING WEATHER WAS RECORDED YESTERDAY.
  FOG


RELATIVE HUMIDITY (PERCENT)
 HIGHEST   100           400 AM
 LOWEST     30           200 PM
 AVERAGE    65

..........................................................


THE JACKSON CLIMATE NORMALS FOR TODAY
                         NORMAL    RECORD    YEAR
 MAXIMUM TEMPERATURE (F)   77        94      1987
 MINIMUM TEMPERATURE (F)   54        37      1934


SUNRISE AND SUNSET
APRIL 21 2014.........SUNRISE   624 AM CDT   SUNSET   734 PM CDT
APRIL 22 2014.........SUNRISE   623 AM CDT   SUNSET   735 PM CDT


-  INDICATES NEGATIVE NUMBERS.
R  INDICATES RECORD WAS SET OR TIED.
MM INDICATES DATA IS MISSING.
T  INDICATES TRACE AMOUNT.




$$
AT 1 AM:

THE PEARL RIVER STAGE AT JACKSON WAS 30.2 FEET. THE RIVER HAS
FALLEN 0.8 FEET OVER THE PAST 24 HOURS.

THE MISSISSIPPI RIVER STAGE AT VICKSBURG WAS 38.4 FEET. THE RIVER
HAS REMAINED STEADY OVER THE PAST 24 HOURS.
