000
CDUS42 KJAX 290548
CLIJAX


CLIMATE REPORT
NATIONAL WEATHER SERVICE JACKSONVILLE FL
148 AM EDT TUE JUL 29 2014


...................................

...THE JACKSONVILLE CLIMATE SUMMARY FOR JULY 28 2014...

CLIMATE NORMAL PERIOD 1981 TO 2010
CLIMATE RECORD PERIOD 1871 TO 2014


WEATHER ITEM   OBSERVED TIME   RECORD YEAR NORMAL DEPARTURE LAST
                VALUE   (LST)  VALUE       VALUE  FROM      YEAR
                                                  NORMAL
..................................................................
TEMPERATURE (F)
 YESTERDAY
  MAXIMUM         96    236 PM 104    1872  92      4       89
  MINIMUM         78    645 AM  67    1920  73      5       72
                                      1898
  AVERAGE         87                        83      4       81

PRECIPITATION (IN)
  YESTERDAY        0.00          4.46 1926   0.20  -0.20     0.28
  MONTH TO DATE    2.75                      5.94  -3.19     7.88
  SINCE JUN 1      7.23                     12.39  -5.16    12.40
  SINCE JAN 1     33.06                     27.95   5.11    29.64

SNOWFALL (IN)
  YESTERDAY        0.0           0.0  2002   0.0    0.0      0.0
                                      2001
  MONTH TO DATE    0.0                       0.0    0.0      0.0
  SINCE JUN 1      0.0                       0.0    0.0      0.0
  SINCE JUL 1      0.0                       0.0    0.0      0.0
  SNOW DEPTH       0

DEGREE DAYS
 HEATING
  YESTERDAY        0                         0      0        0
  MONTH TO DATE    0                         0      0        0
  SINCE JUN 1      0                         0      0        0
  SINCE JUL 1      0                         0      0        0

 COOLING
  YESTERDAY       22                        18      4       16
  MONTH TO DATE  471                       486    -15      437
  SINCE JUN 1    916                       935    -19      910
  SINCE JAN 1   1400                      1419    -19     1346
..................................................................


WIND (MPH)
  HIGHEST WIND SPEED    22   HIGHEST WIND DIRECTION     S (200)
  HIGHEST GUST SPEED    26   HIGHEST GUST DIRECTION     S (190)
  AVERAGE WIND SPEED    11.6


SKY COVER
  POSSIBLE SUNSHINE  MM
  AVERAGE SKY COVER 0.6


WEATHER CONDITIONS
 THE FOLLOWING WEATHER WAS RECORDED YESTERDAY.
  NO SIGNIFICANT WEATHER WAS OBSERVED.


RELATIVE HUMIDITY (PERCENT)
 HIGHEST    97           200 AM
 LOWEST     49           200 PM
 AVERAGE    73

..........................................................


THE JACKSONVILLE CLIMATE NORMALS FOR TODAY
                         NORMAL    RECORD    YEAR
 MAXIMUM TEMPERATURE (F)   92       100      1875
 MINIMUM TEMPERATURE (F)   73        69      2000
                                             1913


SUNRISE AND SUNSET
JULY 29 2014..........SUNRISE   643 AM EDT   SUNSET   823 PM EDT
JULY 30 2014..........SUNRISE   644 AM EDT   SUNSET   822 PM EDT


-  INDICATES NEGATIVE NUMBERS.
R  INDICATES RECORD WAS SET OR TIED.
MM INDICATES DATA IS MISSING.
T  INDICATES TRACE AMOUNT.




$$
