000
CDUS42 KJAX 240531
CLIJAX


CLIMATE REPORT
NATIONAL WEATHER SERVICE JACKSONVILLE FL
131 AM EDT TUE MAY 24 2016


...................................

...THE JACKSONVILLE CLIMATE SUMMARY FOR MAY 23 2016...

CLIMATE NORMAL PERIOD 1981 TO 2010
CLIMATE RECORD PERIOD 1871 TO 2016


WEATHER ITEM   OBSERVED TIME   RECORD YEAR NORMAL DEPARTURE LAST
                VALUE   (LST)  VALUE       VALUE  FROM      YEAR
                                                  NORMAL
..................................................................
TEMPERATURE (F)
 YESTERDAY
  MAXIMUM         84    338 PM  97    1960  87     -3       83
  MINIMUM         57    531 AM  48    1993  65     -8       63
  AVERAGE         71                        76     -5       73

PRECIPITATION (IN)
  YESTERDAY        0.00          2.87 1943   0.09  -0.09     0.00
  MONTH TO DATE    2.26                      1.61   0.65     0.14
  SINCE MAR 1      6.78                      8.20  -1.42     5.10
  SINCE JAN 1     14.43                     14.69  -0.26    11.50

SNOWFALL (IN)
  YESTERDAY        0.0           0.0  2002   0.0    0.0      0.0
                                      2001
  MONTH TO DATE    0.0                       0.0    0.0      0.0
  SINCE MAR 1      0.0                       T      0.0      0.0
  SINCE JUL 1      0.0                       T      0.0       T
  SNOW DEPTH       0

DEGREE DAYS
 HEATING
  YESTERDAY        0                         0      0        0
  MONTH TO DATE    6                         3      3        2
  SINCE MAR 1    101                       214   -113       89
  SINCE JUL 1    949                      1347   -398     1337

 COOLING
  YESTERDAY        6                        11     -5        8
  MONTH TO DATE  217                       193     24      218
  SINCE MAR 1    469                       360    109      541
  SINCE JAN 1    493                       389    104      554
..................................................................


WIND (MPH)
  HIGHEST WIND SPEED    14   HIGHEST WIND DIRECTION     E (100)
  HIGHEST GUST SPEED    17   HIGHEST GUST DIRECTION    SE (140)
  AVERAGE WIND SPEED     2.7


SKY COVER
  POSSIBLE SUNSHINE  MM
  AVERAGE SKY COVER 0.3


WEATHER CONDITIONS
 THE FOLLOWING WEATHER WAS RECORDED YESTERDAY.
  NO SIGNIFICANT WEATHER WAS OBSERVED.


RELATIVE HUMIDITY (PERCENT)
 HIGHEST   100           400 AM
 LOWEST     34           100 PM
 AVERAGE    67

..........................................................


THE JACKSONVILLE CLIMATE NORMALS FOR TODAY
                         NORMAL    RECORD    YEAR
 MAXIMUM TEMPERATURE (F)   87        98      1953
 MINIMUM TEMPERATURE (F)   65        52      2001
                                             1892


SUNRISE AND SUNSET
MAY 24 2016...........SUNRISE   627 AM EDT   SUNSET   820 PM EDT
MAY 25 2016...........SUNRISE   627 AM EDT   SUNSET   821 PM EDT


-  INDICATES NEGATIVE NUMBERS.
R  INDICATES RECORD WAS SET OR TIED.
MM INDICATES DATA IS MISSING.
T  INDICATES TRACE AMOUNT.




$$
