000
CDUS42 KJAX 210717
CLIJAX


CLIMATE REPORT
NATIONAL WEATHER SERVICE JACKSONVILLE FL
217 AM EST SUN DEC 21 2014


...................................

...THE JACKSONVILLE CLIMATE SUMMARY FOR DECEMBER 20 2014...

CLIMATE NORMAL PERIOD 1981 TO 2010
CLIMATE RECORD PERIOD 1871 TO 2014


WEATHER ITEM   OBSERVED TIME   RECORD YEAR NORMAL DEPARTURE LAST
                VALUE   (LST)  VALUE       VALUE  FROM      YEAR
                                                  NORMAL
..................................................................
TEMPERATURE (F)
 YESTERDAY
  MAXIMUM         69    319 PM  82    1990  66      3       77
  MINIMUM         51    333 AM  19    1981  43      8       43
  AVERAGE         60                        54      6       60

PRECIPITATION (IN)
  YESTERDAY        T             2.86 1915   0.10  -0.10     0.00
  MONTH TO DATE    0.01                      1.79  -1.78     0.68
  SINCE DEC 1      0.01                      1.79  -1.78     0.68
  SINCE JAN 1     51.73                     51.38   0.35    45.04

SNOWFALL (IN)
  YESTERDAY        0.0           0.0  2001   0.0    0.0      0.0
  MONTH TO DATE    0.0                       0.0    0.0      0.0
  SINCE DEC 1      0.0                       0.0    0.0      0.0
  SINCE JUL 1      0.0                       0.0    0.0      0.0
  SNOW DEPTH       0

DEGREE DAYS
 HEATING
  YESTERDAY        5                        11     -6        5
  MONTH TO DATE  178                       191    -13      124
  SINCE DEC 1    178                       191    -13      124
  SINCE JUL 1    462                       364     98      280

 COOLING
  YESTERDAY        0                         1     -1        0
  MONTH TO DATE    7                        20    -13       29
  SINCE DEC 1      7                        20    -13       29
  SINCE JAN 1   2586                      2664    -78     2628
..................................................................


WIND (MPH)
  HIGHEST WIND SPEED    14   HIGHEST WIND DIRECTION    NE (60)
  HIGHEST GUST SPEED    16   HIGHEST GUST DIRECTION    NE (30)
  AVERAGE WIND SPEED     6.7


SKY COVER
  POSSIBLE SUNSHINE  MM
  AVERAGE SKY COVER 0.8


WEATHER CONDITIONS
 THE FOLLOWING WEATHER WAS RECORDED YESTERDAY.
  LIGHT RAIN


RELATIVE HUMIDITY (PERCENT)
 HIGHEST   100           600 AM
 LOWEST     45           300 PM
 AVERAGE    73

..........................................................


THE JACKSONVILLE CLIMATE NORMALS FOR TODAY
                         NORMAL    RECORD    YEAR
 MAXIMUM TEMPERATURE (F)   66        83      2013
 MINIMUM TEMPERATURE (F)   43        20      1901


SUNRISE AND SUNSET
DECEMBER 21 2014......SUNRISE   720 AM EST   SUNSET   530 PM EST
DECEMBER 22 2014......SUNRISE   720 AM EST   SUNSET   531 PM EST


-  INDICATES NEGATIVE NUMBERS.
R  INDICATES RECORD WAS SET OR TIED.
MM INDICATES DATA IS MISSING.
T  INDICATES TRACE AMOUNT.




$$
