000
CDUS42 KJAX 290532
CLIJAX


CLIMATE REPORT
NATIONAL WEATHER SERVICE JACKSONVILLE FL
132 AM EDT THU SEP 29 2016


...................................

...THE JACKSONVILLE CLIMATE SUMMARY FOR SEPTEMBER 28 2016...

CLIMATE NORMAL PERIOD 1981 TO 2010
CLIMATE RECORD PERIOD 1871 TO 2016


WEATHER ITEM   OBSERVED TIME   RECORD YEAR NORMAL DEPARTURE LAST
                VALUE   (LST)  VALUE       VALUE  FROM      YEAR
                                                  NORMAL
..................................................................
TEMPERATURE (F)
 YESTERDAY
  MAXIMUM         89    108 PM  96    1900  85      4       83
  MINIMUM         69    453 AM  56    1909  67      2       74
  AVERAGE         79                        76      3       79

PRECIPITATION (IN)
  YESTERDAY        0.01          4.80 1984   0.24  -0.23     0.03
  MONTH TO DATE    4.36                      7.71  -3.35     8.27
  SINCE SEP 1      4.36                      7.71  -3.35     8.27
  SINCE JAN 1     26.70                     43.07 -16.37    39.47

SNOWFALL (IN)
  YESTERDAY        0.0           0.0  2002   0.0    0.0      0.0
                                      2001
  MONTH TO DATE    0.0                       0.0    0.0      0.0
  SINCE SEP 1      0.0                       0.0    0.0      0.0
  SINCE JUL 1      0.0                       0.0    0.0      0.0
  SNOW DEPTH       0

DEGREE DAYS
 HEATING
  YESTERDAY        0                         0      0        0
  MONTH TO DATE    0                         0      0        0
  SINCE SEP 1      0                         0      0        0
  SINCE JUL 1      0                         0      0        0

 COOLING
  YESTERDAY       14                        11      3       14
  MONTH TO DATE  399                       377     22      379
  SINCE SEP 1    399                       377     22      379
  SINCE JAN 1   2635                      2367    268     2569
..................................................................


WIND (MPH)
  HIGHEST WIND SPEED    22   HIGHEST WIND DIRECTION    SW (230)
  HIGHEST GUST SPEED    25   HIGHEST GUST DIRECTION    SW (230)
  AVERAGE WIND SPEED     5.4


SKY COVER
  POSSIBLE SUNSHINE  MM
  AVERAGE SKY COVER 0.7


WEATHER CONDITIONS
 THE FOLLOWING WEATHER WAS RECORDED YESTERDAY.
  THUNDERSTORM
  LIGHT RAIN
  FOG


RELATIVE HUMIDITY (PERCENT)
 HIGHEST   100           100 AM
 LOWEST     55           100 PM
 AVERAGE    78

..........................................................


THE JACKSONVILLE CLIMATE NORMALS FOR TODAY
                         NORMAL    RECORD    YEAR
 MAXIMUM TEMPERATURE (F)   84        92      1936
                                             1872
 MINIMUM TEMPERATURE (F)   66        53      1993


SUNRISE AND SUNSET
SEPTEMBER 29 2016.....SUNRISE   719 AM EDT   SUNSET   714 PM EDT
SEPTEMBER 30 2016.....SUNRISE   720 AM EDT   SUNSET   713 PM EDT


-  INDICATES NEGATIVE NUMBERS.
R  INDICATES RECORD WAS SET OR TIED.
MM INDICATES DATA IS MISSING.
T  INDICATES TRACE AMOUNT.




$$
