000
CDUS42 KJAX 200627
CLIJAX


CLIMATE REPORT
NATIONAL WEATHER SERVICE JACKSONVILLE FL
126 AM EST MON NOV 20 2017


...................................

...THE JACKSONVILLE CLIMATE SUMMARY FOR NOVEMBER 19 2017...

CLIMATE NORMAL PERIOD 1981 TO 2010
CLIMATE RECORD PERIOD 1871 TO 2017


WEATHER ITEM   OBSERVED TIME   RECORD YEAR NORMAL DEPARTURE LAST
                VALUE   (LST)  VALUE       VALUE  FROM      YEAR
                                                  NORMAL
..................................................................
TEMPERATURE (F)
 YESTERDAY
  MAXIMUM         71    226 PM  84    1958  73     -2       80
                                      1938
  MINIMUM         49   1159 PM  27    2014  50     -1       44
  AVERAGE         60                        61     -1       62

PRECIPITATION (IN)
  YESTERDAY        T             1.21 1939   0.07  -0.07     0.00
  MONTH TO DATE    0.19                      1.37  -1.18     0.02
  SINCE SEP 1     17.53                     13.49   4.04    13.89
  SINCE JAN 1     65.27                     48.85  16.42    36.23

SNOWFALL (IN)
  YESTERDAY        0.0           0.0  2001   0.0    0.0      0.0
  MONTH TO DATE    0.0                       0.0    0.0      0.0
  SINCE SEP 1      0.0                       0.0    0.0      0.0
  SINCE JUL 1      0.0                       0.0    0.0      0.0
  SNOW DEPTH       0

DEGREE DAYS
 HEATING
  YESTERDAY        5                         5      0        3
  MONTH TO DATE   35                        73    -38       49
  SINCE SEP 1     67                       101    -34       64
  SINCE JUL 1     67                       101    -34       64

 COOLING
  YESTERDAY        0                         2     -2        0
  MONTH TO DATE   61                        46     15       33
  SINCE SEP 1    804                       639    165      690
  SINCE JAN 1   3005                      2629    376     2926
..................................................................


WIND (MPH)
  HIGHEST WIND SPEED    17   HIGHEST WIND DIRECTION     W (290)
  HIGHEST GUST SPEED    24   HIGHEST GUST DIRECTION    NW (320)
  AVERAGE WIND SPEED     9.2


SKY COVER
  POSSIBLE SUNSHINE  MM
  AVERAGE SKY COVER 0.4


WEATHER CONDITIONS
 THE FOLLOWING WEATHER WAS RECORDED YESTERDAY.
  FOG


RELATIVE HUMIDITY (PERCENT)
 HIGHEST    93           200 AM
 LOWEST     40           400 PM
 AVERAGE    67

..........................................................


THE JACKSONVILLE CLIMATE NORMALS FOR TODAY
                         NORMAL    RECORD    YEAR
 MAXIMUM TEMPERATURE (F)   73        86      1988
 MINIMUM TEMPERATURE (F)   50        24      2014


SUNRISE AND SUNSET
NOVEMBER 20 2017......SUNRISE   657 AM EST   SUNSET   528 PM EST
NOVEMBER 21 2017......SUNRISE   658 AM EST   SUNSET   527 PM EST


-  INDICATES NEGATIVE NUMBERS.
R  INDICATES RECORD WAS SET OR TIED.
MM INDICATES DATA IS MISSING.
T  INDICATES TRACE AMOUNT.




$$
