060
CDUS44 KMEG 290631
CLIJBR


CLIMATE REPORT
NATIONAL WEATHER SERVICE MEMPHIS TN
131 AM CDT SUN MAY 29 2016


...................................

...THE JONESBORO CLIMATE SUMMARY FOR MAY 28 2016...

CLIMATE NORMAL PERIOD 1981 TO 2010
CLIMATE RECORD PERIOD 1897 TO 2016


WEATHER ITEM   OBSERVED TIME   RECORD YEAR NORMAL DEPARTURE LAST
                VALUE   (LST)  VALUE       VALUE  FROM      YEAR
                                                  NORMAL
..................................................................
TEMPERATURE (F)
 YESTERDAY
  MAXIMUM         82    603 PM 101    1911  84     -2       81
  MINIMUM         67    139 AM  40    1907  62      5       63
  AVERAGE         75                        73      2       72

PRECIPITATION (IN)
  YESTERDAY        0.00          2.03 1976   0.10  -0.10     0.00
  MONTH TO DATE   10.77                      4.34   6.43     7.19
  SINCE MAR 1     28.45                     13.86  14.59    20.33
  SINCE JAN 1     32.38                     21.01  11.37    25.16

SNOWFALL (IN)
  YESTERDAY        0.0          MM      MM   0.0    0.0      0.0
  MONTH TO DATE    0.0                       0.0    0.0      0.0
  SINCE MAR 1      0.0                       0.7   -0.7      7.6
  SINCE JUL 1      0.3                       4.8   -4.5      9.4
  SNOW DEPTH       0

DEGREE DAYS
 HEATING
  YESTERDAY        0                         0      0        0
  MONTH TO DATE   28                        35     -7       48
  SINCE MAR 1    494                       694   -200      765
  SINCE JUL 1   2983                      3650   -667     4013

 COOLING
  YESTERDAY       10                         8      2        7
  MONTH TO DATE  113                       139    -26      127
  SINCE MAR 1    163                       186    -23      155
  SINCE JAN 1    163                       186    -23      155
..................................................................


WIND (MPH)
  HIGHEST WIND SPEED    17   HIGHEST WIND DIRECTION     S (190)
  HIGHEST GUST SPEED    22   HIGHEST GUST DIRECTION     S (200)
  AVERAGE WIND SPEED     8.0


SKY COVER
  POSSIBLE SUNSHINE  MM
  AVERAGE SKY COVER 0.3


WEATHER CONDITIONS
 THE FOLLOWING WEATHER WAS RECORDED YESTERDAY.
  NO SIGNIFICANT WEATHER WAS OBSERVED.


RELATIVE HUMIDITY (PERCENT)
 HIGHEST    90           500 AM
 LOWEST     58           300 PM
 AVERAGE    74

..........................................................


THE JONESBORO CLIMATE NORMALS FOR TODAY
                         NORMAL    RECORD    YEAR
 MAXIMUM TEMPERATURE (F)   84       100      1926
 MINIMUM TEMPERATURE (F)   62        44      1897


SUNRISE AND SUNSET
MAY 29 2016...........SUNRISE   549 AM CDT   SUNSET   812 PM CDT
MAY 30 2016...........SUNRISE   548 AM CDT   SUNSET   813 PM CDT


-  INDICATES NEGATIVE NUMBERS.
R  INDICATES RECORD WAS SET OR TIED.
MM INDICATES DATA IS MISSING.
T  INDICATES TRACE AMOUNT.




$$
