000
CDUS44 KMEG 170739
CLIJBR


CLIMATE REPORT
NATIONAL WEATHER SERVICE MEMPHIS TN
138 AM CST TUE JAN 17 2017


...................................

...THE JONESBORO CLIMATE SUMMARY FOR JANUARY 16 2017...

CLIMATE NORMAL PERIOD 1981 TO 2010
CLIMATE RECORD PERIOD 1897 TO 2017


WEATHER ITEM   OBSERVED TIME   RECORD YEAR NORMAL DEPARTURE LAST
                VALUE   (LST)  VALUE       VALUE  FROM      YEAR
                                                  NORMAL
..................................................................
TEMPERATURE (F)
 YESTERDAY
  MAXIMUM         65    439 PM  75    1952  46     19       40
  MINIMUM         45    356 AM   5    1979  29     16       29
  AVERAGE         55                        37     18       35

PRECIPITATION (IN)
  YESTERDAY        1.45          2.20 1932   0.11   1.34     0.00
  MONTH TO DATE    2.95                      1.76   1.19     1.61
  SINCE DEC 1      7.41                      6.53   0.88     7.98
  SINCE JAN 1      2.95                      1.76   1.19     1.61

DEGREE DAYS
 HEATING
  YESTERDAY       10                        28    -18       30
  MONTH TO DATE  398                       448    -50      426
  SINCE DEC 1   1133                      1240   -107      930
  SINCE JUL 1   1482                      1890   -408     1439

 COOLING
  YESTERDAY        0                         0      0        0
  MONTH TO DATE    0                         0      0        0
  SINCE DEC 1      0                         0      0        3
  SINCE JAN 1      0                         0      0        0
..................................................................


WIND (MPH)
  HIGHEST WIND SPEED    26   HIGHEST WIND DIRECTION     S (190)
  HIGHEST GUST SPEED    32   HIGHEST GUST DIRECTION     S (190)
  AVERAGE WIND SPEED    10.0


SKY COVER
  POSSIBLE SUNSHINE  MM
  AVERAGE SKY COVER 1.0


WEATHER CONDITIONS
 THE FOLLOWING WEATHER WAS RECORDED YESTERDAY.
  THUNDERSTORM
  HEAVY RAIN
  RAIN
  LIGHT RAIN
  FOG
  FOG W/VISIBILITY <= 1/4 MILE


RELATIVE HUMIDITY (PERCENT)
 HIGHEST   100          1200 AM
 LOWEST     87           300 PM
 AVERAGE    94

..........................................................


THE JONESBORO CLIMATE NORMALS FOR TODAY
                         NORMAL    RECORD    YEAR
 MAXIMUM TEMPERATURE (F)   46        72      1907
 MINIMUM TEMPERATURE (F)   29        -6      1982


SUNRISE AND SUNSET
JANUARY 17 2017.......SUNRISE   711 AM CST   SUNSET   515 PM CST
JANUARY 18 2017.......SUNRISE   711 AM CST   SUNSET   516 PM CST


-  INDICATES NEGATIVE NUMBERS.
R  INDICATES RECORD WAS SET OR TIED.
MM INDICATES DATA IS MISSING.
T  INDICATES TRACE AMOUNT.


$$
