000
CDUS44 KMEG 290643
CLIJBR


CLIMATE REPORT
NATIONAL WEATHER SERVICE MEMPHIS TN
142 AM CDT WED MAR 29 2017


...................................

...THE JONESBORO CLIMATE SUMMARY FOR MARCH 28 2017...

CLIMATE NORMAL PERIOD 1981 TO 2010
CLIMATE RECORD PERIOD 1897 TO 2017


WEATHER ITEM   OBSERVED TIME   RECORD YEAR NORMAL DEPARTURE LAST
                VALUE   (LST)  VALUE       VALUE  FROM      YEAR
                                                  NORMAL
..................................................................
TEMPERATURE (F)
 YESTERDAY
  MAXIMUM         68    408 PM  88    1910  64      4       62
  MINIMUM         54    557 AM  22    1899  44     10       34
  AVERAGE         61                        54      7       48

PRECIPITATION (IN)
  YESTERDAY        0.00          2.02 1921   0.16  -0.16     0.00
  MONTH TO DATE    6.23                      4.03   2.20     7.83
  SINCE MAR 1      6.23                      4.03   2.20     7.83
  SINCE JAN 1     11.84                     11.18   0.66    11.76

DEGREE DAYS
 HEATING
  YESTERDAY        4                        11     -7       17
  MONTH TO DATE  354                       432    -78      331
  SINCE MAR 1    354                       432    -78      331
  SINCE JUL 1   2487                      3388   -901     2820

 COOLING
  YESTERDAY        0                         0      0        0
  MONTH TO DATE    4                         0      4        3
  SINCE MAR 1      4                         0      4        3
  SINCE JAN 1      8                         0      8        3
..................................................................


WIND (MPH)
  HIGHEST WIND SPEED    18   HIGHEST WIND DIRECTION    NE (60)
  HIGHEST GUST SPEED    24   HIGHEST GUST DIRECTION    NE (40)
  AVERAGE WIND SPEED    10.1


SKY COVER
  POSSIBLE SUNSHINE  MM
  AVERAGE SKY COVER 0.4


WEATHER CONDITIONS
 THE FOLLOWING WEATHER WAS RECORDED YESTERDAY.
  NO SIGNIFICANT WEATHER WAS OBSERVED.


RELATIVE HUMIDITY (PERCENT)
 HIGHEST    93           300 AM
 LOWEST     63           400 PM
 AVERAGE    78

..........................................................


THE JONESBORO CLIMATE NORMALS FOR TODAY
                         NORMAL    RECORD    YEAR
 MAXIMUM TEMPERATURE (F)   65        85      1963
 MINIMUM TEMPERATURE (F)   44        27      1921


SUNRISE AND SUNSET
MARCH 29 2017.........SUNRISE   653 AM CDT   SUNSET   722 PM CDT
MARCH 30 2017.........SUNRISE   651 AM CDT   SUNSET   723 PM CDT


-  INDICATES NEGATIVE NUMBERS.
R  INDICATES RECORD WAS SET OR TIED.
MM INDICATES DATA IS MISSING.
T  INDICATES TRACE AMOUNT.


$$
