000
CDUS44 KMEG 250632
CLIJBR


CLIMATE REPORT
NATIONAL WEATHER SERVICE MEMPHIS TN
132 AM CDT FRI APR 25 2014


...................................

...THE JONESBORO CLIMATE SUMMARY FOR APRIL 24 2014...

CLIMATE NORMAL PERIOD 1981 TO 2010
CLIMATE RECORD PERIOD 1897 TO 2014


WEATHER ITEM   OBSERVED TIME   RECORD YEAR NORMAL DEPARTURE LAST
                VALUE   (LST)  VALUE       VALUE  FROM      YEAR
                                                  NORMAL
..................................................................
TEMPERATURE (F)
 YESTERDAY
  MAXIMUM         80    316 PM  90    1965  73      7       58
  MINIMUM         49    355 AM  30    1910  52     -3       40
  AVERAGE         65                        62      3       49

PRECIPITATION (IN)
  YESTERDAY        0.37          2.60 1908   0.18   0.19     0.12
  MONTH TO DATE    4.42                      3.89   0.53     3.39
  SINCE MAR 1      9.43                      8.39   1.04     5.48
  SINCE JAN 1     14.14                     15.54  -1.40    15.27

SNOWFALL (IN)
  YESTERDAY        0.0           T    1910   0.0    0.0      0.0
  MONTH TO DATE    0.0                       0.0    0.0      0.0
  SINCE MAR 1      3.2                       0.7    2.5      4.0
  SINCE JUL 1      5.2                       4.8    0.4     11.0
  SNOW DEPTH       0

DEGREE DAYS
 HEATING
  YESTERDAY        0                         4     -4       16
  MONTH TO DATE  171                       176     -5      200
  SINCE MAR 1    802                       640    162      815
  SINCE JUL 1   4067                      3596    471     3443

 COOLING
  YESTERDAY        0                         2     -2        0
  MONTH TO DATE   14                        29    -15       46
  SINCE MAR 1     14                        35    -21       46
  SINCE JAN 1     14                        35    -21       46
..................................................................


WIND (MPH)
  HIGHEST WIND SPEED    30   HIGHEST WIND DIRECTION    SW (230)
  HIGHEST GUST SPEED    38   HIGHEST GUST DIRECTION    SW (230)
  AVERAGE WIND SPEED    10.1


SKY COVER
  POSSIBLE SUNSHINE  MM
  AVERAGE SKY COVER 0.1


WEATHER CONDITIONS
 THE FOLLOWING WEATHER WAS RECORDED YESTERDAY.
  THUNDERSTORM
  HEAVY RAIN
  RAIN
  LIGHT RAIN
  FOG


RELATIVE HUMIDITY (PERCENT)
 HIGHEST    93           900 PM
 LOWEST     38          1100 AM
 AVERAGE    66

..........................................................


THE JONESBORO CLIMATE NORMALS FOR TODAY
                         NORMAL    RECORD    YEAR
 MAXIMUM TEMPERATURE (F)   73        95      1901
 MINIMUM TEMPERATURE (F)   52        30      1910


SUNRISE AND SUNSET
APRIL 25 2014.........SUNRISE   617 AM CDT   SUNSET   744 PM CDT
APRIL 26 2014.........SUNRISE   616 AM CDT   SUNSET   745 PM CDT


-  INDICATES NEGATIVE NUMBERS.
R  INDICATES RECORD WAS SET OR TIED.
MM INDICATES DATA IS MISSING.
T  INDICATES TRACE AMOUNT.




$$
