000
CDUS44 KMEG 280637
CLIJBR


CLIMATE REPORT
NATIONAL WEATHER SERVICE MEMPHIS TN
137 AM CDT SAT MAR 28 2015


...................................

...THE JONESBORO CLIMATE SUMMARY FOR MARCH 27 2015...

CLIMATE NORMAL PERIOD 1981 TO 2010
CLIMATE RECORD PERIOD 1897 TO 2015


WEATHER ITEM   OBSERVED TIME   RECORD YEAR NORMAL DEPARTURE LAST
                VALUE   (LST)  VALUE       VALUE  FROM      YEAR
                                                  NORMAL
..................................................................
TEMPERATURE (F)
 YESTERDAY
  MAXIMUM         49    408 PM  87    1910  64    -15       64
  MINIMUM         33    324 AM  10    1899  43    -10       48
  AVERAGE         41                        54    -13       56

PRECIPITATION (IN)
  YESTERDAY        0.03          3.11 1950   0.14  -0.11     0.49
  MONTH TO DATE    7.31                      3.87   3.44     3.91
  SINCE MAR 1      7.31                      3.87   3.44     3.91
  SINCE JAN 1     12.14                     11.02   1.12     8.62

SNOWFALL (IN)
  YESTERDAY        0.0           T    1950   0.1   -0.1      0.0
                                      1937
  MONTH TO DATE    7.5                       0.7    6.8      3.2
  SINCE MAR 1      7.5                       0.7    6.8      3.2
  SINCE JUL 1      9.3                       4.8    4.5      5.2
  SNOW DEPTH       0

DEGREE DAYS
 HEATING
  YESTERDAY       24                        12     12        9
  MONTH TO DATE  504                       421     83      580
  SINCE MAR 1    504                       421     83      580
  SINCE JUL 1   3752                      3377    375     3845

 COOLING
  YESTERDAY        0                         0      0        0
  MONTH TO DATE    0                         0      0        0
  SINCE MAR 1      0                         0      0        0
  SINCE JAN 1      0                         0      0        0
..................................................................


WIND (MPH)
  HIGHEST WIND SPEED    16   HIGHEST WIND DIRECTION     N (10)
  HIGHEST GUST SPEED    21   HIGHEST GUST DIRECTION     N (10)
  AVERAGE WIND SPEED     6.7


SKY COVER
  POSSIBLE SUNSHINE  MM
  AVERAGE SKY COVER 0.6


WEATHER CONDITIONS
 THE FOLLOWING WEATHER WAS RECORDED YESTERDAY.
  LIGHT RAIN


RELATIVE HUMIDITY (PERCENT)
 HIGHEST   100          1200 AM
 LOWEST     42           500 PM
 AVERAGE    71

..........................................................


THE JONESBORO CLIMATE NORMALS FOR TODAY
                         NORMAL    RECORD    YEAR
 MAXIMUM TEMPERATURE (F)   64        88      1910
 MINIMUM TEMPERATURE (F)   44        22      1899


SUNRISE AND SUNSET
MARCH 28 2015.........SUNRISE   655 AM CDT   SUNSET   721 PM CDT
MARCH 29 2015.........SUNRISE   654 AM CDT   SUNSET   722 PM CDT


-  INDICATES NEGATIVE NUMBERS.
R  INDICATES RECORD WAS SET OR TIED.
MM INDICATES DATA IS MISSING.
T  INDICATES TRACE AMOUNT.




$$
