000
CDUS44 KMEG 250741
CLIJBR


CLIMATE REPORT
NATIONAL WEATHER SERVICE MEMPHIS TN
140 AM CST THU DEC 25 2014


...................................

...THE JONESBORO CLIMATE SUMMARY FOR DECEMBER 24 2014...

CLIMATE NORMAL PERIOD 1981 TO 2010
CLIMATE RECORD PERIOD 1897 TO 2014


WEATHER ITEM   OBSERVED TIME   RECORD YEAR NORMAL DEPARTURE LAST
                VALUE   (LST)  VALUE       VALUE  FROM      YEAR
                                                  NORMAL
..................................................................
TEMPERATURE (F)
 YESTERDAY
  MAXIMUM         46    313 AM  76    1955  46      0       30
  MINIMUM         41    958 PM  -1    1983  30     11       21
  AVERAGE         44                        38      6       26

PRECIPITATION (IN)
  YESTERDAY        0.05          4.95 2009   0.15  -0.10     0.00
  MONTH TO DATE    2.39                      3.82  -1.43     6.44
  SINCE DEC 1      2.39                      3.82  -1.43     6.44
  SINCE JAN 1     43.75                     47.15  -3.40    52.42

SNOWFALL (IN)
  YESTERDAY        0.0           1.0  1969   0.0    0.0      0.0
  MONTH TO DATE    0.0                       0.3   -0.3      1.0
  SINCE DEC 1      0.0                       0.3   -0.3      1.0
  SINCE JUL 1      0.3                       0.3    0.0      1.0
  SNOW DEPTH       0

DEGREE DAYS
 HEATING
  YESTERDAY       21                        27     -6       39
  MONTH TO DATE  504                       600    -96      599
  SINCE DEC 1    504                       600    -96      599
  SINCE JUL 1   1263                      1250     13     1342

 COOLING
  YESTERDAY        0                         0      0        0
  MONTH TO DATE    0                         0      0        0
  SINCE DEC 1      0                         0      0        0
  SINCE JAN 1   1800                      1827    -27     2044
..................................................................


WIND (MPH)
  HIGHEST WIND SPEED    20   HIGHEST WIND DIRECTION     W (260)
  HIGHEST GUST SPEED    25   HIGHEST GUST DIRECTION     W (270)
  AVERAGE WIND SPEED    10.8


SKY COVER
  POSSIBLE SUNSHINE  MM
  AVERAGE SKY COVER 1.0


WEATHER CONDITIONS
 THE FOLLOWING WEATHER WAS RECORDED YESTERDAY.
  LIGHT RAIN
  FOG


RELATIVE HUMIDITY (PERCENT)
 HIGHEST    93           600 AM
 LOWEST     70          1200 PM
 AVERAGE    82

..........................................................


THE JONESBORO CLIMATE NORMALS FOR TODAY
                         NORMAL    RECORD    YEAR
 MAXIMUM TEMPERATURE (F)   46        76      1889
 MINIMUM TEMPERATURE (F)   29        -5      1983


SUNRISE AND SUNSET
DECEMBER 25 2014......SUNRISE   711 AM CST   SUNSET   455 PM CST
DECEMBER 26 2014......SUNRISE   711 AM CST   SUNSET   455 PM CST


-  INDICATES NEGATIVE NUMBERS.
R  INDICATES RECORD WAS SET OR TIED.
MM INDICATES DATA IS MISSING.
T  INDICATES TRACE AMOUNT.




$$
