000
CDUS45 KGGW 180741
CLIJDN


CLIMATE REPORT
NATIONAL WEATHER SERVICE GLASGOW MT
1240 AM MST WED JAN 18 2017


...................................

...THE JORDAN  ASOS MT CLIMATE SUMMARY FOR JANUARY 17 2017...

CLIMATE NORMAL PERIOD 1981 TO 2010
CLIMATE RECORD PERIOD 9999 TO 9999


WEATHER ITEM   OBSERVED TIME   RECORD YEAR NORMAL DEPARTURE LAST
                VALUE   (LST)  VALUE       VALUE  FROM      YEAR
                                                  NORMAL
..................................................................
TEMPERATURE (F)
 YESTERDAY
  MAXIMUM         45    231 PM  MM      MM  29     16        8
  MINIMUM          6   1259 AM  MM      MM   6      0       -9
  AVERAGE         26                        17      9        0

PRECIPITATION (IN)
  YESTERDAY        0.00         MM      MM   0.01  -0.01     0.00
  MONTH TO DATE    0.53                      0.15   0.38     0.16
  SINCE OCT 1      3.74                      1.69   2.05     3.85
  SINCE JAN 1      0.53                      0.15   0.38     0.16

SNOWFALL (IN)
  YESTERDAY        0.0          MM      MM  MM     MM        0.0
  MONTH TO DATE    0.0                      MM     MM        0.0
  SINCE DEC 1      0.0                      MM     MM        0.0
  SINCE JUL 1      0.0                      MM     MM        0.0
  SNOW DEPTH       0

DEGREE DAYS
 HEATING
  YESTERDAY       39                        48     -9       65
  MONTH TO DATE 1036                       823    213      891
  SINCE DEC 1   2634                      2255    379     2234
  SINCE JUL 1   4197                      4273    -76     3939

 COOLING
  YESTERDAY        0                         0      0        0
  MONTH TO DATE    0                         0      0        0
  SINCE DEC 1      0                         0      0        0
  SINCE JAN 1      0                         0      0        0
..................................................................


WIND (MPH)
  HIGHEST WIND SPEED    16   HIGHEST WIND DIRECTION    SW (230)
  HIGHEST GUST SPEED    20   HIGHEST GUST DIRECTION    SW (230)
  AVERAGE WIND SPEED     8.3


SKY COVER
  POSSIBLE SUNSHINE  MM
  AVERAGE SKY COVER 0.0


WEATHER CONDITIONS
 THE FOLLOWING WEATHER WAS RECORDED YESTERDAY.
  NO SIGNIFICANT WEATHER WAS OBSERVED.


RELATIVE HUMIDITY (PERCENT)
 HIGHEST    86          1200 AM
 LOWEST     53           300 PM
 AVERAGE    70

..........................................................


THE JORDAN  ASOS MT CLIMATE NORMALS FOR TODAY
                         NORMAL    RECORD    YEAR
 MAXIMUM TEMPERATURE (F)   29        MM        MM
 MINIMUM TEMPERATURE (F)    6        MM        MM


SUNRISE AND SUNSET
JANUARY 18 2017.......SUNRISE   747 AM MST   SUNSET   449 PM MST
JANUARY 19 2017.......SUNRISE   747 AM MST   SUNSET   450 PM MST


-  INDICATES NEGATIVE NUMBERS.
R  INDICATES RECORD WAS SET OR TIED.
MM INDICATES DATA IS MISSING.
T  INDICATES TRACE AMOUNT.




$$
