000
CDUS45 KGGW 251236
CLIJDN


CLIMATE REPORT
NATIONAL WEATHER SERVICE GLASGOW MT
635 AM MDT WED MAY 25 2016


...................................

...THE JORDAN  ASOS MT CLIMATE SUMMARY FOR MAY 25 2016...
VALID AS OF 0600 AM LOCAL TIME.

CLIMATE NORMAL PERIOD 1981 TO 2010
CLIMATE RECORD PERIOD 9999 TO 9999


WEATHER ITEM   OBSERVED TIME   RECORD YEAR NORMAL DEPARTURE LAST
                VALUE   (LST)  VALUE       VALUE  FROM      YEAR
                                                  NORMAL
..................................................................
TEMPERATURE (F)
 TODAY
  MAXIMUM         46    500 AM  MM      MM  69    -23       75
  MINIMUM         42    200 AM  MM      MM  42      0       43
  AVERAGE         44                        56    -12       59

PRECIPITATION (IN)
  TODAY            0.00         MM      MM   0.10  -0.10     0.14
  MONTH TO DATE    1.62                      1.58   0.04     0.89
  SINCE OCT 1      9.52                      5.20   4.32     4.24
  SINCE JAN 1      5.83                      3.66   2.17     3.05

SNOWFALL (IN)
  TODAY            0.0          MM      MM  MM     MM       MM
  MONTH TO DATE    0.0                      MM     MM        0.0
  SINCE MAR 1      0.0                      MM     MM        0.0
  SINCE JUL 1      0.0                      MM     MM        0.0
  SNOW DEPTH      MM

DEGREE DAYS
 HEATING
  TODAY           21                        10     11        6
  MONTH TO DATE  294                       335    -41      353
  SINCE MAR 1   1650                      1951   -301     1669
  SINCE JUL 1   6999                      8069  -1070     7462

 COOLING
  TODAY            0                         0      0        0
  MONTH TO DATE    3                         0      3        0
  SINCE MAR 1      3                         0      3        0
  SINCE JAN 1      3                         0      3        0
..................................................................


WIND (MPH)
  HIGHEST WIND SPEED     5   HIGHEST WIND DIRECTION    SW (240)
  HIGHEST GUST SPEED    MM   HIGHEST GUST DIRECTION    MM
  AVERAGE WIND SPEED     1.9


SKY COVER
  POSSIBLE SUNSHINE  MM
  AVERAGE SKY COVER 0.0


WEATHER CONDITIONS
 THE FOLLOWING WEATHER WAS RECORDED TODAY.
  NO SIGNIFICANT WEATHER WAS OBSERVED.


RELATIVE HUMIDITY (PERCENT)
 HIGHEST    96           300 AM
 LOWEST     86           500 AM
 AVERAGE    91

..........................................................


THE JORDAN  ASOS MT CLIMATE NORMALS FOR TOMORROW
                         NORMAL    RECORD    YEAR
 MAXIMUM TEMPERATURE (F)   69        MM        MM
 MINIMUM TEMPERATURE (F)   42        MM        MM


SUNRISE AND SUNSET
MAY 25 2016...........SUNRISE   520 AM MDT   SUNSET   850 PM MDT
MAY 26 2016...........SUNRISE   519 AM MDT   SUNSET   851 PM MDT


-  INDICATES NEGATIVE NUMBERS.
R  INDICATES RECORD WAS SET OR TIED.
MM INDICATES DATA IS MISSING.
T  INDICATES TRACE AMOUNT.




$$
