761
CDUS45 KGGW 280017
CLIJDN


CLIMATE REPORT
NATIONAL WEATHER SERVICE GLASGOW MT
617 PM MDT THU APR 27 2017


...................................

...THE JORDAN  ASOS MT CLIMATE SUMMARY FOR APRIL 27 2017...
VALID TODAY AS OF 0500 PM LOCAL TIME.

CLIMATE NORMAL PERIOD 1981 TO 2010
CLIMATE RECORD PERIOD 9999 TO 9999


WEATHER ITEM   OBSERVED TIME   RECORD YEAR NORMAL DEPARTURE LAST
                VALUE   (LST)  VALUE       VALUE  FROM      YEAR
                                                  NORMAL
..................................................................
TEMPERATURE (F)
 TODAY
  MAXIMUM         56        MM  MM      MM  62     -6       39
  MINIMUM         33        MM  MM      MM  33      0       33
  AVERAGE         45                        47     -2       36

PRECIPITATION (IN)
  TODAY            0.00         MM      MM   0.06  -0.06     0.36
  MONTH TO DATE    0.51                      0.92  -0.41     2.33
  SINCE OCT 1      5.43                      3.46   1.97     7.90
  SINCE JAN 1      2.22                      1.92   0.30     4.21

SNOWFALL (IN)
  TODAY            0.0          MM      MM  MM     MM       MM
  MONTH TO DATE    0.0                      MM     MM        0.0
  SINCE MAR 1      0.0                      MM     MM        0.0
  SINCE JUL 1      0.0                      MM     MM        0.0
  SNOW DEPTH       0

DEGREE DAYS
 HEATING
  TODAY           20                        18      2       29
  MONTH TO DATE  517                       579    -62      513
  SINCE MAR 1   1389                      1563   -174     1299
  SINCE JUL 1   7135                      7681   -546     6648

 COOLING
  TODAY            0                         0      0        0
  MONTH TO DATE    0                         0      0        0
  SINCE MAR 1      0                         0      0        0
  SINCE JAN 1      0                         0      0        0
..................................................................


WIND (MPH)
  HIGHEST WIND SPEED    16   HIGHEST WIND DIRECTION     E (110)
  HIGHEST GUST SPEED    20   HIGHEST GUST DIRECTION    SE (130)
  AVERAGE WIND SPEED     8.9


SKY COVER
  POSSIBLE SUNSHINE  MM
  AVERAGE SKY COVER 0.0


WEATHER CONDITIONS
 THE FOLLOWING WEATHER WAS RECORDED TODAY.
  NO SIGNIFICANT WEATHER WAS OBSERVED.


RELATIVE HUMIDITY (PERCENT)
 HIGHEST    82           300 AM
 LOWEST     35           200 PM
 AVERAGE    59

..........................................................


THE JORDAN  ASOS MT CLIMATE NORMALS FOR TOMORROW
                         NORMAL    RECORD    YEAR
 MAXIMUM TEMPERATURE (F)   62        MM        MM
 MINIMUM TEMPERATURE (F)   33        MM        MM


SUNRISE AND SUNSET
APRIL 27 2017.........SUNRISE   557 AM MDT   SUNSET   814 PM MDT
APRIL 28 2017.........SUNRISE   555 AM MDT   SUNSET   815 PM MDT


-  INDICATES NEGATIVE NUMBERS.
R  INDICATES RECORD WAS SET OR TIED.
MM INDICATES DATA IS MISSING.
T  INDICATES TRACE AMOUNT.




$$
