000
CDUS45 KBOI 170933
CLIJER


CLIMATE REPORT
NATIONAL WEATHER SERVICE BOISE ID
233 AM MST FRI NOV 17 2017


...................................

...THE JEROME ID CLIMATE SUMMARY FOR NOVEMBER 16 2017...

CLIMATE NORMAL PERIOD 1981 TO 2010
CLIMATE RECORD PERIOD 1915 TO 2017


WEATHER ITEM   OBSERVED TIME   RECORD YEAR NORMAL DEPARTURE LAST
                VALUE   (LST)  VALUE       VALUE  FROM      YEAR
                                                  NORMAL
..................................................................
TEMPERATURE (F)
 YESTERDAY
  MAXIMUM         50    827 AM  69    1953  45      5       45
  MINIMUM         39   1159 PM -10    1955  28     11       27
  AVERAGE         45                        36      9       36

PRECIPITATION (IN)
  YESTERDAY        0.44R         0.26 1948   0.04   0.40      T
  MONTH TO DATE    0.97                      0.53   0.44      T
  SINCE OCT 1      1.57                      1.34   0.23     2.66
  SINCE JAN 1      9.10                      8.63   0.47     9.67

DEGREE DAYS
 HEATING
  YESTERDAY       20                        29     -9       29
  MONTH TO DATE  383                       404    -21      237
  SINCE SEP 1   1136                      1070     66      810
  SINCE JUL 1   1137                      1103     34      832

 COOLING
  YESTERDAY        0                         0      0        0
  MONTH TO DATE    0                         0      0        0
  SINCE SEP 1    121                        45     76       30
  SINCE JAN 1    929                       510    419      612
..................................................................


WIND (MPH)
  HIGHEST WIND SPEED    18   HIGHEST WIND DIRECTION     W (270)
  HIGHEST GUST SPEED    25   HIGHEST GUST DIRECTION     W (260)
  AVERAGE WIND SPEED     9.2


SKY COVER
  AVERAGE SKY COVER 0.9


WEATHER CONDITIONS
 THE FOLLOWING WEATHER WAS RECORDED YESTERDAY.
  RAIN
  LIGHT RAIN
  FOG


RELATIVE HUMIDITY (PERCENT)
 HIGHEST   100           600 PM
 LOWEST     77           800 AM
 AVERAGE    89

..........................................................


THE JEROME ID CLIMATE NORMALS FOR TODAY
                         NORMAL    RECORD    YEAR
 MAXIMUM TEMPERATURE (F)   45        67      2001
 MINIMUM TEMPERATURE (F)   27         5      1958


SUNRISE AND SUNSET
NOVEMBER 17 2017......SUNRISE   732 AM MST   SUNSET   513 PM MST
NOVEMBER 18 2017......SUNRISE   734 AM MST   SUNSET   512 PM MST


-  INDICATES NEGATIVE NUMBERS.
R  INDICATES RECORD WAS SET OR TIED.
MM INDICATES DATA IS MISSING.
T  INDICATES TRACE AMOUNT.




$$
