000
CDUS45 KBOI 190930
CLIJER


CLIMATE REPORT
NATIONAL WEATHER SERVICE BOISE ID
330 AM MDT SUN OCT 19 2014


...................................

...THE JEROME ID CLIMATE SUMMARY FOR OCTOBER 18 2014...

CLIMATE NORMAL PERIOD 1981 TO 2010
CLIMATE RECORD PERIOD 1919 TO 2014


WEATHER ITEM   OBSERVED TIME   RECORD YEAR NORMAL DEPARTURE LAST
                VALUE   (LST)  VALUE       VALUE  FROM      YEAR
                                                  NORMAL
..................................................................
TEMPERATURE (F)
 YESTERDAY
  MAXIMUM         68    411 PM  86    2003  60      8       55
  MINIMUM         42    538 AM  19    1996  37      5       31
  AVERAGE         55                        48      7       43

PRECIPITATION (IN)
  YESTERDAY        0.00          0.32 2004   0.03  -0.03     0.00
  MONTH TO DATE    0.02                      0.43  -0.41     0.02
  SINCE OCT 1      0.02                      0.43  -0.41     0.02
  SINCE JAN 1      9.09                      7.72   1.37     3.04

DEGREE DAYS
 HEATING
  YESTERDAY       10                        17     -7       22
  MONTH TO DATE  164                       245    -81      342
  SINCE SEP 1    272                       415   -143      480
  SINCE JUL 1    299                       448   -149      480

 COOLING
  YESTERDAY        0                         0      0        0
  MONTH TO DATE    0                         0      0        0
  SINCE SEP 1     60                        44     16       86
  SINCE JAN 1    652                       509    143      904
..................................................................


WIND (MPH)
  HIGHEST WIND SPEED    13   HIGHEST WIND DIRECTION     W (250)
  HIGHEST GUST SPEED    17   HIGHEST GUST DIRECTION    SW (240)
  AVERAGE WIND SPEED     6.2


SKY COVER
  AVERAGE SKY COVER 0.0


WEATHER CONDITIONS
 THE FOLLOWING WEATHER WAS RECORDED YESTERDAY.
  NO SIGNIFICANT WEATHER WAS OBSERVED.


RELATIVE HUMIDITY (PERCENT)
 HIGHEST    70           600 AM
 LOWEST     22           400 PM
 AVERAGE    46

..........................................................


THE JEROME ID CLIMATE NORMALS FOR TODAY
                         NORMAL    RECORD    YEAR
 MAXIMUM TEMPERATURE (F)   59        88      2003
 MINIMUM TEMPERATURE (F)   37        21      1949


SUNRISE AND SUNSET
OCTOBER 19 2014.......SUNRISE   756 AM MDT   SUNSET   649 PM MDT
OCTOBER 20 2014.......SUNRISE   757 AM MDT   SUNSET   647 PM MDT


-  INDICATES NEGATIVE NUMBERS.
R  INDICATES RECORD WAS SET OR TIED.
MM INDICATES DATA IS MISSING.
T  INDICATES TRACE AMOUNT.




$$
