000
CDUS45 KBOI 300931
CLIJER


CLIMATE REPORT
NATIONAL WEATHER SERVICE BOISE ID
331 AM MDT THU JUL 30 2015


...................................

...THE JEROME ID CLIMATE SUMMARY FOR JULY 29 2015...

CLIMATE NORMAL PERIOD 1981 TO 2010
CLIMATE RECORD PERIOD 1919 TO 2015


WEATHER ITEM   OBSERVED TIME   RECORD YEAR NORMAL DEPARTURE LAST
                VALUE   (LST)  VALUE       VALUE  FROM      YEAR
                                                  NORMAL
..................................................................
TEMPERATURE (F)
 YESTERDAY
  MAXIMUM         84    428 PM 103    1995  88     -4       90
  MINIMUM         47    550 AM  43    1950  57    -10       64
  AVERAGE         66                        73     -7       77

PRECIPITATION (IN)
  YESTERDAY        0.00          0.25 1964   0.01  -0.01     0.02
  MONTH TO DATE    0.46                      0.21   0.25     0.02
  SINCE OCT 1      8.67                     10.10  -1.43     5.65
  SINCE JAN 1      5.77                      6.58  -0.81     5.05

DEGREE DAYS
 HEATING
  YESTERDAY        0                         0      0        0
  MONTH TO DATE   12                        10      2        0
  SINCE JUN 1     27                       117    -90       74
  SINCE JUL 1     12                        10      2        0

 COOLING
  YESTERDAY        1                         8     -7       12
  MONTH TO DATE  187                       188     -1      352
  SINCE JUN 1    401                       256    145      397
  SINCE JAN 1    411                       269    142      407
..................................................................


WIND (MPH)
  HIGHEST WIND SPEED    15   HIGHEST WIND DIRECTION    NE (60)
  HIGHEST GUST SPEED    19   HIGHEST GUST DIRECTION    NE (60)
  AVERAGE WIND SPEED     6.5


SKY COVER
  AVERAGE SKY COVER 0.0


WEATHER CONDITIONS
 THE FOLLOWING WEATHER WAS RECORDED YESTERDAY.
  NO SIGNIFICANT WEATHER WAS OBSERVED.


RELATIVE HUMIDITY (PERCENT)
 HIGHEST    56           400 AM
 LOWEST     12           400 PM
 AVERAGE    34

..........................................................


THE JEROME ID CLIMATE NORMALS FOR TODAY
                         NORMAL    RECORD    YEAR
 MAXIMUM TEMPERATURE (F)   89       103      1926
 MINIMUM TEMPERATURE (F)   57        40      1950


SUNRISE AND SUNSET
JULY 30 2015..........SUNRISE   627 AM MDT   SUNSET   901 PM MDT
JULY 31 2015..........SUNRISE   628 AM MDT   SUNSET   900 PM MDT


-  INDICATES NEGATIVE NUMBERS.
R  INDICATES RECORD WAS SET OR TIED.
MM INDICATES DATA IS MISSING.
T  INDICATES TRACE AMOUNT.




$$
