000
CDUS45 KBOI 280947
CLIJER


CLIMATE REPORT
NATIONAL WEATHER SERVICE BOISE ID
347 AM MDT WED JUN 28 2017


...................................

...THE JEROME ID CLIMATE SUMMARY FOR JUNE 27 2017...

CLIMATE NORMAL PERIOD 1981 TO 2010
CLIMATE RECORD PERIOD 1915 TO 2017


WEATHER ITEM   OBSERVED TIME   RECORD YEAR NORMAL DEPARTURE LAST
                VALUE   (LST)  VALUE       VALUE  FROM      YEAR
                                                  NORMAL
..................................................................
TEMPERATURE (F)
 YESTERDAY
  MAXIMUM         85    349 PM 103    2002  82      3       98
                                      1926
  MINIMUM         57    541 AM  34    1949  52      5       56
  AVERAGE         71                        67      4       77

PRECIPITATION (IN)
  YESTERDAY        0.00          0.22 1983   0.01  -0.01     0.00
  MONTH TO DATE    0.36                      0.75  -0.39     0.10
  SINCE OCT 1     11.25                      9.87   1.38     9.94
  SINCE JAN 1      6.73                      6.35   0.38     5.35

DEGREE DAYS
 HEATING
  YESTERDAY        0                         2     -2        0
  MONTH TO DATE   63                       104    -41       42
  SINCE JUN 1     63                       104    -41       42
  SINCE JUL 1   5973                      6631   -658     5908

 COOLING
  YESTERDAY        6                         4      2       12
  MONTH TO DATE  106                        55     51      125
  SINCE JUN 1    106                        55     51      125
  SINCE JAN 1    122                        68     54      129
..................................................................


WIND (MPH)
  HIGHEST WIND SPEED    23   HIGHEST WIND DIRECTION     W (250)
  HIGHEST GUST SPEED    31   HIGHEST GUST DIRECTION     W (250)
  AVERAGE WIND SPEED    10.8


SKY COVER
  AVERAGE SKY COVER 0.0


WEATHER CONDITIONS
 THE FOLLOWING WEATHER WAS RECORDED YESTERDAY.
  THUNDERSTORM


RELATIVE HUMIDITY (PERCENT)
 HIGHEST    77           500 AM
 LOWEST     20           300 PM
 AVERAGE    49

..........................................................


THE JEROME ID CLIMATE NORMALS FOR TODAY
                         NORMAL    RECORD    YEAR
 MAXIMUM TEMPERATURE (F)   82       103      2015
 MINIMUM TEMPERATURE (F)   53        38      1965
                                             1945


SUNRISE AND SUNSET
JUNE 28 2017..........SUNRISE   602 AM MDT   SUNSET   920 PM MDT
JUNE 29 2017..........SUNRISE   603 AM MDT   SUNSET   920 PM MDT


-  INDICATES NEGATIVE NUMBERS.
R  INDICATES RECORD WAS SET OR TIED.
MM INDICATES DATA IS MISSING.
T  INDICATES TRACE AMOUNT.




$$
