000
CDUS45 KBOI 250931
CLIJER


CLIMATE REPORT
NATIONAL WEATHER SERVICE BOISE ID
331 AM MDT SAT MAR 25 2017


...................................

...THE JEROME ID CLIMATE SUMMARY FOR MARCH 24 2017...

CLIMATE NORMAL PERIOD 1981 TO 2010
CLIMATE RECORD PERIOD 1915 TO 2017


WEATHER ITEM   OBSERVED TIME   RECORD YEAR NORMAL DEPARTURE LAST
                VALUE   (LST)  VALUE       VALUE  FROM      YEAR
                                                  NORMAL
..................................................................
TEMPERATURE (F)
 YESTERDAY
  MAXIMUM         60   1234 PM  75    2004  53      7       55
  MINIMUM         31    601 AM  14    1965  32     -1       35
  AVERAGE         46                        43      3       45

PRECIPITATION (IN)
  YESTERDAY        0.19          0.65 1998   0.04   0.15      T
  MONTH TO DATE    0.81                      0.75   0.06     1.34
  SINCE OCT 1      7.99                      6.21   1.78     7.34
  SINCE JAN 1      3.47                      2.69   0.78     2.75

DEGREE DAYS
 HEATING
  YESTERDAY       19                        22     -3       20
  MONTH TO DATE  483                       617   -134      504
  SINCE MAR 1    483                       617   -134      504
  SINCE JUL 1   4906                      5504   -598     5043

 COOLING
  YESTERDAY        0                         0      0        0
  MONTH TO DATE    0                         0      0        0
  SINCE MAR 1      0                         0      0        0
  SINCE JAN 1      0                         0      0        0
..................................................................


WIND (MPH)
  HIGHEST WIND SPEED    23   HIGHEST WIND DIRECTION     S (170)
  HIGHEST GUST SPEED    29   HIGHEST GUST DIRECTION     S (180)
  AVERAGE WIND SPEED    11.3


SKY COVER
  AVERAGE SKY COVER 0.5


WEATHER CONDITIONS
 THE FOLLOWING WEATHER WAS RECORDED YESTERDAY.
  RAIN
  LIGHT RAIN
  FOG


RELATIVE HUMIDITY (PERCENT)
 HIGHEST    93           700 PM
 LOWEST     28          1200 PM
 AVERAGE    61

..........................................................


THE JEROME ID CLIMATE NORMALS FOR TODAY
                         NORMAL    RECORD    YEAR
 MAXIMUM TEMPERATURE (F)   53        74      1960
 MINIMUM TEMPERATURE (F)   33         9      1965


SUNRISE AND SUNSET
MARCH 25 2017.........SUNRISE   732 AM MDT   SUNSET   756 PM MDT
MARCH 26 2017.........SUNRISE   730 AM MDT   SUNSET   757 PM MDT


-  INDICATES NEGATIVE NUMBERS.
R  INDICATES RECORD WAS SET OR TIED.
MM INDICATES DATA IS MISSING.
T  INDICATES TRACE AMOUNT.




$$
