000
CDUS45 KBOI 090935
CLIJER


CLIMATE REPORT
NATIONAL WEATHER SERVICE BOISE ID
234 AM MST FRI DEC 9 2016


...................................

...THE JEROME ID CLIMATE SUMMARY FOR DECEMBER 8 2016...

CLIMATE NORMAL PERIOD 1981 TO 2010
CLIMATE RECORD PERIOD 1915 TO 2016


WEATHER ITEM   OBSERVED TIME   RECORD YEAR NORMAL DEPARTURE LAST
                VALUE   (LST)  VALUE       VALUE  FROM      YEAR
                                                  NORMAL
..................................................................
TEMPERATURE (F)
 YESTERDAY
  MAXIMUM         21   1159 PM  59    1975  35    -14       51
  MINIMUM         11    346 AM  -4    2013  20     -9       39
  AVERAGE         16                        28    -12       45

PRECIPITATION (IN)
  YESTERDAY        0.08          0.48 2004   0.05   0.03      T
  MONTH TO DATE    0.20                      0.40  -0.20     0.46
  SINCE OCT 1      3.08                      2.43   0.65     3.71
  SINCE JAN 1     10.09                      9.72   0.37    11.01

DEGREE DAYS
 HEATING
  YESTERDAY       49                        37     12       20
  MONTH TO DATE  320                       289     31      278
  SINCE DEC 1    320                       289     31      278
  SINCE JUL 1   1546                      1840   -294     1611

 COOLING
  YESTERDAY        0                         0      0        0
  MONTH TO DATE    0                         0      0        0
  SINCE DEC 1      0                         0      0        0
  SINCE JAN 1    612                       510    102      713
..................................................................


WIND (MPH)
  HIGHEST WIND SPEED    29   HIGHEST WIND DIRECTION    NE (50)
  HIGHEST GUST SPEED    34   HIGHEST GUST DIRECTION    NE (50)
  AVERAGE WIND SPEED    22.2


SKY COVER
  AVERAGE SKY COVER 0.7


WEATHER CONDITIONS
 THE FOLLOWING WEATHER WAS RECORDED YESTERDAY.
  SNOW
  LIGHT SNOW
  FOG


RELATIVE HUMIDITY (PERCENT)
 HIGHEST    91           900 PM
 LOWEST     67          1000 AM
 AVERAGE    79

..........................................................


THE JEROME ID CLIMATE NORMALS FOR TODAY
                         NORMAL    RECORD    YEAR
 MAXIMUM TEMPERATURE (F)   35        56      1976
 MINIMUM TEMPERATURE (F)   20       -13      1972


SUNRISE AND SUNSET
DECEMBER  9 2016......SUNRISE   757 AM MST   SUNSET   504 PM MST
DECEMBER 10 2016......SUNRISE   758 AM MST   SUNSET   504 PM MST


-  INDICATES NEGATIVE NUMBERS.
R  INDICATES RECORD WAS SET OR TIED.
MM INDICATES DATA IS MISSING.
T  INDICATES TRACE AMOUNT.




$$
