000
CDUS45 KBOI 290930
CLIJER


CLIMATE REPORT
NATIONAL WEATHER SERVICE BOISE ID
330 AM MDT SAT APR 29 2017


...................................

...THE JEROME ID CLIMATE SUMMARY FOR APRIL 28 2017...

CLIMATE NORMAL PERIOD 1981 TO 2010
CLIMATE RECORD PERIOD 1915 TO 2017


WEATHER ITEM   OBSERVED TIME   RECORD YEAR NORMAL DEPARTURE LAST
                VALUE   (LST)  VALUE       VALUE  FROM      YEAR
                                                  NORMAL
..................................................................
TEMPERATURE (F)
 YESTERDAY
  MAXIMUM         56    337 PM  90    1939  62     -6       62
  MINIMUM         29    553 AM  24    1958  37     -8       37
  AVERAGE         43                        50     -7       50

PRECIPITATION (IN)
  YESTERDAY        0.00          0.66 1953   0.05  -0.05     0.06
  MONTH TO DATE    1.10                      1.24  -0.14     0.57
  SINCE OCT 1      9.64                      7.78   1.86     8.53
  SINCE JAN 1      5.12                      4.26   0.86     3.94

DEGREE DAYS
 HEATING
  YESTERDAY       22                        15      7       15
  MONTH TO DATE  536                       517     19      353
  SINCE MAR 1   1162                      1286   -124     1031
  SINCE JUL 1   5585                      6173   -588     5570

 COOLING
  YESTERDAY        0                         0      0        0
  MONTH TO DATE    0                         0      0        1
  SINCE MAR 1      0                         0      0        1
  SINCE JAN 1      0                         0      0        1
..................................................................


WIND (MPH)
  HIGHEST WIND SPEED    28   HIGHEST WIND DIRECTION     W (250)
  HIGHEST GUST SPEED    38   HIGHEST GUST DIRECTION    SW (210)
  AVERAGE WIND SPEED    12.7


SKY COVER
  AVERAGE SKY COVER 0.2


WEATHER CONDITIONS
 THE FOLLOWING WEATHER WAS RECORDED YESTERDAY.
  NO SIGNIFICANT WEATHER WAS OBSERVED.


RELATIVE HUMIDITY (PERCENT)
 HIGHEST   100           600 AM
 LOWEST     30           100 PM
 AVERAGE    65

..........................................................


THE JEROME ID CLIMATE NORMALS FOR TODAY
                         NORMAL    RECORD    YEAR
 MAXIMUM TEMPERATURE (F)   62        87      1926
 MINIMUM TEMPERATURE (F)   38        24      1917


SUNRISE AND SUNSET
APRIL 29 2017.........SUNRISE   635 AM MDT   SUNSET   836 PM MDT
APRIL 30 2017.........SUNRISE   633 AM MDT   SUNSET   837 PM MDT


-  INDICATES NEGATIVE NUMBERS.
R  INDICATES RECORD WAS SET OR TIED.
MM INDICATES DATA IS MISSING.
T  INDICATES TRACE AMOUNT.




$$
