000
CDUS45 KBOI 240931
CLIJER


CLIMATE REPORT
NATIONAL WEATHER SERVICE BOISE ID
231 AM MST MON NOV 24 2014


...................................

...THE JEROME ID CLIMATE SUMMARY FOR NOVEMBER 23 2014...

CLIMATE NORMAL PERIOD 1981 TO 2010
CLIMATE RECORD PERIOD 1919 TO 2014


WEATHER ITEM   OBSERVED TIME   RECORD YEAR NORMAL DEPARTURE LAST
                VALUE   (LST)  VALUE       VALUE  FROM      YEAR
                                                  NORMAL
..................................................................
TEMPERATURE (F)
 YESTERDAY
  MAXIMUM         41    245 PM  59    2002  41      0       38
  MINIMUM         29    805 AM  -1    1985  25      4       13
  AVERAGE         35                        33      2       26

PRECIPITATION (IN)
  YESTERDAY        0.00          0.61 1988   0.05  -0.05     0.00
  MONTH TO DATE    0.80                      0.83  -0.03     0.25
  SINCE OCT 1      1.14                      1.64  -0.50     0.33
  SINCE JAN 1     10.21                      8.93   1.28     3.35

DEGREE DAYS
 HEATING
  YESTERDAY       30                        32     -2       39
  MONTH TO DATE  720                       617    103      587
  SINCE SEP 1   1146                      1283   -137     1278
  SINCE JUL 1   1173                      1316   -143     1278

 COOLING
  YESTERDAY        0                         0      0        0
  MONTH TO DATE    0                         0      0        0
  SINCE SEP 1     60                        45     15       86
  SINCE JAN 1    652                       510    142      904
..................................................................


WIND (MPH)
  HIGHEST WIND SPEED    33   HIGHEST WIND DIRECTION     W (250)
  HIGHEST GUST SPEED    46   HIGHEST GUST DIRECTION    SW (240)
  AVERAGE WIND SPEED    17.1


SKY COVER
  AVERAGE SKY COVER 0.1


WEATHER CONDITIONS
 THE FOLLOWING WEATHER WAS RECORDED YESTERDAY.
  NO SIGNIFICANT WEATHER WAS OBSERVED.


RELATIVE HUMIDITY (PERCENT)
 HIGHEST    89          1200 AM
 LOWEST     54           100 PM
 AVERAGE    72

..........................................................


THE JEROME ID CLIMATE NORMALS FOR TODAY
                         NORMAL    RECORD    YEAR
 MAXIMUM TEMPERATURE (F)   41        61      1959
 MINIMUM TEMPERATURE (F)   25         1      2010


SUNRISE AND SUNSET
NOVEMBER 24 2014......SUNRISE   741 AM MST   SUNSET   508 PM MST
NOVEMBER 25 2014......SUNRISE   742 AM MST   SUNSET   508 PM MST


-  INDICATES NEGATIVE NUMBERS.
R  INDICATES RECORD WAS SET OR TIED.
MM INDICATES DATA IS MISSING.
T  INDICATES TRACE AMOUNT.




$$
