000
CDUS41 KOKX 260616
CLIJFK


CLIMATE REPORT
NATIONAL WEATHER SERVICE NEW YORK NY
116 AM EST MON JAN 26 2015


...................................

...THE KENNEDY NY CLIMATE SUMMARY FOR JANUARY 25 2015...

CLIMATE NORMAL PERIOD 1981 TO 2010
CLIMATE RECORD PERIOD 1949 TO 2015


WEATHER ITEM   OBSERVED TIME   RECORD YEAR NORMAL DEPARTURE LAST
                VALUE   (LST)  VALUE       VALUE  FROM      YEAR
                                                  NORMAL
..................................................................
TEMPERATURE (F)
 YESTERDAY
  MAXIMUM         45    258 PM  54    1972  39      6       30
  MINIMUM         32   1159 PM   5    1961  26      6       20
  AVERAGE         39                        32      7       25

PRECIPITATION (IN)
  YESTERDAY        0.00          1.34 1978   0.10  -0.10     0.04
  MONTH TO DATE    4.62                      2.60   2.02     2.96
  SINCE DEC 1     11.66                      5.99   5.67     7.46
  SINCE JAN 1      4.62                      2.60   2.02     2.96

SNOWFALL (IN)
  YESTERDAY        0.0           6.2  2000   0.2   -0.2      0.8
  MONTH TO DATE    5.8                       4.9    0.9     16.0
  SINCE OCT 1      6.2                       9.8   -3.6     22.9
  SINCE JUL 1      6.2                       9.8   -3.6     22.9
  SNOW DEPTH       T

DEGREE DAYS
 HEATING
  YESTERDAY       26                        33     -7       40
  MONTH TO DATE  822                       811     11      888
  SINCE DEC 1   1544                      1656   -112     1716
  SINCE JUL 1   2328                      2480   -152     2530

 COOLING
  YESTERDAY        0                         0      0        0
  MONTH TO DATE    0                         0      0        0
  SINCE DEC 1      0                         0      0        0
  SINCE JAN 1      0                         0      0        0
..................................................................


WIND (MPH)
  HIGHEST WIND SPEED    26   HIGHEST WIND DIRECTION     W (290)
  HIGHEST GUST SPEED    33   HIGHEST GUST DIRECTION    NW (300)
  AVERAGE WIND SPEED    15.0


SKY COVER
  POSSIBLE SUNSHINE  MM
  AVERAGE SKY COVER 0.7


WEATHER CONDITIONS
 THE FOLLOWING WEATHER WAS RECORDED YESTERDAY.
  NO SIGNIFICANT WEATHER WAS OBSERVED.


RELATIVE HUMIDITY (PERCENT)
 HIGHEST    75           800 AM
 LOWEST     25           300 PM
 AVERAGE    50

..........................................................


THE KENNEDY NY CLIMATE NORMALS FOR TODAY
                         NORMAL    RECORD    YEAR
 MAXIMUM TEMPERATURE (F)   39        69      1950
 MINIMUM TEMPERATURE (F)   26         9      2007
                                             1994


SUNRISE AND SUNSET
JANUARY 26 2015.......SUNRISE   710 AM EST   SUNSET   505 PM EST
JANUARY 27 2015.......SUNRISE   710 AM EST   SUNSET   506 PM EST


-  INDICATES NEGATIVE NUMBERS.
R  INDICATES RECORD WAS SET OR TIED.
MM INDICATES DATA IS MISSING.
T  INDICATES TRACE AMOUNT.




$$
