000
CDUS41 KOKX 190623
CLIJFK


CLIMATE REPORT
NATIONAL WEATHER SERVICE NEW YORK NY
223 AM EDT SAT APR 19 2014


...................................

...THE KENNEDY NY CLIMATE SUMMARY FOR APRIL 18 2014...

CLIMATE NORMAL PERIOD 1981 TO 2010
CLIMATE RECORD PERIOD 1949 TO 2014


WEATHER ITEM   OBSERVED TIME   RECORD YEAR NORMAL DEPARTURE LAST
                VALUE   (LST)  VALUE       VALUE  FROM      YEAR
                                                  NORMAL
..................................................................
TEMPERATURE (F)
 YESTERDAY
  MAXIMUM         46   1057 AM  86    2002  60    -14       57
  MINIMUM         36    638 AM  35    2003  44     -8       45
  AVERAGE         41                        52    -11       51

PRECIPITATION (IN)
  YESTERDAY        0.00          0.56 1997   0.13  -0.13      T
  MONTH TO DATE    1.54                      2.40  -0.86     1.48
  SINCE MAR 1      5.80                      6.18  -0.38     3.80
  SINCE JAN 1     13.40                     11.93   1.47     8.92

SNOWFALL (IN)
  YESTERDAY        0.0          MM      MM   0.0    0.0      0.0
  MONTH TO DATE    0.1                       0.7   -0.6      0.0
  SINCE OCT 1     45.6                      23.7   21.9     17.6
  SINCE JUL 1     45.6                      23.7   21.9     17.6
  SNOW DEPTH       0

DEGREE DAYS
 HEATING
  YESTERDAY       24                        13     11       14
  MONTH TO DATE  289                       285      4      269
  SINCE MAR 1   1139                      1010    129     1035
  SINCE JUL 1   4846                      4521    325     4365

 COOLING
  YESTERDAY        0                         0      0        0
  MONTH TO DATE    0                         0      0        0
  SINCE MAR 1      0                         0      0        0
  SINCE JAN 1      0                         0      0        0
..................................................................


WIND (MPH)
  HIGHEST WIND SPEED    30   HIGHEST WIND DIRECTION    SW (230)
  HIGHEST GUST SPEED   144   HIGHEST GUST DIRECTION    NW (330)
  AVERAGE WIND SPEED     6.7


SKY COVER
  POSSIBLE SUNSHINE  MM
  AVERAGE SKY COVER 0.9


WEATHER CONDITIONS
 THE FOLLOWING WEATHER WAS RECORDED YESTERDAY.
  NO SIGNIFICANT WEATHER WAS OBSERVED.


RELATIVE HUMIDITY (PERCENT)
 HIGHEST    79          1100 PM
 LOWEST     49          1100 AM
 AVERAGE    64

..........................................................


THE KENNEDY NY CLIMATE NORMALS FOR TODAY
                         NORMAL    RECORD    YEAR
 MAXIMUM TEMPERATURE (F)   60        84      1985
 MINIMUM TEMPERATURE (F)   45        34      2001


SUNRISE AND SUNSET
APRIL 19 2014.........SUNRISE   611 AM EDT   SUNSET   739 PM EDT
APRIL 20 2014.........SUNRISE   609 AM EDT   SUNSET   740 PM EDT


-  INDICATES NEGATIVE NUMBERS.
R  INDICATES RECORD WAS SET OR TIED.
MM INDICATES DATA IS MISSING.
T  INDICATES TRACE AMOUNT.




$$
