000
CDUS41 KOKX 180617
CLIJFK


CLIMATE REPORT
NATIONAL WEATHER SERVICE NEW YORK NY
217 AM EDT THU SEP 18 2014


...................................

...THE KENNEDY NY CLIMATE SUMMARY FOR SEPTEMBER 17 2014...

CLIMATE NORMAL PERIOD 1981 TO 2010
CLIMATE RECORD PERIOD 1949 TO 2014


WEATHER ITEM   OBSERVED TIME   RECORD YEAR NORMAL DEPARTURE LAST
                VALUE   (LST)  VALUE       VALUE  FROM      YEAR
                                                  NORMAL
..................................................................
TEMPERATURE (F)
 YESTERDAY
  MAXIMUM         73    144 PM  90    1991  75     -2       66
  MINIMUM         55    523 AM  48    1959  61     -6       49
  AVERAGE         64                        68     -4       58

PRECIPITATION (IN)
  YESTERDAY        0.00          1.88 1995   0.12  -0.12     0.00
  MONTH TO DATE    0.59                      1.85  -1.26     0.43
  SINCE SEP 1      0.59                      1.85  -1.26     0.43
  SINCE JAN 1     34.70                     30.81   3.89    26.62

SNOWFALL (IN)
  YESTERDAY        0.0          MM      MM   0.0    0.0      0.0
  MONTH TO DATE    0.0                       0.0    0.0      0.0
  SINCE OCT 1     45.6                      23.8   21.8     17.6
  SINCE JUL 1      0.0                       0.0    0.0      0.0
  SNOW DEPTH       0

DEGREE DAYS
 HEATING
  YESTERDAY        1                         1      0        7
  MONTH TO DATE    6                         7     -1       15
  SINCE SEP 1      6                         7     -1       15
  SINCE JUL 1      6                         8     -2       15

 COOLING
  YESTERDAY        0                         4     -4        0
  MONTH TO DATE  130                        99     31      111
  SINCE SEP 1    130                        99     31      111
  SINCE JAN 1    993                       960     33     1070
..................................................................


WIND (MPH)
  HIGHEST WIND SPEED    15   HIGHEST WIND DIRECTION    SW (230)
  HIGHEST GUST SPEED    21   HIGHEST GUST DIRECTION    SW (220)
  AVERAGE WIND SPEED     6.2


SKY COVER
  POSSIBLE SUNSHINE  MM
  AVERAGE SKY COVER 0.3


WEATHER CONDITIONS
 THE FOLLOWING WEATHER WAS RECORDED YESTERDAY.
  NO SIGNIFICANT WEATHER WAS OBSERVED.


RELATIVE HUMIDITY (PERCENT)
 HIGHEST    86           400 AM
 LOWEST     29          1200 PM
 AVERAGE    58

..........................................................


THE KENNEDY NY CLIMATE NORMALS FOR TODAY
                         NORMAL    RECORD    YEAR
 MAXIMUM TEMPERATURE (F)   75        90      1965
 MINIMUM TEMPERATURE (F)   60        46      1961


SUNRISE AND SUNSET
SEPTEMBER 18 2014.....SUNRISE   639 AM EDT   SUNSET   659 PM EDT
SEPTEMBER 19 2014.....SUNRISE   640 AM EDT   SUNSET   657 PM EDT


-  INDICATES NEGATIVE NUMBERS.
R  INDICATES RECORD WAS SET OR TIED.
MM INDICATES DATA IS MISSING.
T  INDICATES TRACE AMOUNT.




$$
