000
CDUS41 KOKX 170618
CLIJFK


CLIMATE REPORT
NATIONAL WEATHER SERVICE NEW YORK NY
218 AM EDT TUE OCT 17 2017


...................................

...THE KENNEDY NY CLIMATE SUMMARY FOR OCTOBER 16 2017...

CLIMATE NORMAL PERIOD 1981 TO 2010
CLIMATE RECORD PERIOD 1948 TO 2017


WEATHER ITEM   OBSERVED TIME   RECORD YEAR NORMAL DEPARTURE LAST
                VALUE   (LST)  VALUE       VALUE  FROM      YEAR
                                                  NORMAL
..................................................................
TEMPERATURE (F)
 YESTERDAY
  MAXIMUM         69    206 AM  79    2008  64      5       69
  MINIMUM         46   1159 PM  39    2006  49     -3       51
                                      1978
  AVERAGE         58                        57      1       60

PRECIPITATION (IN)
  YESTERDAY        T             1.84 1974   0.11  -0.11     0.00
  MONTH TO DATE    0.50                      1.95  -1.45     1.35
  SINCE SEP 1      2.70                      5.45  -2.75     4.22
  SINCE JAN 1     35.95                     34.41   1.54    27.49

SNOWFALL (IN)
  YESTERDAY       MM            MM      MM   0.0   MM        0.0
  MONTH TO DATE    0.0                       0.0    0.0      0.0
  SINCE OCT 1      0.0                       0.0    0.0      0.0
  SINCE JUL 1      0.0                       0.0    0.0      0.0
  SNOW DEPTH       0

DEGREE DAYS
 HEATING
  YESTERDAY        7                         8     -1        5
  MONTH TO DATE   29                        99    -70       82
  SINCE SEP 1     41                       137    -96       95
  SINCE JUL 1     41                       138    -97       95

 COOLING
  YESTERDAY        0                         0      0        0
  MONTH TO DATE   60                        12     48        2
  SINCE SEP 1    244                       142    102      207
  SINCE JAN 1   1167                      1003    164     1344
..................................................................


WIND (MPH)
  HIGHEST WIND SPEED    26   HIGHEST WIND DIRECTION    NW (320)
  HIGHEST GUST SPEED    32   HIGHEST GUST DIRECTION    NW (320)
  AVERAGE WIND SPEED    16.5


SKY COVER
  POSSIBLE SUNSHINE  MM
  AVERAGE SKY COVER 0.7


WEATHER CONDITIONS
 THE FOLLOWING WEATHER WAS RECORDED YESTERDAY.
  LIGHT RAIN


RELATIVE HUMIDITY (PERCENT)
 HIGHEST    93          1200 AM
 LOWEST     47           700 PM
 AVERAGE    70

..........................................................


THE KENNEDY NY CLIMATE NORMALS FOR TODAY
                         NORMAL    RECORD    YEAR
 MAXIMUM TEMPERATURE (F)   64        82      1963
 MINIMUM TEMPERATURE (F)   49        38      1970


SUNRISE AND SUNSET
OCTOBER 17 2017.......SUNRISE   709 AM EDT   SUNSET   612 PM EDT
OCTOBER 18 2017.......SUNRISE   710 AM EDT   SUNSET   610 PM EDT


-  INDICATES NEGATIVE NUMBERS.
R  INDICATES RECORD WAS SET OR TIED.
MM INDICATES DATA IS MISSING.
T  INDICATES TRACE AMOUNT.




$$
