000
CDUS41 KOKX 280820
CLIJFK


CLIMATE REPORT
NATIONAL WEATHER SERVICE NEW YORK NY
420 AM EDT WED JUN 28 2017


...................................

...THE KENNEDY NY CLIMATE SUMMARY FOR JUNE 27 2017...

CLIMATE NORMAL PERIOD 1981 TO 2010
CLIMATE RECORD PERIOD 1948 TO 2017


WEATHER ITEM   OBSERVED TIME   RECORD YEAR NORMAL DEPARTURE LAST
                VALUE   (LST)  VALUE       VALUE  FROM      YEAR
                                                  NORMAL
..................................................................
TEMPERATURE (F)
 YESTERDAY
  MAXIMUM         77    222 PM  98    1963  81     -4       81
  MINIMUM         62    623 AM  54    1965  66     -4       66
  AVERAGE         70                        74     -4       74

PRECIPITATION (IN)
  YESTERDAY        0.11          1.74 2007   0.12  -0.01     0.09
  MONTH TO DATE    4.20                      3.53   0.67     1.47
  SINCE JUN 1      4.20                      3.53   0.67     1.47
  SINCE JAN 1     26.10                     20.87   5.23    16.45

SNOWFALL (IN)
  YESTERDAY        0.0          MM      MM   0.0    0.0      0.0
  MONTH TO DATE    0.0                       0.0    0.0      0.0
  SINCE OCT 1     30.9                      23.8    7.1     41.4
  SINCE JUL 1     30.9                      23.8    7.1     41.4
  SNOW DEPTH       0

DEGREE DAYS
 HEATING
  YESTERDAY        0                         0      0        0
  MONTH TO DATE   20                        20      0        3
  SINCE JUN 1     20                        20      0        3
  SINCE JUL 1   4197                      4838   -641     3893

 COOLING
  YESTERDAY        5                         9     -4        9
  MONTH TO DATE  177                       154     23      182
  SINCE JUN 1    177                       154     23      182
  SINCE JAN 1    227                       189     38      233
..................................................................


WIND (MPH)
  HIGHEST WIND SPEED    18   HIGHEST WIND DIRECTION     S (190)
  HIGHEST GUST SPEED    22   HIGHEST GUST DIRECTION     S (180)
  AVERAGE WIND SPEED     8.9


SKY COVER
  POSSIBLE SUNSHINE  MM
  AVERAGE SKY COVER 0.6


WEATHER CONDITIONS
 THE FOLLOWING WEATHER WAS RECORDED YESTERDAY.
  RAIN
  FOG


RELATIVE HUMIDITY (PERCENT)
 HIGHEST    87           700 AM
 LOWEST     41           900 PM
 AVERAGE    64

..........................................................


THE KENNEDY NY CLIMATE NORMALS FOR TODAY
                         NORMAL    RECORD    YEAR
 MAXIMUM TEMPERATURE (F)   81        98      2010
 MINIMUM TEMPERATURE (F)   66        53      1995


SUNRISE AND SUNSET
JUNE 28 2017..........SUNRISE   527 AM EDT   SUNSET   830 PM EDT
JUNE 29 2017..........SUNRISE   527 AM EDT   SUNSET   830 PM EDT


-  INDICATES NEGATIVE NUMBERS.
R  INDICATES RECORD WAS SET OR TIED.
MM INDICATES DATA IS MISSING.
T  INDICATES TRACE AMOUNT.




$$
