000
CDUS41 KOKX 280635
CLIJFK


CLIMATE REPORT
NATIONAL WEATHER SERVICE NEW YORK NY
135 AM EST SAT FEB 28 2015


...................................

...THE KENNEDY NY CLIMATE SUMMARY FOR FEBRUARY 27 2015...

CLIMATE NORMAL PERIOD 1981 TO 2010
CLIMATE RECORD PERIOD 1949 TO 2015


WEATHER ITEM   OBSERVED TIME   RECORD YEAR NORMAL DEPARTURE LAST
                VALUE   (LST)  VALUE       VALUE  FROM      YEAR
                                                  NORMAL
..................................................................
TEMPERATURE (F)
 YESTERDAY
  MAXIMUM         32    408 PM  71    1997  44    -12       35
  MINIMUM         20    753 AM   9    1950  30    -10       15
  AVERAGE         26                        37    -11       25

PRECIPITATION (IN)
  YESTERDAY        0.00          0.66 1971   0.10  -0.10      T
  MONTH TO DATE    2.35                      2.48  -0.13     4.59
  SINCE DEC 1     14.70                      9.03   5.67    12.10
  SINCE JAN 1      7.66                      5.64   2.02     7.60

SNOWFALL (IN)
  YESTERDAY        0.0           0.4  1991   0.2   -0.2       T
                                      1979
  MONTH TO DATE   13.6                       8.1    5.5     21.0
  SINCE OCT 1     31.1                      19.3   11.8     44.9
  SINCE JUL 1     31.1                      19.3   11.8     44.9
  SNOW DEPTH       2

DEGREE DAYS
 HEATING
  YESTERDAY       39                        28     11       40
  MONTH TO DATE 1086                       814    272      895
  SINCE DEC 1   2866                      2660    206     2847
  SINCE JUL 1   3650                      3484    166     3661

 COOLING
  YESTERDAY        0                         0      0        0
  MONTH TO DATE    0                         0      0        0
  SINCE DEC 1      0                         0      0        0
  SINCE JAN 1      0                         0      0        0
..................................................................


WIND (MPH)
  HIGHEST WIND SPEED    18   HIGHEST WIND DIRECTION     N (340)
  HIGHEST GUST SPEED    25   HIGHEST GUST DIRECTION    SW (230)
  AVERAGE WIND SPEED    10.3


SKY COVER
  POSSIBLE SUNSHINE  MM
  AVERAGE SKY COVER 0.5


WEATHER CONDITIONS
 THE FOLLOWING WEATHER WAS RECORDED YESTERDAY.
  NO SIGNIFICANT WEATHER WAS OBSERVED.


RELATIVE HUMIDITY (PERCENT)
 HIGHEST    55          1200 AM
 LOWEST     31           500 PM
 AVERAGE    43

..........................................................


THE KENNEDY NY CLIMATE NORMALS FOR TODAY
                         NORMAL    RECORD    YEAR
 MAXIMUM TEMPERATURE (F)   45        66      1976
 MINIMUM TEMPERATURE (F)   30        11      2014


SUNRISE AND SUNSET
FEBRUARY 28 2015......SUNRISE   631 AM EST   SUNSET   545 PM EST
MARCH  1 2015.........SUNRISE   629 AM EST   SUNSET   546 PM EST


-  INDICATES NEGATIVE NUMBERS.
R  INDICATES RECORD WAS SET OR TIED.
MM INDICATES DATA IS MISSING.
T  INDICATES TRACE AMOUNT.




$$
