000
CDUS43 KJKL 210541
CLIJKL

CLIMATE REPORT
NATIONAL WEATHER SERVICE JACKSON KY
141 AM EDT FRI JUL 21 2017


...................................

...THE JACKSON KY CLIMATE SUMMARY FOR JULY 20 2017...

CLIMATE NORMAL PERIOD 1981 TO 2010
CLIMATE RECORD PERIOD 1981 TO 2017


WEATHER ITEM   OBSERVED TIME   RECORD YEAR NORMAL DEPARTURE LAST
                VALUE   (LST)  VALUE       VALUE  FROM      YEAR
                                                  NORMAL
..................................................................
TEMPERATURE (F)
 YESTERDAY
  MAXIMUM         90    330 PM  96    1986  85      5       88
  MINIMUM         68    558 AM  53    2009  66      2       71
  AVERAGE         79                        75      4       80

PRECIPITATION (IN)
  YESTERDAY        0.00          1.41 1988   0.15  -0.15     0.00
  MONTH TO DATE    1.75                      2.97  -1.22     4.30
  SINCE JUN 1      7.96                      7.67   0.29     9.31
  SINCE JAN 1     31.38                     28.18   3.20    32.11

SNOWFALL (IN)
  YESTERDAY        0.0                       0.0    0.0      0.0
  MONTH TO DATE    0.0                       0.0    0.0      0.0
  SINCE JUN 1      0.0                       0.0    0.0      0.0
  SINCE JUL 1      0.0                       0.0    0.0      0.0
  SNOW DEPTH       0

DEGREE DAYS
 HEATING
  YESTERDAY        0                         0      0        0
  MONTH TO DATE    0                         0      0        0
  SINCE JUN 1      4                        12     -8        1
  SINCE JUL 1      0                         0      0        0

COOLING
  YESTERDAY       14                        10      4       15
  MONTH TO DATE  234                       206     28      232
  SINCE JUN 1    440                       429     11      528
  SINCE JAN 1    639                       565     74      669
..................................................................


WIND (MPH)
  HIGHEST WIND SPEED     8   HIGHEST WIND DIRECTION     W (290)
  HIGHEST GUST SPEED    13   HIGHEST GUST DIRECTION    NW (300)
  AVERAGE WIND SPEED     1.2


SKY COVER
  POSSIBLE SUNSHINE  MM
  AVERAGE SKY COVER 0.1


WEATHER CONDITIONS
 THE FOLLOWING WEATHER WAS RECORDED YESTERDAY.
  FOG


RELATIVE HUMIDITY (PERCENT)
 HIGHEST    97           400 AM
 LOWEST     53           200 PM
 AVERAGE    75

..........................................................


THE JACKSON KY CLIMATE NORMALS FOR TODAY
                         NORMAL    RECORD    YEAR
 MAXIMUM TEMPERATURE (F)   85        93      1983
 MINIMUM TEMPERATURE (F)   66        57      2009
                                             2007


SUNRISE AND SUNSET
JULY 21 2017..........SUNRISE   628 AM EDT   SUNSET   850 PM EDT
JULY 22 2017..........SUNRISE   629 AM EDT   SUNSET   850 PM EDT


-  INDICATES NEGATIVE NUMBERS.
R  INDICATES RECORD WAS SET OR TIED.
MM INDICATES DATA IS MISSING.
T  INDICATES TRACE AMOUNT.




$$
