000
CDUS43 KJKL 210518
CLIJKL

CLIMATE REPORT
NATIONAL WEATHER SERVICE JACKSON KY
117 AM EDT THU SEP 21 2017

...................................

...THE JACKSON KY CLIMATE SUMMARY FOR SEPTEMBER 20 2017...

CLIMATE NORMAL PERIOD 1981 TO 2010
CLIMATE RECORD PERIOD 1981 TO 2017


WEATHER ITEM   OBSERVED TIME   RECORD YEAR NORMAL DEPARTURE LAST
                VALUE   (LST)  VALUE       VALUE  FROM      YEAR
                                                  NORMAL
..................................................................
TEMPERATURE (F)
 YESTERDAY
  MAXIMUM         84    224 PM  88    2002  77      7       83
                                      1998
  MINIMUM         65    710 AM  42    1991  57      8       61
  AVERAGE         75                        67      8       72

PRECIPITATION (IN)
  YESTERDAY        0.00          0.37 1986   0.12  -0.12     0.00
  MONTH TO DATE    3.33                      2.27   1.06     0.94
  SINCE SEP 1      3.33                      2.27   1.06     0.94
  SINCE JAN 1     41.65                     35.82   5.83    41.93

SNOWFALL (IN)
  YESTERDAY        0.0                       0.0    0.0      0.0
  MONTH TO DATE    0.0                       0.0    0.0      0.0
  SINCE SEP 1      0.0                       0.0    0.0      0.0
  SINCE JUL 1      0.0                       0.0    0.0      0.0
  SNOW DEPTH       0

DEGREE DAYS
 HEATING
  YESTERDAY        0                         2     -2        0
  MONTH TO DATE   29                        16     13        0
  SINCE SEP 1     29                        16     13        0
  SINCE JUL 1     29                        18     11        0

 COOLING
  YESTERDAY       10                         4      6        7
  MONTH TO DATE   58                       115    -57      190
  SINCE SEP 1     58                       115    -57      190
  SINCE JAN 1   1060                      1093    -33     1422
..................................................................


WIND (MPH)
  HIGHEST WIND SPEED     6   HIGHEST WIND DIRECTION     W (290)
  HIGHEST GUST SPEED    10   HIGHEST GUST DIRECTION     W (250)
  AVERAGE WIND SPEED     0.8


SKY COVER
  POSSIBLE SUNSHINE  MM
  AVERAGE SKY COVER 0.5


WEATHER CONDITIONS
 THE FOLLOWING WEATHER WAS RECORDED YESTERDAY.
  FOG
  FOG W/VISIBILITY <= 1/4 MILE


RELATIVE HUMIDITY (PERCENT)
 HIGHEST   100           100 AM
 LOWEST     55           400 PM
 AVERAGE    78

..........................................................


THE JACKSON KY CLIMATE NORMALS FOR TODAY
                         NORMAL    RECORD    YEAR
 MAXIMUM TEMPERATURE (F)   76        91      2010
 MINIMUM TEMPERATURE (F)   56        39      2006


SUNRISE AND SUNSET
SEPTEMBER 21 2017.....SUNRISE   720 AM EDT   SUNSET   731 PM EDT
SEPTEMBER 22 2017.....SUNRISE   721 AM EDT   SUNSET   730 PM EDT


-  INDICATES NEGATIVE NUMBERS.
R  INDICATES RECORD WAS SET OR TIED.
MM INDICATES DATA IS MISSING.
T  INDICATES TRACE AMOUNT.




$$
