000
CDUS43 KJKL 120537
CLIJKL

CLIMATE REPORT
NATIONAL WEATHER SERVICE JACKSON KY
1237 AM EST FRI FEB 12 2016

...................................

...THE JACKSON KY CLIMATE SUMMARY FOR FEBRUARY 11 2016...

CLIMATE NORMAL PERIOD 1981 TO 2010
CLIMATE RECORD PERIOD 1981 TO 2016

WEATHER ITEM   OBSERVED TIME   RECORD YEAR NORMAL DEPARTURE LAST
                VALUE   (LST)  VALUE       VALUE  FROM      YEAR
                                                  NORMAL
..................................................................
TEMPERATURE (F)
 YESTERDAY
  MAXIMUM         31    351 PM  74    2009  47    -16       39
                                      1999
  MINIMUM         15    701 AM   1    1981  29    -14       22
  AVERAGE         23                        38    -15       31

PRECIPITATION (IN)
  YESTERDAY        T             0.81 1994   0.13  -0.13     0.00
  MONTH TO DATE    2.07                      1.46   0.61     0.60
  SINCE DEC 1     10.00                      9.25   0.75     5.21
  SINCE JAN 1      5.36                      5.07   0.29     2.72

SNOWFALL (IN)
  YESTERDAY        T             4.3  2006   0.3   -0.3      0.0
  MONTH TO DATE    1.9                       3.1   -1.2      0.4
  SINCE DEC 1     23.3                      15.1    8.2      3.1
  SINCE JUL 1     23.3                      15.7    7.6      4.3
  SNOW DEPTH       0

DEGREE DAYS
 HEATING
  YESTERDAY       42                        27     15       34
  MONTH TO DATE  304                       310     -6      306
  SINCE DEC 1   1718                      2076   -358     2030
  SINCE JUL 1   2316                      2876   -560     3020

 COOLING
  YESTERDAY        0                         0      0        0
  MONTH TO DATE    0                         0      0        0
  SINCE DEC 1      2                         1      1        0
  SINCE JAN 1      0                         0      0        0
..................................................................

WIND (MPH)
  HIGHEST WIND SPEED     8   HIGHEST WIND DIRECTION     W (280)
  HIGHEST GUST SPEED    12   HIGHEST GUST DIRECTION    NW (330)
  AVERAGE WIND SPEED     2.2

SKY COVER
  POSSIBLE SUNSHINE  MM
  AVERAGE SKY COVER 0.5

WEATHER CONDITIONS
 THE FOLLOWING WEATHER WAS RECORDED YESTERDAY.
  LIGHT SNOW

RELATIVE HUMIDITY (PERCENT)
 HIGHEST    80           800 AM
 LOWEST     32           500 PM
 AVERAGE    56

..........................................................

THE JACKSON KY CLIMATE NORMALS FOR TODAY
                         NORMAL    RECORD    YEAR
 MAXIMUM TEMPERATURE (F)   47        71      1984
 MINIMUM TEMPERATURE (F)   29        -4      1981

SUNRISE AND SUNSET
FEBRUARY 12 2016......SUNRISE   727 AM EST   SUNSET   609 PM EST
FEBRUARY 13 2016......SUNRISE   726 AM EST   SUNSET   610 PM EST

-  INDICATES NEGATIVE NUMBERS.
R  INDICATES RECORD WAS SET OR TIED.
MM INDICATES DATA IS MISSING.
T  INDICATES TRACE AMOUNT.

$$
