000
CDUS43 KSGF 220627
CLIJLN


CLIMATE REPORT
NATIONAL WEATHER SERVICE SPRINGFIELD MO
1226 AM CST MON DEC 22 2014


...................................

...THE JOPLIN MO CLIMATE SUMMARY FOR DECEMBER 21 2014...

CLIMATE NORMAL PERIOD 1981 TO 2010
CLIMATE RECORD PERIOD 1902 TO 2014


WEATHER ITEM   OBSERVED TIME   RECORD YEAR NORMAL DEPARTURE LAST
                VALUE   (LST)  VALUE       VALUE  FROM      YEAR
                                                  NORMAL
..................................................................
TEMPERATURE (F)
 YESTERDAY
  MAXIMUM         49    311 PM  68    2007  46      3       32
  MINIMUM         42    726 AM  -7    1989  26     16       27
  AVERAGE         46                        36     10       30

PRECIPITATION (IN)
  YESTERDAY        T             1.11 1949   0.09  -0.09     0.69
  MONTH TO DATE    1.60                      2.02  -0.42     1.38
  SINCE DEC 1      1.60                      2.02  -0.42     1.38
  SINCE JAN 1     31.47                     45.75 -14.28    43.98

DEGREE DAYS
 HEATING
  YESTERDAY       19                        29    -10       35
  MONTH TO DATE  485                       563    -78      649
  SINCE DEC 1    485                       563    -78      649
  SINCE JUL 1   1398                      1320     78     1537

 COOLING
  YESTERDAY        0                         0      0        0
  MONTH TO DATE    0                         0      0        0
  SINCE DEC 1      0                         0      0        0
  SINCE JAN 1   1583                      1698   -115     1568
..................................................................


WIND (MPH)
  HIGHEST WIND SPEED    18   HIGHEST WIND DIRECTION     S (180)
  HIGHEST GUST SPEED    26   HIGHEST GUST DIRECTION    SE (140)
  AVERAGE WIND SPEED    10.6


SKY COVER
  AVERAGE SKY COVER 1.0


WEATHER CONDITIONS
 THE FOLLOWING WEATHER WAS RECORDED YESTERDAY.
  LIGHT RAIN
  FOG


RELATIVE HUMIDITY (PERCENT)
 HIGHEST    96           900 AM
 LOWEST     66           300 PM
 AVERAGE    81

..........................................................


THE JOPLIN MO CLIMATE NORMALS FOR TODAY
                         NORMAL    RECORD    YEAR
 MAXIMUM TEMPERATURE (F)   45        71      1982
 MINIMUM TEMPERATURE (F)   26       -15      1989


SUNRISE AND SUNSET
DECEMBER 22 2014......SUNRISE   728 AM CST   SUNSET   505 PM CST
DECEMBER 23 2014......SUNRISE   729 AM CST   SUNSET   505 PM CST


-  INDICATES NEGATIVE NUMBERS.
R  INDICATES RECORD WAS SET OR TIED.
MM INDICATES DATA IS MISSING.
T  INDICATES TRACE AMOUNT.




$$
