000
CDUS43 KSGF 302226
CLIJLN


CLIMATE REPORT
NATIONAL WEATHER SERVICE SPRINGFIELD MO
526 PM CDT MON MAR 30 2015


...................................

...THE JOPLIN MO CLIMATE SUMMARY FOR MARCH 30 2015...
VALID TODAY AS OF 0500 PM LOCAL TIME.

CLIMATE NORMAL PERIOD 1981 TO 2010
CLIMATE RECORD PERIOD 1902 TO 2015


WEATHER ITEM   OBSERVED TIME   RECORD YEAR NORMAL DEPARTURE LAST
                VALUE   (LST)  VALUE       VALUE  FROM      YEAR
                                                  NORMAL
..................................................................
TEMPERATURE (F)
 TODAY
  MAXIMUM         73    359 PM  83    1967  65      8       73
  MINIMUM         33    559 AM  17    1964  42     -9       38
  AVERAGE         53                        53      0       56

PRECIPITATION (IN)
  TODAY            0.00          1.07 1985   0.13  -0.13     0.00
  MONTH TO DATE    1.83                      3.29  -1.46     1.88
  SINCE MAR 1      1.83                      3.29  -1.46     1.88
  SINCE JAN 1      3.35                      7.64  -4.29     2.73

DEGREE DAYS
 HEATING
  TODAY           12                        12      0        9
  MONTH TO DATE  490                       496     -6      658
  SINCE MAR 1    490                       496     -6      658
  SINCE JUL 1   4026                      3750    276     4507

 COOLING
  TODAY            0                         1     -1        0
  MONTH TO DATE    0                         4     -4        0
  SINCE MAR 1      0                         4     -4        0
  SINCE JAN 1      0                         5     -5        0
..................................................................


WIND (MPH)
  HIGHEST WIND SPEED    17   HIGHEST WIND DIRECTION    SW (220)
  HIGHEST GUST SPEED    21   HIGHEST GUST DIRECTION    SW (230)


SKY COVER
  AVERAGE SKY COVER 0.0


WEATHER CONDITIONS
 THE FOLLOWING WEATHER WAS RECORDED TODAY.
  FOG


RELATIVE HUMIDITY (PERCENT)
 HIGHEST   100           700 AM
 LOWEST     19           400 PM
 AVERAGE    60

..........................................................


THE JOPLIN MO CLIMATE NORMALS FOR TOMORROW
                         NORMAL    RECORD    YEAR
 MAXIMUM TEMPERATURE (F)   65        89      1974
 MINIMUM TEMPERATURE (F)   42        21      1987


SUNRISE AND SUNSET
MARCH 30 2015.........SUNRISE   707 AM CDT   SUNSET   739 PM CDT
MARCH 31 2015.........SUNRISE   705 AM CDT   SUNSET   739 PM CDT


-  INDICATES NEGATIVE NUMBERS.
R  INDICATES RECORD WAS SET OR TIED.
MM INDICATES DATA IS MISSING.
T  INDICATES TRACE AMOUNT.




$$
