000
CDUS43 KSGF 170627
CLIJLN


CLIMATE REPORT
NATIONAL WEATHER SERVICE SPRINGFIELD MO
127 AM CDT THU APR 17 2014


...................................

...THE JOPLIN MO CLIMATE SUMMARY FOR APRIL 16 2014...

CLIMATE NORMAL PERIOD 1981 TO 2010
CLIMATE RECORD PERIOD 1902 TO 2014


WEATHER ITEM   OBSERVED TIME   RECORD YEAR NORMAL DEPARTURE LAST
                VALUE   (LST)  VALUE       VALUE  FROM      YEAR
                                                  NORMAL
..................................................................
TEMPERATURE (F)
 YESTERDAY
  MAXIMUM         64    224 PM  91    2006  70     -6       54
  MINIMUM         43    612 AM  29    1953  47     -4       45
  AVERAGE         54                        59     -5       50

PRECIPITATION (IN)
  YESTERDAY        0.00          0.93 1957   0.15  -0.15     0.03
  MONTH TO DATE    0.55                      2.09  -1.54     1.20
  SINCE MAR 1      2.43                      5.51  -3.08     3.90
  SINCE JAN 1      3.28                      9.86  -6.58     9.05

DEGREE DAYS
 HEATING
  YESTERDAY       11                         8      3       15
  MONTH TO DATE  187                       157     30      185
  SINCE MAR 1    850                       665    185      842
  SINCE JUL 1   4699                      3919    780     3958

 COOLING
  YESTERDAY        0                         1     -1        0
  MONTH TO DATE   10                        16     -6       14
  SINCE MAR 1     10                        25    -15       14
  SINCE JAN 1     10                        26    -16       15
..................................................................


WIND (MPH)
  HIGHEST WIND SPEED    31   HIGHEST WIND DIRECTION     S (200)
  HIGHEST GUST SPEED    40   HIGHEST GUST DIRECTION     S (200)
  AVERAGE WIND SPEED    16.3


SKY COVER
  AVERAGE SKY COVER 0.0


WEATHER CONDITIONS
 THE FOLLOWING WEATHER WAS RECORDED YESTERDAY.
  NO SIGNIFICANT WEATHER WAS OBSERVED.


RELATIVE HUMIDITY (PERCENT)
 HIGHEST    53           500 AM
 LOWEST     27          1200 PM
 AVERAGE    40

..........................................................


THE JOPLIN MO CLIMATE NORMALS FOR TODAY
                         NORMAL    RECORD    YEAR
 MAXIMUM TEMPERATURE (F)   71        91      2006
 MINIMUM TEMPERATURE (F)   47        30      1953
                                             1956


SUNRISE AND SUNSET
APRIL 17 2014.........SUNRISE   641 AM CDT   SUNSET   755 PM CDT
APRIL 18 2014.........SUNRISE   640 AM CDT   SUNSET   756 PM CDT


-  INDICATES NEGATIVE NUMBERS.
R  INDICATES RECORD WAS SET OR TIED.
MM INDICATES DATA IS MISSING.
T  INDICATES TRACE AMOUNT.




$$
