000
CDUS43 KBIS 302228
CLIJMS


CLIMATE REPORT
NATIONAL WEATHER SERVICE BISMARCK ND
528 PM CDT SAT JUL 30 2016


...................................

...THE JAMESTOWN ND CLIMATE SUMMARY FOR JULY 30 2016...
VALID TODAY AS OF 0500 PM LOCAL TIME.

CLIMATE NORMAL PERIOD 1981 TO 2010
CLIMATE RECORD PERIOD 1891 TO 2016


WEATHER ITEM   OBSERVED TIME   RECORD YEAR NORMAL DEPARTURE LAST
                VALUE   (LST)  VALUE       VALUE  FROM      YEAR
                                                  NORMAL
..................................................................
TEMPERATURE (F)
 TODAY
  MAXIMUM         81    321 PM 106    2006  84     -3       82
  MINIMUM         61    606 AM  38    1903  58      3       58
  AVERAGE         71                        70      1       70

PRECIPITATION (IN)
  TODAY            0.00          1.43 1909   0.08  -0.08     0.00
  MONTH TO DATE    5.88                      3.28   2.60     2.96
  SINCE JUN 1      8.33                      6.47   1.86     8.62
  SINCE JAN 1     14.16                     12.02   2.14    18.78

DEGREE DAYS
 HEATING
  TODAY            0                         0      0        0
  MONTH TO DATE    7                        19    -12        9
  SINCE JUN 1     56                       116    -60       51
  SINCE JUL 1      7                        19    -12        9

 COOLING
  TODAY            6                         6      0        5
  MONTH TO DATE  157                       169    -12      189
  SINCE JUN 1    261                       249     12      291
  SINCE JAN 1    275                       269      6      299
..................................................................


WIND (MPH)
  RESULTANT WIND SPEED   9   RESULTANT WIND DIRECTION   S (170)
  HIGHEST WIND SPEED    22   HIGHEST WIND DIRECTION     S (170)
  HIGHEST GUST SPEED    26   HIGHEST GUST DIRECTION     S (170)
  AVERAGE WIND SPEED     9.2


SKY COVER
  POSSIBLE SUNSHINE  MM
  AVERAGE SKY COVER 0.5


WEATHER CONDITIONS
 THE FOLLOWING WEATHER WAS RECORDED TODAY.
  NO SIGNIFICANT WEATHER WAS OBSERVED.


RELATIVE HUMIDITY (PERCENT)
 HIGHEST    93          1200 AM
 LOWEST     54           300 PM
 AVERAGE    74

..........................................................


THE JAMESTOWN ND CLIMATE NORMALS FOR TOMORROW
                         NORMAL    RECORD    YEAR
 MAXIMUM TEMPERATURE (F)   84       100      1937
 MINIMUM TEMPERATURE (F)   57        38      1903


SUNRISE AND SUNSET
JULY 30 2016..........SUNRISE   613 AM CDT   SUNSET   909 PM CDT
JULY 31 2016..........SUNRISE   614 AM CDT   SUNSET   908 PM CDT


-  INDICATES NEGATIVE NUMBERS.
R  INDICATES RECORD WAS SET OR TIED.
MM INDICATES DATA IS MISSING.
T  INDICATES TRACE AMOUNT.




$$
