000
CDUS43 KBIS 240741
CLIJMS


CLIMATE REPORT
NATIONAL WEATHER SERVICE BISMARCK ND
140 AM CST TUE JAN 24 2017


...................................

...THE JAMESTOWN ND CLIMATE SUMMARY FOR JANUARY 23 2017...

CLIMATE NORMAL PERIOD 1981 TO 2010
CLIMATE RECORD PERIOD 1891 TO 2017


WEATHER ITEM   OBSERVED TIME   RECORD YEAR NORMAL DEPARTURE LAST
                VALUE   (LST)  VALUE       VALUE  FROM      YEAR
                                                  NORMAL
..................................................................
TEMPERATURE (F)
 YESTERDAY
  MAXIMUM         32    109 AM  51    1942  20     12       39
  MINIMUM         28   1159 PM -33    1935   0     28       14
                                      1922
  AVERAGE         30                        10     20       27

PRECIPITATION (IN)
  YESTERDAY        0.00          0.95 1950   0.02  -0.02     0.00
  MONTH TO DATE    0.22                      0.36  -0.14      T
  SINCE DEC 1      1.51                      0.76   0.75     0.14
  SINCE JAN 1      0.22                      0.36  -0.14      T

DEGREE DAYS
 HEATING
  YESTERDAY       35                        55    -20       38
  MONTH TO DATE 1307                      1263     44     1256
  SINCE DEC 1   2921                      2839     82     2619
  SINCE JUL 1   4482                      4923   -441     4267

 COOLING
  YESTERDAY        0                         0      0        0
  MONTH TO DATE    0                         0      0        0
  SINCE DEC 1      0                         0      0        0
  SINCE JAN 1      0                         0      0        0
..................................................................


WIND (MPH)
  HIGHEST WIND SPEED    15   HIGHEST WIND DIRECTION     W (290)
  HIGHEST GUST SPEED    19   HIGHEST GUST DIRECTION     W (270)
  AVERAGE WIND SPEED     7.3


SKY COVER
  POSSIBLE SUNSHINE  MM
  AVERAGE SKY COVER 1.0


WEATHER CONDITIONS
 THE FOLLOWING WEATHER WAS RECORDED YESTERDAY.
  NO SIGNIFICANT WEATHER WAS OBSERVED.


RELATIVE HUMIDITY (PERCENT)
 HIGHEST    85           200 AM
 LOWEST     75          1100 AM
 AVERAGE    80

..........................................................


THE JAMESTOWN ND CLIMATE NORMALS FOR TODAY
                         NORMAL    RECORD    YEAR
 MAXIMUM TEMPERATURE (F)   20        51      1942
 MINIMUM TEMPERATURE (F)    0       -38      1904


SUNRISE AND SUNSET
JANUARY 24 2017.......SUNRISE   808 AM CST   SUNSET   526 PM CST
JANUARY 25 2017.......SUNRISE   807 AM CST   SUNSET   528 PM CST


-  INDICATES NEGATIVE NUMBERS.
R  INDICATES RECORD WAS SET OR TIED.
MM INDICATES DATA IS MISSING.
T  INDICATES TRACE AMOUNT.




$$
