000
CDUS43 KBIS 120738
CLIJMS


CLIMATE REPORT
NATIONAL WEATHER SERVICE BISMARCK ND
238 AM CDT SAT JUL 12 2014


...................................

...THE JAMESTOWN ND CLIMATE SUMMARY FOR JULY 11 2014...

CLIMATE NORMAL PERIOD 1981 TO 2010
CLIMATE RECORD PERIOD 1891 TO 2014


WEATHER ITEM   OBSERVED TIME   RECORD YEAR NORMAL DEPARTURE LAST
                VALUE   (LST)  VALUE       VALUE  FROM      YEAR
                                                  NORMAL
..................................................................
TEMPERATURE (F)
 YESTERDAY
  MAXIMUM         84    358 PM 109    1936  82      2       90
  MINIMUM         61    528 AM  39    1900  57      4       55
  AVERAGE         73                        70      3       73

PRECIPITATION (IN)
  YESTERDAY       MM             1.41 1965   0.12  MM        0.00
  MONTH TO DATE    0.44                      1.34  -0.90     0.17
  SINCE JUN 1      6.80                      4.53   2.27     1.90
  SINCE JAN 1     15.24                     10.08   5.16     7.49

DEGREE DAYS
 HEATING
  YESTERDAY        0                         1     -1        0
  MONTH TO DATE   17                        11      6        0
  SINCE JUN 1     76                       108    -32       85
  SINCE JUL 1     17                        11      6        0

 COOLING
  YESTERDAY        8                         5      3        8
  MONTH TO DATE   45                        55    -10       80
  SINCE JUN 1    101                       135    -34      180
  SINCE JAN 1    155                       155      0      191
..................................................................


WIND (MPH)
  HIGHEST WIND SPEED    15   HIGHEST WIND DIRECTION     N (340)
  HIGHEST GUST SPEED    19   HIGHEST GUST DIRECTION     N (350)
  AVERAGE WIND SPEED     6.9


SKY COVER
  POSSIBLE SUNSHINE  MM
  AVERAGE SKY COVER 0.3


WEATHER CONDITIONS
 THE FOLLOWING WEATHER WAS RECORDED YESTERDAY.
  FOG
  FOG W/VISIBILITY <= 1/4 MILE


RELATIVE HUMIDITY (PERCENT)
 HIGHEST   100           100 AM
 LOWEST     34           300 PM
 AVERAGE    67

..........................................................


THE JAMESTOWN ND CLIMATE NORMALS FOR TODAY
                         NORMAL    RECORD    YEAR
 MAXIMUM TEMPERATURE (F)   82       108      1936
 MINIMUM TEMPERATURE (F)   57        43      1924


SUNRISE AND SUNSET
JULY 12 2014..........SUNRISE   552 AM CDT   SUNSET   928 PM CDT
JULY 13 2014..........SUNRISE   553 AM CDT   SUNSET   927 PM CDT


-  INDICATES NEGATIVE NUMBERS.
R  INDICATES RECORD WAS SET OR TIED.
MM INDICATES DATA IS MISSING.
T  INDICATES TRACE AMOUNT.




$$
