000
CDUS43 KBIS 240745
CLIJMS


CLIMATE REPORT
NATIONAL WEATHER SERVICE BISMARCK ND
143 AM CST FRI NOV 24 2017


...................................

...THE JAMESTOWN ND CLIMATE SUMMARY FOR NOVEMBER 23 2017...

CLIMATE NORMAL PERIOD 1981 TO 2010
CLIMATE RECORD PERIOD 1891 TO 2017


WEATHER ITEM   OBSERVED TIME   RECORD YEAR NORMAL DEPARTURE LAST
                VALUE   (LST)  VALUE       VALUE  FROM      YEAR
                                                  NORMAL
..................................................................
TEMPERATURE (F)
 YESTERDAY
  MAXIMUM         58    401 PM  59    1942  32     26       35
                                      1939
  MINIMUM         20    535 AM -16    1951  14      6       32
  AVERAGE         39                        23     16       34

PRECIPITATION (IN)
  YESTERDAY        0.00          0.60 1981   0.01  -0.01     0.00
  MONTH TO DATE    0.13                      0.52  -0.39     0.24
  SINCE SEP 1      3.04                      4.07  -1.03     5.30
  SINCE JAN 1     12.35                     18.26  -5.91    24.05

DEGREE DAYS
 HEATING
  YESTERDAY       26                        42    -16       31
  MONTH TO DATE  943                       810    133      540
  SINCE SEP 1   1734                      1711     23     1309
  SINCE JUL 1   1768                      1777     -9     1342

 COOLING
  YESTERDAY        0                         0      0        0
  MONTH TO DATE    0                         0      0        0
  SINCE SEP 1     35                        31      4       26
  SINCE JAN 1    397                       446    -49      419
..................................................................


WIND (MPH)
  HIGHEST WIND SPEED    18   HIGHEST WIND DIRECTION    SW (240)
  HIGHEST GUST SPEED    22   HIGHEST GUST DIRECTION    SW (230)
  AVERAGE WIND SPEED    10.0


SKY COVER
  POSSIBLE SUNSHINE  MM
  AVERAGE SKY COVER 0.3


WEATHER CONDITIONS
 THE FOLLOWING WEATHER WAS RECORDED YESTERDAY.
  NO SIGNIFICANT WEATHER WAS OBSERVED.


RELATIVE HUMIDITY (PERCENT)
 HIGHEST   100           500 AM
 LOWEST     55           200 PM
 AVERAGE    78

..........................................................


THE JAMESTOWN ND CLIMATE NORMALS FOR TODAY
                         NORMAL    RECORD    YEAR
 MAXIMUM TEMPERATURE (F)   32        62      1942
 MINIMUM TEMPERATURE (F)   14       -17      1951


SUNRISE AND SUNSET
NOVEMBER 24 2017......SUNRISE   751 AM CST   SUNSET   452 PM CST
NOVEMBER 25 2017......SUNRISE   752 AM CST   SUNSET   451 PM CST


-  INDICATES NEGATIVE NUMBERS.
R  INDICATES RECORD WAS SET OR TIED.
MM INDICATES DATA IS MISSING.
T  INDICATES TRACE AMOUNT.




$$
