000
CDUS43 KBIS 300724
CLIJMS


CLIMATE REPORT
NATIONAL WEATHER SERVICE BISMARCK ND
223 AM CDT SAT AUG 30 2014


...................................

...THE JAMESTOWN ND CLIMATE SUMMARY FOR AUGUST 29 2014...

CLIMATE NORMAL PERIOD 1981 TO 2010
CLIMATE RECORD PERIOD 1891 TO 2014


WEATHER ITEM   OBSERVED TIME   RECORD YEAR NORMAL DEPARTURE LAST
                VALUE   (LST)  VALUE       VALUE  FROM      YEAR
                                                  NORMAL
..................................................................
TEMPERATURE (F)
 YESTERDAY
  MAXIMUM         74   1137 AM  98    1961  78     -4       86
  MINIMUM         60   1159 PM  34    1909  52      8       67
  AVERAGE         67                        65      2       77

PRECIPITATION (IN)
  YESTERDAY        0.00          1.98 1980   0.07  -0.07     0.25
  MONTH TO DATE    2.72                      1.95   0.77     1.20
  SINCE JUN 1      9.90                      8.49   1.41     3.60
  SINCE JAN 1     18.34                     14.04   4.30     9.19

DEGREE DAYS
 HEATING
  YESTERDAY        0                         3     -3        0
  MONTH TO DATE   22                        40    -18       21
  SINCE JUN 1    109                       159    -50      129
  SINCE JUL 1     50                        62    -12       44

 COOLING
  YESTERDAY        2                         3     -1       12
  MONTH TO DATE  111                       139    -28      155
  SINCE JUN 1    284                       391   -107      437
  SINCE JAN 1    338                       411    -73      448
..................................................................


WIND (MPH)
  HIGHEST WIND SPEED    23   HIGHEST WIND DIRECTION    NW (330)
  HIGHEST GUST SPEED    29   HIGHEST GUST DIRECTION    NW (330)
  AVERAGE WIND SPEED    10.4


SKY COVER
  POSSIBLE SUNSHINE  MM
  AVERAGE SKY COVER 1.0


WEATHER CONDITIONS
 THE FOLLOWING WEATHER WAS RECORDED YESTERDAY.
  FOG
  FOG W/VISIBILITY <= 1/4 MILE


RELATIVE HUMIDITY (PERCENT)
 HIGHEST   100          1200 AM
 LOWEST     68          1200 PM
 AVERAGE    84

..........................................................


THE JAMESTOWN ND CLIMATE NORMALS FOR TODAY
                         NORMAL    RECORD    YEAR
 MAXIMUM TEMPERATURE (F)   78        97      1929
 MINIMUM TEMPERATURE (F)   52        34      1931


SUNRISE AND SUNSET
AUGUST 30 2014........SUNRISE   652 AM CDT   SUNSET   818 PM CDT
AUGUST 31 2014........SUNRISE   653 AM CDT   SUNSET   816 PM CDT


-  INDICATES NEGATIVE NUMBERS.
R  INDICATES RECORD WAS SET OR TIED.
MM INDICATES DATA IS MISSING.
T  INDICATES TRACE AMOUNT.




$$
