000
CDUS43 KBIS 220722
CLIJMS


CLIMATE REPORT
NATIONAL WEATHER SERVICE BISMARCK ND
221 AM CDT WED OCT 22 2014


...................................

...THE JAMESTOWN ND CLIMATE SUMMARY FOR OCTOBER 21 2014...

CLIMATE NORMAL PERIOD 1981 TO 2010
CLIMATE RECORD PERIOD 1891 TO 2014


WEATHER ITEM   OBSERVED TIME   RECORD YEAR NORMAL DEPARTURE LAST
                VALUE   (LST)  VALUE       VALUE  FROM      YEAR
                                                  NORMAL
..................................................................
TEMPERATURE (F)
 YESTERDAY
  MAXIMUM         76    312 PM  83    1901  53     23       37
  MINIMUM         43    144 AM   7    1930  31     12       27
  AVERAGE         60                        42     18       32

PRECIPITATION (IN)
  YESTERDAY        0.00          0.39 2008   0.04  -0.04     0.00
  MONTH TO DATE    0.33                      1.14  -0.81     4.49
  SINCE SEP 1      1.92                      3.14  -1.22     6.66
  SINCE JAN 1     20.60                     17.33   3.27    15.86

DEGREE DAYS
 HEATING
  YESTERDAY        5                        23    -18       33
  MONTH TO DATE  356                       391    -35      403
  SINCE SEP 1    575                       643    -68      522
  SINCE JUL 1    630                       709    -79      566

 COOLING
  YESTERDAY        0                         0      0        0
  MONTH TO DATE    0                         0      0        0
  SINCE SEP 1     29                        30     -1       55
  SINCE JAN 1    367                       445    -78      521
..................................................................


WIND (MPH)
  HIGHEST WIND SPEED    28   HIGHEST WIND DIRECTION    SE (150)
  HIGHEST GUST SPEED    33   HIGHEST GUST DIRECTION    SE (150)
  AVERAGE WIND SPEED    16.6


SKY COVER
  POSSIBLE SUNSHINE  MM
  AVERAGE SKY COVER 0.0


WEATHER CONDITIONS
 THE FOLLOWING WEATHER WAS RECORDED YESTERDAY.
  NO SIGNIFICANT WEATHER WAS OBSERVED.


RELATIVE HUMIDITY (PERCENT)
 HIGHEST    76          1200 AM
 LOWEST     31           300 PM
 AVERAGE    54

..........................................................


THE JAMESTOWN ND CLIMATE NORMALS FOR TODAY
                         NORMAL    RECORD    YEAR
 MAXIMUM TEMPERATURE (F)   53        85      1915
 MINIMUM TEMPERATURE (F)   30         2      1936


SUNRISE AND SUNSET
OCTOBER 22 2014.......SUNRISE   803 AM CDT   SUNSET   635 PM CDT
OCTOBER 23 2014.......SUNRISE   804 AM CDT   SUNSET   633 PM CDT


-  INDICATES NEGATIVE NUMBERS.
R  INDICATES RECORD WAS SET OR TIED.
MM INDICATES DATA IS MISSING.
T  INDICATES TRACE AMOUNT.




$$
