000
CDUS43 KBIS 300729
CLIJMS


CLIMATE REPORT
NATIONAL WEATHER SERVICE BISMARCK ND
228 AM CDT MON MAY 30 2016


...................................

...THE JAMESTOWN ND CLIMATE SUMMARY FOR MAY 29 2016...

CLIMATE NORMAL PERIOD 1981 TO 2010
CLIMATE RECORD PERIOD 1891 TO 2016


WEATHER ITEM   OBSERVED TIME   RECORD YEAR NORMAL DEPARTURE LAST
                VALUE   (LST)  VALUE       VALUE  FROM      YEAR
                                                  NORMAL
..................................................................
TEMPERATURE (F)
 YESTERDAY
  MAXIMUM         76    412 PM 107    1934  72      4       64
  MINIMUM         52    421 AM  28    1947  47      5       41
  AVERAGE         64                        60      4       53

PRECIPITATION (IN)
  YESTERDAY        0.00          2.72 1953   0.10  -0.10     0.00
  MONTH TO DATE    1.69                      2.46  -0.77     8.75
  SINCE MAR 1      4.62                      4.50   0.12     9.74
  SINCE JAN 1      4.73                      5.35  -0.62    10.16

DEGREE DAYS
 HEATING
  YESTERDAY        1                         7     -6       12
  MONTH TO DATE  247                       311    -64      338
  SINCE MAR 1   1792                      2146   -354     1925
  SINCE JUL 1   7534                      8905  -1371     8662

 COOLING
  YESTERDAY        0                         1     -1        0
  MONTH TO DATE   12                        18     -6        8
  SINCE MAR 1     12                        20     -8        8
  SINCE JAN 1     12                        20     -8        8
..................................................................


WIND (MPH)
  HIGHEST WIND SPEED    22   HIGHEST WIND DIRECTION    NW (310)
  HIGHEST GUST SPEED    28   HIGHEST GUST DIRECTION    NW (310)
  AVERAGE WIND SPEED     8.6


SKY COVER
  POSSIBLE SUNSHINE  MM
  AVERAGE SKY COVER 0.3


WEATHER CONDITIONS
 THE FOLLOWING WEATHER WAS RECORDED YESTERDAY.
  FOG
  FOG W/VISIBILITY <= 1/4 MILE


RELATIVE HUMIDITY (PERCENT)
 HIGHEST   100           100 AM
 LOWEST     33           300 PM
 AVERAGE    67

..........................................................


THE JAMESTOWN ND CLIMATE NORMALS FOR TODAY
                         NORMAL    RECORD    YEAR
 MAXIMUM TEMPERATURE (F)   72       101      1939
 MINIMUM TEMPERATURE (F)   48        24      1947


SUNRISE AND SUNSET
MAY 30 2016...........SUNRISE   545 AM CDT   SUNSET   920 PM CDT
MAY 31 2016...........SUNRISE   544 AM CDT   SUNSET   921 PM CDT


-  INDICATES NEGATIVE NUMBERS.
R  INDICATES RECORD WAS SET OR TIED.
MM INDICATES DATA IS MISSING.
T  INDICATES TRACE AMOUNT.




$$
