000
CDUS43 KBIS 290038
CLIJMS


CLIMATE REPORT
NATIONAL WEATHER SERVICE BISMARCK ND
738 PM CDT WED JUN 28 2017


...................................

...THE JAMESTOWN ND CLIMATE SUMMARY FOR JUNE 28 2017...
VALID TODAY AS OF 0700 PM LOCAL TIME.

CLIMATE NORMAL PERIOD 1981 TO 2010
CLIMATE RECORD PERIOD 1891 TO 2017


WEATHER ITEM   OBSERVED TIME   RECORD YEAR NORMAL DEPARTURE LAST
                VALUE   (LST)  VALUE       VALUE  FROM      YEAR
                                                  NORMAL
..................................................................
TEMPERATURE (F)
 TODAY
  MAXIMUM         78    522 PM 103    1931  80     -2       78
  MINIMUM         57    404 AM  40    1923  56      1       48
  AVERAGE         68                        68      0       63

PRECIPITATION (IN)
  TODAY            0.00          2.20 1924   0.11  -0.11     0.00
  MONTH TO DATE    2.08                      2.98  -0.90     2.45
  SINCE JUN 1      2.08                      2.98  -0.90     2.45
  SINCE JAN 1      4.87                      8.53  -3.66     8.28

DEGREE DAYS
 HEATING
  TODAY            0                         1     -1        2
  MONTH TO DATE   46                        94    -48       42
  SINCE JUN 1     46                        94    -48       42
  SINCE JUL 1   8165                      9010   -845     7581

 COOLING
  TODAY            3                         4     -1        0
  MONTH TO DATE   83                        71     12      101
  SINCE JUN 1     83                        71     12      101
  SINCE JAN 1     83                        91     -8      115
..................................................................


WIND (MPH)
  RESULTANT WIND SPEED  13   RESULTANT WIND DIRECTION   N (350)
  HIGHEST WIND SPEED    24   HIGHEST WIND DIRECTION    NW (320)
  HIGHEST GUST SPEED    31   HIGHEST GUST DIRECTION    NW (330)
  AVERAGE WIND SPEED    15.2


SKY COVER
  POSSIBLE SUNSHINE  MM
  AVERAGE SKY COVER 0.4


WEATHER CONDITIONS
 THE FOLLOWING WEATHER WAS RECORDED TODAY.
  NO SIGNIFICANT WEATHER WAS OBSERVED.


RELATIVE HUMIDITY (PERCENT)
 HIGHEST    93           400 AM
 LOWEST     40           600 PM
 AVERAGE    67

..........................................................


THE JAMESTOWN ND CLIMATE NORMALS FOR TOMORROW
                         NORMAL    RECORD    YEAR
 MAXIMUM TEMPERATURE (F)   80       100      1931
 MINIMUM TEMPERATURE (F)   56        37      1900


SUNRISE AND SUNSET
JUNE 28 2017..........SUNRISE   543 AM CDT   SUNSET   933 PM CDT
JUNE 29 2017..........SUNRISE   543 AM CDT   SUNSET   933 PM CDT


-  INDICATES NEGATIVE NUMBERS.
R  INDICATES RECORD WAS SET OR TIED.
MM INDICATES DATA IS MISSING.
T  INDICATES TRACE AMOUNT.




$$
