000
CDAK47 PAJK 271128
CLIJNU
AKZ025-272300-
CLIMATE REPORT
NATIONAL WEATHER SERVICE JUNEAU, AK
227 AM AKST THU NOV 27 2014


...................................

...THE JUNEAU CLIMATE SUMMARY FOR NOVEMBER 26 2014...

CLIMATE NORMAL PERIOD 1981 TO 2010
CLIMATE RECORD PERIOD 1943 TO 2014


WEATHER ITEM   OBSERVED TIME   RECORD YEAR NORMAL DEPARTURE LAST
                VALUE   (LST)  VALUE       VALUE  FROM      YEAR
                                                  NORMAL
..................................................................
TEMPERATURE (F)
 YESTERDAY
  MAXIMUM         38    938 PM  54    2002  36      2       37
  MINIMUM         29    850 PM  -3    1985  27      2       33
  AVERAGE         34                        32      2       35

PRECIPITATION (IN)
  YESTERDAY        T             1.23 1969   0.20  -0.20     0.05
  MONTH TO DATE    3.77                      5.19  -1.42     5.48
  SINCE SEP 1     20.54                     22.46  -1.92    23.20
  SINCE JAN 1     64.73                     55.63   9.10    64.11

SNOWFALL (IN)
  YESTERDAY        0.0           7.3  1990   0.6   -0.6      0.0
  MONTH TO DATE    T                        10.8  -10.8     14.1
  SINCE SEP 1      T                        11.6  -11.6     14.1
  SINCE JUL 1      T                        11.6  -11.6     14.1
  SNOW DEPTH       0

DEGREE DAYS
 HEATING
  YESTERDAY       31                        33     -2       30
  MONTH TO DATE  727                       811    -84      906
  SINCE SEP 1   1765                      1961   -196     1914
  SINCE JUL 1   2241                      2496   -255     2349
..................................................................


WIND (MPH)
  HIGHEST WIND SPEED    16   HIGHEST WIND DIRECTION     N (360)
  HIGHEST GUST SPEED    21   HIGHEST GUST DIRECTION    NE (30)
  AVERAGE WIND SPEED     2.0


SKY COVER
  POSSIBLE SUNSHINE  MM
  AVERAGE SKY COVER 0.5


WEATHER CONDITIONS
 THE FOLLOWING WEATHER WAS RECORDED YESTERDAY.
  LIGHT RAIN
  FOG


RELATIVE HUMIDITY (PERCENT)
 HIGHEST   100          1200 AM
 LOWEST     48          1000 PM
 AVERAGE    74

..........................................................


THE JUNEAU CLIMATE NORMALS FOR TODAY
                         NORMAL    RECORD    YEAR
 MAXIMUM TEMPERATURE (F)   36        53      2002
 MINIMUM TEMPERATURE (F)   27        -5      2006


SUNRISE AND SUNSET
NOVEMBER 27 2014......SUNRISE   813 AM AKST  SUNSET   318 PM AKST
NOVEMBER 28 2014......SUNRISE   815 AM AKST  SUNSET   317 PM AKST


-  INDICATES NEGATIVE NUMBERS.
R  INDICATES RECORD WAS SET OR TIED.
MM INDICATES DATA IS MISSING.
T  INDICATES TRACE AMOUNT.




$$


&&
----------------------------
AMOUNT OF DAYLIGHT TODAY  (HOUR:MIN)........ 7:05
GAIN/LOSS SINCE YESTERDAY (HOUR:MIN:SEC)....-0:03:22
