000
CDAK47 PAJK 241230
CLIJNU
AKZ025-250000-
CLIMATE REPORT
NATIONAL WEATHER SERVICE JUNEAU, AK
426 AM AKDT FRI OCT 24 2014


...................................

...THE JUNEAU CLIMATE SUMMARY FOR OCTOBER 23 2014...

CLIMATE NORMAL PERIOD 1981 TO 2010
CLIMATE RECORD PERIOD 1943 TO 2014


WEATHER ITEM   OBSERVED TIME   RECORD YEAR NORMAL DEPARTURE LAST
                VALUE   (LST)  VALUE       VALUE  FROM      YEAR
                                                  NORMAL
..................................................................
TEMPERATURE (F)
 YESTERDAY
  MAXIMUM         44   1205 PM  55    1998  45     -1       53
  MINIMUM         31    331 AM  20    2004  36     -5       40
                                      1956
  AVERAGE         38                        40     -2       47

PRECIPITATION (IN)
  YESTERDAY        0.07          1.92 2008   0.25  -0.18     0.83
  MONTH TO DATE    6.47                      6.68  -0.21     8.39
  SINCE SEP 1     15.78                     15.32   0.46    15.92
  SINCE JAN 1     59.97                     48.49  11.48    56.83

SNOWFALL (IN)
  YESTERDAY        0.0           T    2008   0.1   -0.1      0.0
                                      2004
                                      1985
  MONTH TO DATE    0.0                       0.3   -0.3       T
  SINCE SEP 1      T                         0.3   -0.3       T
  SINCE JUL 1      T                         0.3   -0.3       T
  SNOW DEPTH       0

DEGREE DAYS
 HEATING
  YESTERDAY       27                        25      2       18
  MONTH TO DATE  459                       488    -29      454
  SINCE SEP 1    850                       937    -87      841
  SINCE JUL 1   1326                      1472   -146     1276

 COOLING
  YESTERDAY        0                         0      0        0
  MONTH TO DATE    0                         0      0        0
  SINCE SEP 1      0                         0      0        0
  SINCE JAN 1      0                         2     -2        9
..................................................................


WIND (MPH)
  HIGHEST WIND SPEED     6   HIGHEST WIND DIRECTION     E (80)
  HIGHEST GUST SPEED     7   HIGHEST GUST DIRECTION     E (70)
  AVERAGE WIND SPEED     0.6


SKY COVER
  POSSIBLE SUNSHINE  MM
  AVERAGE SKY COVER 0.9


WEATHER CONDITIONS
 THE FOLLOWING WEATHER WAS RECORDED YESTERDAY.
  LIGHT RAIN
  FOG
  FOG W/VISIBILITY <= 1/4 MILE


RELATIVE HUMIDITY (PERCENT)
 HIGHEST   100          1200 AM
 LOWEST     89           100 PM
 AVERAGE    95

..........................................................


THE JUNEAU CLIMATE NORMALS FOR TODAY
                         NORMAL    RECORD    YEAR
 MAXIMUM TEMPERATURE (F)   44        55      1998
 MINIMUM TEMPERATURE (F)   35        19      1951


SUNRISE AND SUNSET
OCTOBER 24 2014.......SUNRISE   755 AM AKDT  SUNSET   529 PM AKDT
OCTOBER 25 2014.......SUNRISE   758 AM AKDT  SUNSET   526 PM AKDT


-  INDICATES NEGATIVE NUMBERS.
R  INDICATES RECORD WAS SET OR TIED.
MM INDICATES DATA IS MISSING.
T  INDICATES TRACE AMOUNT.




$$


&&
----------------------------
AMOUNT OF DAYLIGHT TODAY  (HOUR:MIN)........ 9:33
GAIN/LOSS SINCE YESTERDAY (HOUR:MIN:SEC)....-0:04:55
