000
CDAK47 PAJK 221128
CLIJNU
AKZ025-222300-
CLIMATE REPORT
NATIONAL WEATHER SERVICE JUNEAU, AK
326 AM AKDT MON SEP 22 2014


...................................

...THE JUNEAU CLIMATE SUMMARY FOR SEPTEMBER 21 2014...

CLIMATE NORMAL PERIOD 1981 TO 2010
CLIMATE RECORD PERIOD 1943 TO 2014


WEATHER ITEM   OBSERVED TIME   RECORD YEAR NORMAL DEPARTURE LAST
                VALUE   (LST)  VALUE       VALUE  FROM      YEAR
                                                  NORMAL
..................................................................
TEMPERATURE (F)
 YESTERDAY
  MAXIMUM         59    232 PM  67    1995  54      5       51
  MINIMUM         49    748 AM  28    1955  44      5       47
  AVERAGE         54                        49      5       49

PRECIPITATION (IN)
  YESTERDAY        0.99          2.30 1994   0.31   0.68     0.42
  MONTH TO DATE    6.08                      5.88   0.20     6.82
  SINCE SEP 1      6.08                      5.88   0.20     6.82
  SINCE JAN 1     50.18                     39.05  11.13    47.73

DEGREE DAYS
 HEATING
  YESTERDAY       11                        16     -5       16
  MONTH TO DATE  259                       295    -36      228
  SINCE SEP 1    259                       295    -36      228
  SINCE JUL 1    735                       830    -95      663

 COOLING
  YESTERDAY        0                         0      0        0
  MONTH TO DATE    0                         0      0        0
  SINCE SEP 1      0                         0      0        0
  SINCE JAN 1      0                         2     -2        9
..................................................................


WIND (MPH)
  HIGHEST WIND SPEED    40   HIGHEST WIND DIRECTION    SE (120)
  HIGHEST GUST SPEED    55   HIGHEST GUST DIRECTION    SE (120)
  AVERAGE WIND SPEED    10.4


SKY COVER
  POSSIBLE SUNSHINE  MM
  AVERAGE SKY COVER 1.0


WEATHER CONDITIONS
 THE FOLLOWING WEATHER WAS RECORDED YESTERDAY.
  RAIN
  LIGHT RAIN
  FOG


RELATIVE HUMIDITY (PERCENT)
 HIGHEST   100          1200 AM
 LOWEST     77          1000 PM
 AVERAGE    89

..........................................................


THE JUNEAU CLIMATE NORMALS FOR TODAY
                         NORMAL    RECORD    YEAR
 MAXIMUM TEMPERATURE (F)   54        62      1984
 MINIMUM TEMPERATURE (F)   44        28      1955


SUNRISE AND SUNSET
SEPTEMBER 22 2014.....SUNRISE   643 AM AKDT  SUNSET   657 PM AKDT
SEPTEMBER 23 2014.....SUNRISE   646 AM AKDT  SUNSET   654 PM AKDT


-  INDICATES NEGATIVE NUMBERS.
R  INDICATES RECORD WAS SET OR TIED.
MM INDICATES DATA IS MISSING.
T  INDICATES TRACE AMOUNT.




$$


&&
----------------------------
AMOUNT OF DAYLIGHT TODAY  (HOUR:MIN)........12:14
GAIN/LOSS SINCE YESTERDAY (HOUR:MIN:SEC)....-0:05:03
