000
CDAK47 PAJK 181234
CLIJNU
CLIMATE REPORT
NATIONAL WEATHER SERVICE JUNEAU, AK
329 AM AKST MON DEC 18 2017


...................................

...THE JUNEAU CLIMATE SUMMARY FOR DECEMBER 17 2017...

CLIMATE NORMAL PERIOD 1981 TO 2010
CLIMATE RECORD PERIOD 1936 TO 2017


WEATHER ITEM   OBSERVED RECORD YEAR NORMAL DEPARTURE LAST
                VALUE   VALUE       VALUE  FROM      YEAR
                                           NORMAL
...........................................................
TEMPERATURE (F)
 YESTERDAY
  MAXIMUM         38     47    1981  34      4       36
  MINIMUM         30      0    1983  26      4       26
  AVERAGE         34                 30      4       31

PRECIPITATION (IN)
  YESTERDAY        0.07   1.22 1985   0.19  -0.12     0.63
  MONTH TO DATE    7.89               3.40   4.49     3.87
  SINCE JAN 1     69.39              59.83   9.56    61.17

SNOWFALL (IN)
  YESTERDAY        T     11.6  1956   0.5   -0.5      2.4
  MONTH TO DATE    0.3                8.5   -8.2     12.7
  SINCE JUL 1     25.8               22.4    3.4     21.1
  SNOW DEPTH       0

DEGREE DAYS
 HEATING
  YESTERDAY       31                 35     -4       34
  MONTH TO DATE  408                587   -179      748
...........................................................


WIND (MPH)
  HIGHEST WIND SPEED    15   HIGHEST WIND DIRECTION     E (90)
  HIGHEST GUST SPEED    21   HIGHEST GUST DIRECTION     E (110)
  AVERAGE WIND SPEED     6.3


SKY COVER
  AVERAGE SKY COVER 0.8


WEATHER CONDITIONS
 THE FOLLOWING WEATHER WAS RECORDED YESTERDAY.
  LIGHT RAIN
  SNOW
  FOG


..........................................................


THE JUNEAU CLIMATE NORMALS FOR TODAY
                         NORMAL    RECORD    YEAR
 MAXIMUM TEMPERATURE (F)   34        48      1954
 MINIMUM TEMPERATURE (F)   25         0      1955


SUNRISE AND SUNSET
DECEMBER 18 2017......SUNRISE   844 AM AKST  SUNSET   306 PM AKST
DECEMBER 19 2017......SUNRISE   845 AM AKST  SUNSET   307 PM AKST


-  INDICATES NEGATIVE NUMBERS.
R  INDICATES RECORD WAS SET OR TIED.
MM INDICATES DATA IS MISSING.
T  INDICATES TRACE AMOUNT.




$$
--------------------------------------------------------------

AMOUNT OF DAYLIGHT TODAY (HOUR:MIN)......... 6 HOURS 22 MINUTES
GAIN/LOSS SINCE YESTERDAY (HOUR:MIN:SEC).... -0:00:32

$$
