000
CDAK47 PAJK 021207
CLIJNU
AKZ025-030000-
NATIONAL WEATHER SERVICE JUNEAU, AK
406 AM AKDT WED SEP 2 2015


...................................

...THE JUNEAU CLIMATE SUMMARY FOR SEPTEMBER 1 2015...

CLIMATE NORMAL PERIOD 1981 TO 2010
CLIMATE RECORD PERIOD 1936 TO 2015


WEATHER ITEM   OBSERVED TIME   RECORD YEAR NORMAL DEPARTURE LAST
                VALUE   (LST)  VALUE       VALUE  FROM      YEAR
                                                  NORMAL
..................................................................
TEMPERATURE (F)
 YESTERDAY
  MAXIMUM         60    224 PM  70    1974  60      0       56
  MINIMUM         39   1151 PM  29    1941  46     -7       45
  AVERAGE         50                        53     -3       51

PRECIPITATION (IN)
  YESTERDAY        0.00          1.89 2006   0.25  -0.25     0.77
  MONTH TO DATE    0.00                      0.25  -0.25     0.77
  SINCE SEP 1      0.00                      0.25  -0.25     0.77
  SINCE JAN 1     51.80                     33.42  18.38    44.96

DEGREE DAYS
 HEATING
  YESTERDAY       15                        12      3       14
  MONTH TO DATE   15                        12      3       14
  SINCE SEP 1     15                        12      3       14
  SINCE JUL 1    494                       547    -53      490

 COOLING
  YESTERDAY        0                         0      0        0
  MONTH TO DATE    0                         0      0        0
  SINCE SEP 1      0                         0      0        0
  SINCE JAN 1      8                         2      6        0
..................................................................


WIND (MPH)
  HIGHEST WIND SPEED    20   HIGHEST WIND DIRECTION     E (90)
  HIGHEST GUST SPEED    24   HIGHEST GUST DIRECTION     E (90)
  AVERAGE WIND SPEED     4.2


SKY COVER
  AVERAGE SKY COVER 0.6


WEATHER CONDITIONS
 THE FOLLOWING WEATHER WAS RECORDED YESTERDAY.
  FOG
  FOG W/VISIBILITY <= 1/4 MILE


RELATIVE HUMIDITY (PERCENT)
 HIGHEST   100          1200 AM
 LOWEST     36          1200 PM
 AVERAGE    68

..........................................................


THE JUNEAU CLIMATE NORMALS FOR TODAY
                         NORMAL    RECORD    YEAR
 MAXIMUM TEMPERATURE (F)   59        71      1942
                                             1974
 MINIMUM TEMPERATURE (F)   46        30      1981


SUNRISE AND SUNSET
SEPTEMBER  2 2015.....SUNRISE   559 AM AKDT  SUNSET   755 PM AKDT
SEPTEMBER  3 2015.....SUNRISE   602 AM AKDT  SUNSET   752 PM AKDT


-  INDICATES NEGATIVE NUMBERS.
R  INDICATES RECORD WAS SET OR TIED.
MM INDICATES DATA IS MISSING.
T  INDICATES TRACE AMOUNT.




$$

&&
----------------------------
AMOUNT OF DAYLIGHT TODAY  (HOUR:MIN)........13:56
GAIN/LOSS SINCE YESTERDAY (HOUR:MIN:SEC)....-0:05:00
