000
CDUS43 KGRR 112124
CLIJXN


CLIMATE REPORT
NATIONAL WEATHER SERVICE GRAND RAPIDS, MI
523 PM EDT FRI JUL 11 2014


...................................

...THE JACKSON MI CLIMATE SUMMARY FOR JULY 11 2014...
VALID TODAY AS OF 0500 PM LOCAL TIME.

CLIMATE NORMAL PERIOD 1981 TO 2010
CLIMATE RECORD PERIOD 9999 TO 9999


WEATHER ITEM   OBSERVED TIME   RECORD YEAR NORMAL DEPARTURE LAST
                VALUE   (LST)  VALUE       VALUE  FROM      YEAR
                                                  NORMAL
..................................................................
TEMPERATURE (F)
 TODAY
  MAXIMUM         80    307 PM  MM      MM  83     -3       79
  MINIMUM         54    553 AM  MM      MM  60     -6       54
  AVERAGE         67                        71     -4       67

PRECIPITATION (IN)
  TODAY            0.00         MM      MM   0.11  -0.11     0.00
  MONTH TO DATE    2.48                      1.19   1.29     0.16
  SINCE JUN 1      7.24                      4.46   2.78     4.78
  SINCE JAN 1     19.57                     15.06   4.51    17.40

DEGREE DAYS
 HEATING
  TODAY            0                         0      0        0
  MONTH TO DATE    6                         1      5        1
  SINCE JUN 1     37                        56    -19       58
  SINCE JUL 1      6                         1      5        1

 COOLING
  TODAY            2                         7     -5        2
  MONTH TO DATE   36                        75    -39       76
  SINCE JUN 1    177                       201    -24      193
  SINCE JAN 1    211                       238    -27      260
..................................................................


WIND (MPH)
  RESULTANT WIND SPEED   2   RESULTANT WIND DIRECTION   S (170)
  HIGHEST WIND SPEED    12   HIGHEST WIND DIRECTION     S (160)
  HIGHEST GUST SPEED    15   HIGHEST GUST DIRECTION     S (180)
  AVERAGE WIND SPEED     2.4



WEATHER CONDITIONS
 THE FOLLOWING WEATHER WAS RECORDED TODAY.
  NO SIGNIFICANT WEATHER WAS OBSERVED.


RELATIVE HUMIDITY (PERCENT)
 HIGHEST    93           200 AM
 LOWEST     45           200 PM
 AVERAGE    69

..........................................................




SUNRISE AND SUNSET
JULY 11 2014..........SUNRISE   612 AM EDT   SUNSET   915 PM EDT
JULY 12 2014..........SUNRISE   612 AM EDT   SUNSET   914 PM EDT


-  INDICATES NEGATIVE NUMBERS.
R  INDICATES RECORD WAS SET OR TIED.
MM INDICATES DATA IS MISSING.
T  INDICATES TRACE AMOUNT.




$$
