000
CDUS43 KGRR 190516
CLIJXN


CLIMATE REPORT
NATIONAL WEATHER SERVICE GRAND RAPIDS, MI
116 AM EDT THU OCT 19 2017


...................................

...THE JACKSON MI CLIMATE SUMMARY FOR OCTOBER 18 2017...

CLIMATE NORMAL PERIOD 1981 TO 2010
CLIMATE RECORD PERIOD 1944 TO 9999


WEATHER ITEM   OBSERVED TIME   NORMAL DEPARTURE LAST
                VALUE   (LST)  VALUE  FROM      YEAR
                                      NORMAL
......................................................
TEMPERATURE (F)
 YESTERDAY
  MAXIMUM         68    303 PM  60      8       75
  MINIMUM         46    431 AM  40      6       53
  AVERAGE         57            50      7       64

PRECIPITATION (IN)
  YESTERDAY        0.00          0.08  -0.08     0.00
  MONTH TO DATE    6.05          1.62   4.43     2.19
  SINCE SEP 1      6.78          5.10   1.68     5.73
  SINCE JAN 1     29.84         26.02   3.82    32.04

DEGREE DAYS
 HEATING
  YESTERDAY        8            15     -7        1
  MONTH TO DATE   99           233   -134      122
  SINCE SEP 1    208           386   -178      166
  SINCE JUL 1    235           421   -186      170

 COOLING
  YESTERDAY        0             0      0        0
  MONTH TO DATE   15             3     12       14
  SINCE SEP 1    128            60     68      101
  SINCE JAN 1    655           589     66      829
......................................................


WIND (MPH)
  RESULTANT WIND SPEED  10   RESULTANT WIND DIRECTION   S (190)
  HIGHEST WIND SPEED    21   HIGHEST WIND DIRECTION     S (200)
  HIGHEST GUST SPEED    26   HIGHEST GUST DIRECTION     S (180)
  AVERAGE WIND SPEED    10.5


SKY COVER
  AVERAGE SKY COVER 0.0


WEATHER CONDITIONS
 THE FOLLOWING WEATHER WAS RECORDED YESTERDAY.
  NO SIGNIFICANT WEATHER WAS OBSERVED.


RELATIVE HUMIDITY (PERCENT)
 HIGHEST    71           400 AM
 LOWEST     34           500 PM
 AVERAGE    53

..........................................................


THE JACKSON MI CLIMATE NORMALS FOR TODAY
                         NORMAL
 MAXIMUM TEMPERATURE (F)   59
 MINIMUM TEMPERATURE (F)   39


SUNRISE AND SUNSET
OCTOBER 19 2017.......SUNRISE   756 AM EDT   SUNSET   649 PM EDT
OCTOBER 20 2017.......SUNRISE   757 AM EDT   SUNSET   648 PM EDT


-  INDICATES NEGATIVE NUMBERS.
R  INDICATES RECORD WAS SET OR TIED.
MM INDICATES DATA IS MISSING.
T  INDICATES TRACE AMOUNT.




$$
