000
CDUS43 KGRR 281438
CLIJXN


CLIMATE REPORT
NATIONAL WEATHER SERVICE GRAND RAPIDS, MI
937 AM EST SAT FEB 28 2015


...................................

...THE JACKSON MI CLIMATE SUMMARY FOR FEBRUARY 28 2015...
VALID AS OF 0900 AM LOCAL TIME.

CLIMATE NORMAL PERIOD 1981 TO 2010
CLIMATE RECORD PERIOD 1944 TO 9999


WEATHER ITEM   OBSERVED TIME   RECORD YEAR NORMAL DEPARTURE LAST
                VALUE   (LST)  VALUE       VALUE  FROM      YEAR
                                                  NORMAL
..................................................................
TEMPERATURE (F)
 TODAY
  MAXIMUM          4   1220 AM  MM      MM  38    -34       17
  MINIMUM         -8    749 AM  MM      MM  21    -29      -11
  AVERAGE         -2                        30    -32        3

PRECIPITATION (IN)
  TODAY            0.00         MM      MM   0.06  -0.06     0.00
  MONTH TO DATE    1.01                      1.29  -0.28     2.38
  SINCE DEC 1      3.48                      4.65  -1.17     6.20
  SINCE JAN 1      2.08                      2.78  -0.70     4.28

DEGREE DAYS
 HEATING
  TODAY           67                        35     32       62
  MONTH TO DATE 1510                      1083    427     1337
  SINCE DEC 1   3901                      3510    391     4093

 COOLING
  TODAY            0                         0      0        0
  MONTH TO DATE    0                         0      0        0
  SINCE DEC 1      0                         0      0        0
..................................................................


WIND (MPH)
  HIGHEST WIND SPEED     7   HIGHEST WIND DIRECTION    SW (220)
  HIGHEST GUST SPEED     7   HIGHEST GUST DIRECTION    SW (220)



WEATHER CONDITIONS
 THE FOLLOWING WEATHER WAS RECORDED TODAY.
  FOG
  HAZE


..........................................................




SUNRISE AND SUNSET
FEBRUARY 28 2015......SUNRISE   715 AM EST   SUNSET   626 PM EST
MARCH  1 2015.........SUNRISE   714 AM EST   SUNSET   628 PM EST


-  INDICATES NEGATIVE NUMBERS.
R  INDICATES RECORD WAS SET OR TIED.
MM INDICATES DATA IS MISSING.
T  INDICATES TRACE AMOUNT.




$$

JAM
