000
CDUS43 KGRR 280525
CLIJXN


CLIMATE REPORT
NATIONAL WEATHER SERVICE GRAND RAPIDS, MI
1223 AM EST SUN DEC 28 2014


...................................

...THE JACKSON MI CLIMATE SUMMARY FOR DECEMBER 27 2014...

CLIMATE NORMAL PERIOD 1981 TO 2010
CLIMATE RECORD PERIOD 1944 TO 9999


WEATHER ITEM   OBSERVED TIME   NORMAL DEPARTURE LAST
                VALUE   (LST)  VALUE  FROM      YEAR
                                      NORMAL
......................................................
TEMPERATURE (F)
 YESTERDAY
  MAXIMUM         48    543 PM  32     16       39
  MINIMUM         35   1159 PM  19     16       28
  AVERAGE         42            25     17       34

PRECIPITATION (IN)
  YESTERDAY        0.07          0.06   0.01      T
  MONTH TO DATE    1.40          1.64  -0.24     1.87
  SINCE DEC 1      1.40          1.64  -0.24     1.87
  SINCE JAN 1     29.57         31.27  -1.70    32.87

DEGREE DAYS
 HEATING
  YESTERDAY       23            40    -17       31
  MONTH TO DATE  849           982   -133     1056
  SINCE DEC 1    849           982   -133     1056
  SINCE JUL 1   2460          2386     74     2527

 COOLING
  YESTERDAY        0             0      0        0
  MONTH TO DATE    0             0      0        0
  SINCE DEC 1      0             0      0        0
  SINCE JAN 1    496           592    -96      616
......................................................


WIND (MPH)
  RESULTANT WIND SPEED  10   RESULTANT WIND DIRECTION  SW (220)
  HIGHEST WIND SPEED    21   HIGHEST WIND DIRECTION     W (290)
  HIGHEST GUST SPEED    33   HIGHEST GUST DIRECTION     W (280)
  AVERAGE WIND SPEED    11.2


SKY COVER
  AVERAGE SKY COVER 1.0


WEATHER CONDITIONS
 THE FOLLOWING WEATHER WAS RECORDED YESTERDAY.
  LIGHT RAIN
  FOG


RELATIVE HUMIDITY (PERCENT)
 HIGHEST    93           200 PM
 LOWEST     82           800 PM
 AVERAGE    88

..........................................................


THE JACKSON MI CLIMATE NORMALS FOR TODAY
                         NORMAL
 MAXIMUM TEMPERATURE (F)   32
 MINIMUM TEMPERATURE (F)   18


SUNRISE AND SUNSET
DECEMBER 28 2014......SUNRISE   806 AM EST   SUNSET   513 PM EST
DECEMBER 29 2014......SUNRISE   806 AM EST   SUNSET   514 PM EST


-  INDICATES NEGATIVE NUMBERS.
R  INDICATES RECORD WAS SET OR TIED.
MM INDICATES DATA IS MISSING.
T  INDICATES TRACE AMOUNT.




$$
