000
CDUS43 KGRR 280515
CLIJXN


CLIMATE REPORT
NATIONAL WEATHER SERVICE GRAND RAPIDS, MI
1212 AM EST WED JAN 28 2015


...................................

...THE JACKSON MI CLIMATE SUMMARY FOR JANUARY 27 2015...

CLIMATE NORMAL PERIOD 1981 TO 2010
CLIMATE RECORD PERIOD 1944 TO 9999


WEATHER ITEM   OBSERVED TIME   NORMAL DEPARTURE LAST
                VALUE   (LST)  VALUE  FROM      YEAR
                                      NORMAL
......................................................
TEMPERATURE (F)
 YESTERDAY
  MAXIMUM         27    359 PM  31     -4       18
  MINIMUM          9   1159 PM  16     -7       -7
  AVERAGE         18            24     -6        6

PRECIPITATION (IN)
  YESTERDAY        0.00          0.04  -0.04     0.05
  MONTH TO DATE    0.98          1.34  -0.36     1.89
  SINCE DEC 1      2.38          3.21  -0.83     3.81
  SINCE JAN 1      0.98          1.34  -0.36     1.89

DEGREE DAYS
 HEATING
  YESTERDAY       47            41      6       59
  MONTH TO DATE 1202          1122     80     1338
  SINCE DEC 1   2221          2266    -45     2547
  SINCE JUL 1   3832          3670    162     4018

 COOLING
  YESTERDAY        0             0      0        0
  MONTH TO DATE    0             0      0        0
  SINCE DEC 1      0             0      0        0
  SINCE JAN 1      0             0      0        0
......................................................


WIND (MPH)
  RESULTANT WIND SPEED   4   RESULTANT WIND DIRECTION   N (20)
  HIGHEST WIND SPEED    14   HIGHEST WIND DIRECTION     N (340)
  HIGHEST GUST SPEED    18   HIGHEST GUST DIRECTION    NW (330)
  AVERAGE WIND SPEED     4.8


SKY COVER
  AVERAGE SKY COVER 0.3


WEATHER CONDITIONS
 THE FOLLOWING WEATHER WAS RECORDED YESTERDAY.
  NO SIGNIFICANT WEATHER WAS OBSERVED.


RELATIVE HUMIDITY (PERCENT)
 HIGHEST    88           800 AM
 LOWEST     50           300 PM
 AVERAGE    69

..........................................................


THE JACKSON MI CLIMATE NORMALS FOR TODAY
                         NORMAL
 MAXIMUM TEMPERATURE (F)   31
 MINIMUM TEMPERATURE (F)   16


SUNRISE AND SUNSET
JANUARY 28 2015.......SUNRISE   755 AM EST   SUNSET   547 PM EST
JANUARY 29 2015.......SUNRISE   754 AM EST   SUNSET   548 PM EST


-  INDICATES NEGATIVE NUMBERS.
R  INDICATES RECORD WAS SET OR TIED.
MM INDICATES DATA IS MISSING.
T  INDICATES TRACE AMOUNT.




$$

63
