000
CDUS43 KGRR 170516
CLIJXN


CLIMATE REPORT
NATIONAL WEATHER SERVICE GRAND RAPIDS, MI
116 AM EDT WED SEP 17 2014


...................................

...THE JACKSON MI CLIMATE SUMMARY FOR SEPTEMBER 16 2014...

CLIMATE NORMAL PERIOD 1981 TO 2010
CLIMATE RECORD PERIOD 1944 TO 9999


WEATHER ITEM   OBSERVED TIME   NORMAL DEPARTURE LAST
                VALUE   (LST)  VALUE  FROM      YEAR
                                      NORMAL
......................................................
TEMPERATURE (F)
 YESTERDAY
  MAXIMUM         66    315 PM  73     -7       63
  MINIMUM         43   1159 PM  51     -8       44
  AVERAGE         55            62     -7       54

PRECIPITATION (IN)
  YESTERDAY        0.00          0.12  -0.12     0.02
  MONTH TO DATE    1.41          1.82  -0.41     2.22
  SINCE SEP 1      1.41          1.82  -0.41     2.22
  SINCE JAN 1     24.42         22.74   1.68    26.77

DEGREE DAYS
 HEATING
  YESTERDAY       10             5      5       11
  MONTH TO DATE   76            49     27       57
  SINCE SEP 1     76            49     27       57
  SINCE JUL 1    118            84     34      105

 COOLING
  YESTERDAY        0             2     -2        0
  MONTH TO DATE   49            43      6       55
  SINCE SEP 1     49            43      6       55
  SINCE JAN 1    495           572    -77      595
......................................................


WIND (MPH)
  RESULTANT WIND SPEED   0   RESULTANT WIND DIRECTION  NE (40)
  HIGHEST WIND SPEED    10   HIGHEST WIND DIRECTION     W (250)
  HIGHEST GUST SPEED    14   HIGHEST GUST DIRECTION    SW (240)
  AVERAGE WIND SPEED     2.7


SKY COVER
  AVERAGE SKY COVER 0.5


WEATHER CONDITIONS
 THE FOLLOWING WEATHER WAS RECORDED YESTERDAY.
  FOG


RELATIVE HUMIDITY (PERCENT)
 HIGHEST   100           400 AM
 LOWEST     43           100 PM
 AVERAGE    72

..........................................................


THE JACKSON MI CLIMATE NORMALS FOR TODAY
                         NORMAL
 MAXIMUM TEMPERATURE (F)   72
 MINIMUM TEMPERATURE (F)   50


SUNRISE AND SUNSET
SEPTEMBER 17 2014.....SUNRISE   720 AM EDT   SUNSET   744 PM EDT
SEPTEMBER 18 2014.....SUNRISE   721 AM EDT   SUNSET   742 PM EDT


-  INDICATES NEGATIVE NUMBERS.
R  INDICATES RECORD WAS SET OR TIED.
MM INDICATES DATA IS MISSING.
T  INDICATES TRACE AMOUNT.




$$
