000
CDUS43 KIND 270531
CLILAF


CLIMATE REPORT
NATIONAL WEATHER SERVICE INDIANAPOLIS IN
131 AM EDT THU APR 27 2017


...................................

...THE LAFAYETTE IN CLIMATE SUMMARY FOR APRIL 26 2017...

CLIMATE NORMAL PERIOD 1981 TO 2010
CLIMATE RECORD PERIOD 9999 TO 9999


WEATHER ITEM   OBSERVED TIME   NORMAL DEPARTURE LAST
                VALUE   (LST)  VALUE  FROM      YEAR
                                      NORMAL
......................................................
TEMPERATURE (F)
 YESTERDAY
  MAXIMUM         82    234 PM  67     15       72
  MINIMUM         59   1159 PM  44     15       54
  AVERAGE         71            55     16       63

PRECIPITATION (IN)
  YESTERDAY        T             0.12  -0.12     0.01
  MONTH TO DATE    2.30          3.02  -0.72     2.04
  SINCE MAR 1      5.97          5.69   0.28     6.33
  SINCE JAN 1     10.87          9.31   1.56     9.06

DEGREE DAYS
 HEATING
  YESTERDAY        0            10    -10        2
  MONTH TO DATE  239           368   -129      382
  SINCE MAR 1    963          1119   -156      954
  SINCE JUL 1   4651          5453   -802     4762

 COOLING
  YESTERDAY        6             1      5        0
  MONTH TO DATE   13             8      5        2
  SINCE MAR 1     14             9      5        2
  SINCE JAN 1     14             9      5        2
......................................................


WIND (MPH)
  HIGHEST WIND SPEED    22   HIGHEST WIND DIRECTION     S (200)
  HIGHEST GUST SPEED    31   HIGHEST GUST DIRECTION     S (180)
  AVERAGE WIND SPEED     9.3


SKY COVER
  AVERAGE SKY COVER 0.2


WEATHER CONDITIONS
 THE FOLLOWING WEATHER WAS RECORDED YESTERDAY.
  THUNDERSTORM
  HEAVY RAIN
  LIGHT RAIN
  FOG


RELATIVE HUMIDITY (PERCENT)
 HIGHEST   100          1000 PM
 LOWEST     42           100 PM
 AVERAGE    71

..........................................................


THE LAFAYETTE IN CLIMATE NORMALS FOR TODAY
                         NORMAL
 MAXIMUM TEMPERATURE (F)   67
 MINIMUM TEMPERATURE (F)   44


SUNRISE AND SUNSET
APRIL 27 2017.........SUNRISE   652 AM EDT   SUNSET   839 PM EDT
APRIL 28 2017.........SUNRISE   651 AM EDT   SUNSET   840 PM EDT


-  INDICATES NEGATIVE NUMBERS.
R  INDICATES RECORD WAS SET OR TIED.
MM INDICATES DATA IS MISSING.
T  INDICATES TRACE AMOUNT.




$$
