000
CDUS43 KIND 260532
CLILAF


CLIMATE REPORT
NATIONAL WEATHER SERVICE INDIANAPOLIS IN
131 AM EDT THU MAY 26 2016


...................................

...THE LAFAYETTE IN CLIMATE SUMMARY FOR MAY 25 2016...

CLIMATE NORMAL PERIOD 1981 TO 2010
CLIMATE RECORD PERIOD 9999 TO 9999


WEATHER ITEM   OBSERVED TIME   NORMAL DEPARTURE LAST
                VALUE   (LST)  VALUE  FROM      YEAR
                                      NORMAL
......................................................
TEMPERATURE (F)
 YESTERDAY
  MAXIMUM         84    332 PM  76      8       80
  MINIMUM         61    545 AM  54      7       68
  AVERAGE         73            65      8       74

PRECIPITATION (IN)
  YESTERDAY        0.00          0.14  -0.14      T
  MONTH TO DATE    1.76          3.35  -1.59     2.97
  SINCE MAR 1      9.19          9.56  -0.37     6.05
  SINCE JAN 1     11.92         13.18  -1.26     7.78

DEGREE DAYS
 HEATING
  YESTERDAY        0             3     -3        0
  MONTH TO DATE  208           144     64      109
  SINCE MAR 1   1211          1300    -89     1396
  SINCE JUL 1   5019          5634   -615     6474

 COOLING
  YESTERDAY        8             3      5        9
  MONTH TO DATE   14            44    -30       65
  SINCE MAR 1     16            57    -41       67
  SINCE JAN 1     16            57    -41       67
......................................................


WIND (MPH)
  HIGHEST WIND SPEED    17   HIGHEST WIND DIRECTION     S (180)
  HIGHEST GUST SPEED    24   HIGHEST GUST DIRECTION     S (190)
  AVERAGE WIND SPEED     6.9


SKY COVER
  AVERAGE SKY COVER 0.1


WEATHER CONDITIONS
 THE FOLLOWING WEATHER WAS RECORDED YESTERDAY.
  NO SIGNIFICANT WEATHER WAS OBSERVED.


RELATIVE HUMIDITY (PERCENT)
 HIGHEST    78           200 AM
 LOWEST     47           100 PM
 AVERAGE    63

..........................................................


THE LAFAYETTE IN CLIMATE NORMALS FOR TODAY
                         NORMAL
 MAXIMUM TEMPERATURE (F)   76
 MINIMUM TEMPERATURE (F)   54


SUNRISE AND SUNSET
MAY 26 2016...........SUNRISE   623 AM EDT   SUNSET   908 PM EDT
MAY 27 2016...........SUNRISE   622 AM EDT   SUNSET   908 PM EDT


-  INDICATES NEGATIVE NUMBERS.
R  INDICATES RECORD WAS SET OR TIED.
MM INDICATES DATA IS MISSING.
T  INDICATES TRACE AMOUNT.




$$
