920
CDUS43 KIND 200535
CLILAF


CLIMATE REPORT
NATIONAL WEATHER SERVICE INDIANAPOLIS IN
1235 AM EST TUE FEB 20 2018


...................................

...THE LAFAYETTE IN CLIMATE SUMMARY FOR FEBRUARY 19 2018...

CLIMATE NORMAL PERIOD 1981 TO 2010
CLIMATE RECORD PERIOD 9999 TO 9999


WEATHER ITEM   OBSERVED TIME   NORMAL DEPARTURE LAST
                VALUE   (LST)  VALUE  FROM      YEAR
                                      NORMAL
......................................................
TEMPERATURE (F)
 YESTERDAY
  MAXIMUM         62   1159 PM  40     22       64
  MINIMUM         43    322 AM  23     20       41
  AVERAGE         53            32     21       53

PRECIPITATION (IN)
  YESTERDAY        1.49          0.06   1.43     0.00
  MONTH TO DATE    2.10          1.11   0.99     0.71
  SINCE DEC 1      4.02          5.48  -1.46     6.27
  SINCE JAN 1      3.31          2.97   0.34     4.71

DEGREE DAYS
 HEATING
  YESTERDAY       12            33    -21       12
  MONTH TO DATE  721           679     42      540
  SINCE DEC 1   3201          2946    255     2691
  SINCE JUL 1   4246          4047    199     3537

 COOLING
  YESTERDAY        0             0      0        0
  MONTH TO DATE    0             0      0        0
  SINCE DEC 1      0             0      0        0
  SINCE JAN 1      0             0      0        0
......................................................


WIND (MPH)
  HIGHEST WIND SPEED    22   HIGHEST WIND DIRECTION    SW (210)
  HIGHEST GUST SPEED    37   HIGHEST GUST DIRECTION    SW (210)
  AVERAGE WIND SPEED    10.4


SKY COVER
  AVERAGE SKY COVER 1.0


WEATHER CONDITIONS
 THE FOLLOWING WEATHER WAS RECORDED YESTERDAY.
  THUNDERSTORM
  HEAVY RAIN
  RAIN
  LIGHT RAIN
  FOG


RELATIVE HUMIDITY (PERCENT)
 HIGHEST   100           800 AM
 LOWEST     70          1200 AM
 AVERAGE    85

..........................................................


THE LAFAYETTE IN CLIMATE NORMALS FOR TODAY
                         NORMAL
 MAXIMUM TEMPERATURE (F)   40
 MINIMUM TEMPERATURE (F)   24


SUNRISE AND SUNSET
FEBRUARY 20 2018......SUNRISE   734 AM EST   SUNSET   629 PM EST
FEBRUARY 21 2018......SUNRISE   733 AM EST   SUNSET   630 PM EST


-  INDICATES NEGATIVE NUMBERS.
R  INDICATES RECORD WAS SET OR TIED.
MM INDICATES DATA IS MISSING.
T  INDICATES TRACE AMOUNT.




$$
