000
CDUS43 KIND 050533
CLILAF


CLIMATE REPORT
NATIONAL WEATHER SERVICE INDIANAPOLIS IN
132 AM EDT THU MAY 5 2016


...................................

...THE LAFAYETTE IN CLIMATE SUMMARY FOR MAY 4 2016...

CLIMATE NORMAL PERIOD 1981 TO 2010
CLIMATE RECORD PERIOD 9999 TO 9999


WEATHER ITEM   OBSERVED TIME   NORMAL DEPARTURE LAST
                VALUE   (LST)  VALUE  FROM      YEAR
                                      NORMAL
......................................................
TEMPERATURE (F)
 YESTERDAY
  MAXIMUM         54    253 PM  69    -15       71
  MINIMUM         42   1159 PM  47     -5       57
  AVERAGE         48            58    -10       64

PRECIPITATION (IN)
  YESTERDAY        0.18          0.13   0.05     0.36
  MONTH TO DATE    0.21          0.51  -0.30     0.36
  SINCE MAR 1      7.64          6.72   0.92     3.44
  SINCE JAN 1     10.37         10.34   0.03     5.17

DEGREE DAYS
 HEATING
  YESTERDAY       17             8      9        1
  MONTH TO DATE   45            33     12       22
  SINCE MAR 1   1048          1189   -141     1309
  SINCE JUL 1   4856          5523   -667     6387

 COOLING
  YESTERDAY        0             1     -1        0
  MONTH TO DATE    0             4     -4        0
  SINCE MAR 1      2            17    -15        2
  SINCE JAN 1      2            17    -15        2
......................................................


WIND (MPH)
  HIGHEST WIND SPEED    23   HIGHEST WIND DIRECTION     N (340)
  HIGHEST GUST SPEED    29   HIGHEST GUST DIRECTION     N (340)
  AVERAGE WIND SPEED    12.2


SKY COVER
  AVERAGE SKY COVER 0.9


WEATHER CONDITIONS
 THE FOLLOWING WEATHER WAS RECORDED YESTERDAY.
  RAIN
  LIGHT RAIN
  FOG


RELATIVE HUMIDITY (PERCENT)
 HIGHEST    93           600 AM
 LOWEST     59           200 PM
 AVERAGE    76

..........................................................


THE LAFAYETTE IN CLIMATE NORMALS FOR TODAY
                         NORMAL
 MAXIMUM TEMPERATURE (F)   70
 MINIMUM TEMPERATURE (F)   47


SUNRISE AND SUNSET
MAY  5 2016...........SUNRISE   641 AM EDT   SUNSET   848 PM EDT
MAY  6 2016...........SUNRISE   640 AM EDT   SUNSET   849 PM EDT


-  INDICATES NEGATIVE NUMBERS.
R  INDICATES RECORD WAS SET OR TIED.
MM INDICATES DATA IS MISSING.
T  INDICATES TRACE AMOUNT.




$$
