000
CDUS43 KIND 230531
CLILAF


CLIMATE REPORT
NATIONAL WEATHER SERVICE INDIANAPOLIS IN
131 AM EDT TUE SEP 23 2014


...................................

...THE LAFAYETTE IN CLIMATE SUMMARY FOR SEPTEMBER 22 2014...

CLIMATE NORMAL PERIOD 1981 TO 2010
CLIMATE RECORD PERIOD 9999 TO 9999


WEATHER ITEM   OBSERVED TIME   NORMAL DEPARTURE LAST
                VALUE   (LST)  VALUE  FROM      YEAR
                                      NORMAL
......................................................
TEMPERATURE (F)
 YESTERDAY
  MAXIMUM         66    510 PM  75     -9       69
  MINIMUM         42    644 AM  52    -10       44
  AVERAGE         54            64    -10       57

PRECIPITATION (IN)
  YESTERDAY        0.00          0.09  -0.09     0.00
  MONTH TO DATE    4.80          1.95   2.85     3.66
  SINCE SEP 1      4.80          1.95   2.85     3.66
  SINCE JAN 1     30.12         27.50   2.62    31.29

DEGREE DAYS
 HEATING
  YESTERDAY       11             4      7        8
  MONTH TO DATE  106            38     68       43
  SINCE SEP 1    106            38     68       43
  SINCE JUL 1    130            44     86       63

 COOLING
  YESTERDAY        0             2     -2        0
  MONTH TO DATE   57            98    -41      126
  SINCE SEP 1     57            98    -41      126
  SINCE JAN 1    733           950   -217      852
......................................................


WIND (MPH)
  HIGHEST WIND SPEED    12   HIGHEST WIND DIRECTION    NE (30)
  HIGHEST GUST SPEED    16   HIGHEST GUST DIRECTION    NE (30)
  AVERAGE WIND SPEED     3.4


SKY COVER
  AVERAGE SKY COVER 0.1


WEATHER CONDITIONS
 THE FOLLOWING WEATHER WAS RECORDED YESTERDAY.
  NO SIGNIFICANT WEATHER WAS OBSERVED.


RELATIVE HUMIDITY (PERCENT)
 HIGHEST   100           200 AM
 LOWEST     44           500 PM
 AVERAGE    72

..........................................................


THE LAFAYETTE IN CLIMATE NORMALS FOR TODAY
                         NORMAL
 MAXIMUM TEMPERATURE (F)   75
 MINIMUM TEMPERATURE (F)   51


SUNRISE AND SUNSET
SEPTEMBER 23 2014.....SUNRISE   736 AM EDT   SUNSET   743 PM EDT
SEPTEMBER 24 2014.....SUNRISE   737 AM EDT   SUNSET   742 PM EDT


-  INDICATES NEGATIVE NUMBERS.
R  INDICATES RECORD WAS SET OR TIED.
MM INDICATES DATA IS MISSING.
T  INDICATES TRACE AMOUNT.




$$
