000
CDUS43 KIND 170532
CLILAF


CLIMATE REPORT
NATIONAL WEATHER SERVICE INDIANAPOLIS IN
1231 AM EST TUE JAN 17 2017


...................................

...THE LAFAYETTE IN CLIMATE SUMMARY FOR JANUARY 16 2017...

CLIMATE NORMAL PERIOD 1981 TO 2010
CLIMATE RECORD PERIOD 9999 TO 9999


WEATHER ITEM   OBSERVED TIME   NORMAL DEPARTURE LAST
                VALUE   (LST)  VALUE  FROM      YEAR
                                      NORMAL
......................................................
TEMPERATURE (F)
 YESTERDAY
  MAXIMUM         51   1159 PM  34     17       31
  MINIMUM         32    121 AM  19     13       23
  AVERAGE         42            26     16       27

PRECIPITATION (IN)
  YESTERDAY        0.79          0.06   0.73      T
  MONTH TO DATE    2.26          1.01   1.25     0.96
  SINCE DEC 1      3.82          3.52   0.30     7.72
  SINCE JAN 1      2.26          1.01   1.25     0.96

DEGREE DAYS
 HEATING
  YESTERDAY       23            39    -16       38
  MONTH TO DATE  602           620    -18      582
  SINCE DEC 1   1740          1694     46     1314
  SINCE JUL 1   2586          2795   -209     2263

 COOLING
  YESTERDAY        0             0      0        0
  MONTH TO DATE    0             0      0        0
  SINCE DEC 1      0             0      0        0
  SINCE JAN 1      0             0      0        0
......................................................


WIND (MPH)
  HIGHEST WIND SPEED    12   HIGHEST WIND DIRECTION    SE (150)
  HIGHEST GUST SPEED    15   HIGHEST GUST DIRECTION    SE (150)
  AVERAGE WIND SPEED     6.1


SKY COVER
  AVERAGE SKY COVER 1.0


WEATHER CONDITIONS
 THE FOLLOWING WEATHER WAS RECORDED YESTERDAY.
  HEAVY RAIN
  RAIN
  LIGHT RAIN
  FOG


RELATIVE HUMIDITY (PERCENT)
 HIGHEST   100           700 AM
 LOWEST     82          1200 AM
 AVERAGE    91

..........................................................


THE LAFAYETTE IN CLIMATE NORMALS FOR TODAY
                         NORMAL
 MAXIMUM TEMPERATURE (F)   34
 MINIMUM TEMPERATURE (F)   19


SUNRISE AND SUNSET
JANUARY 17 2017.......SUNRISE   808 AM EST   SUNSET   548 PM EST
JANUARY 18 2017.......SUNRISE   807 AM EST   SUNSET   550 PM EST


-  INDICATES NEGATIVE NUMBERS.
R  INDICATES RECORD WAS SET OR TIED.
MM INDICATES DATA IS MISSING.
T  INDICATES TRACE AMOUNT.




$$
