000
CDUS43 KIND 192034
CLILAF


CLIMATE REPORT
NATIONAL WEATHER SERVICE INDIANAPOLIS IN
434 PM EDT SUN OCT 19 2014


...................................

...THE LAFAYETTE IN CLIMATE SUMMARY FOR OCTOBER 19 2014...
VALID TODAY AS OF 0400 PM LOCAL TIME.

CLIMATE NORMAL PERIOD 1981 TO 2010
CLIMATE RECORD PERIOD 9999 TO 9999


WEATHER ITEM   OBSERVED TIME   NORMAL DEPARTURE LAST
                VALUE   (LST)  VALUE  FROM      YEAR
                                      NORMAL
......................................................
TEMPERATURE (F)
 TODAY
  MAXIMUM         54    259 PM  64    -10       54
  MINIMUM         33    730 AM  43    -10       40
  AVERAGE         44            53     -9       47

PRECIPITATION (IN)
  TODAY            0.00          0.09  -0.09     0.21
  MONTH TO DATE    5.19          1.78   3.41     2.09
  SINCE SEP 1      9.99          4.44   5.55     6.02
  SINCE JAN 1     35.31         29.99   5.32    33.65

......................................................


WIND (MPH)
  HIGHEST WIND SPEED    12   HIGHEST WIND DIRECTION     S (200)
  HIGHEST GUST SPEED    16   HIGHEST GUST DIRECTION    SW (210)
  AVERAGE WIND SPEED     4.9


SKY COVER
  AVERAGE SKY COVER 0.4


WEATHER CONDITIONS
 THE FOLLOWING WEATHER WAS RECORDED TODAY.
  FOG
  FOG W/VISIBILITY <= 1/4 MILE


RELATIVE HUMIDITY (PERCENT)
 HIGHEST   100           600 AM
 LOWEST     59           300 PM

..........................................................


THE LAFAYETTE IN CLIMATE NORMALS FOR TOMORROW
                         NORMAL
 MAXIMUM TEMPERATURE (F)   64
 MINIMUM TEMPERATURE (F)   42


SUNRISE AND SUNSET
OCTOBER 19 2014.......SUNRISE   803 AM EDT   SUNSET   702 PM EDT
OCTOBER 20 2014.......SUNRISE   804 AM EDT   SUNSET   700 PM EDT


-  INDICATES NEGATIVE NUMBERS.
R  INDICATES RECORD WAS SET OR TIED.
MM INDICATES DATA IS MISSING.
T  INDICATES TRACE AMOUNT.




$$
