000
CDUS43 KGRR 262230
CLILAN


CLIMATE REPORT
NATIONAL WEATHER SERVICE GRAND RAPIDS, MI
529 PM EST SUN FEB 26 2017


...................................

...THE LANSING MI CLIMATE SUMMARY FOR FEBRUARY 26 2017...
VALID TODAY AS OF 0500 PM LOCAL TIME.

CLIMATE NORMAL PERIOD 1981 TO 2010
CLIMATE RECORD PERIOD 1864 TO 2017


WEATHER ITEM   OBSERVED TIME   RECORD YEAR NORMAL DEPARTURE LAST
                VALUE   (LST)  VALUE       VALUE  FROM      YEAR
                                                  NORMAL
..................................................................
TEMPERATURE (F)
 TODAY
  MAXIMUM         42    459 PM  61    1944  37      5       32
  MINIMUM         21    736 AM -12    1994  21      0       18
                                      1963
  AVERAGE         32                        28      4       25

PRECIPITATION (IN)
  TODAY            T             0.69 1921   0.06  -0.06      T
  MONTH TO DATE    2.18                      1.34   0.84     1.58
  SINCE DEC 1      7.59                      4.86   2.73     5.75
  SINCE JAN 1      5.83                      2.99   2.84     3.03

SNOWFALL (IN)
  TODAY            T             7.0  1921   0.4   -0.4       T
                                      1871
  MONTH TO DATE    2.4                      10.9   -8.5     15.7
  SINCE DEC 1     27.6                      37.7  -10.1     25.4
  SINCE JUL 1     27.6                      41.5  -13.9     33.6
  SNOW DEPTH       0

DEGREE DAYS
 HEATING
  TODAY           33                        36     -3       40
  MONTH TO DATE  778                      1022   -244      964
  SINCE DEC 1   3028                      3448   -420     2972
  SINCE JUL 1   4003                      4862   -859     4080

 COOLING
  TODAY            0                         0      0        0
  MONTH TO DATE    0                         0      0        0
  SINCE DEC 1      0                         0      0        0
  SINCE JAN 1      0                         0      0        0
..................................................................


WIND (MPH)
  RESULTANT WIND SPEED  12   RESULTANT WIND DIRECTION  SW (220)
  HIGHEST WIND SPEED    28   HIGHEST WIND DIRECTION     S (200)
  HIGHEST GUST SPEED    35   HIGHEST GUST DIRECTION    SW (210)
  AVERAGE WIND SPEED    13.7


SKY COVER
  AVERAGE SKY COVER 0.5


WEATHER CONDITIONS
 THE FOLLOWING WEATHER WAS RECORDED TODAY.
  LIGHT SNOW


RELATIVE HUMIDITY (PERCENT)
 HIGHEST    77           400 AM
 LOWEST     39           400 PM
 AVERAGE    58

..........................................................


THE LANSING MI CLIMATE NORMALS FOR TOMORROW
                         NORMAL    RECORD    YEAR
 MAXIMUM TEMPERATURE (F)   37        64      1867
 MINIMUM TEMPERATURE (F)   21       -20      1994


SUNRISE AND SUNSET
FEBRUARY 26 2017......SUNRISE   719 AM EST   SUNSET   624 PM EST
FEBRUARY 27 2017......SUNRISE   717 AM EST   SUNSET   626 PM EST


-  INDICATES NEGATIVE NUMBERS.
R  INDICATES RECORD WAS SET OR TIED.
MM INDICATES DATA IS MISSING.
T  INDICATES TRACE AMOUNT.




$$
