000
CDUS43 KGRR 060520
CLILAN


CLIMATE REPORT
NATIONAL WEATHER SERVICE GRAND RAPIDS, MI
1220 AM EST SAT FEB 6 2016


...................................

...THE LANSING MI CLIMATE SUMMARY FOR FEBRUARY 5 2016...

CLIMATE NORMAL PERIOD 1981 TO 2010
CLIMATE RECORD PERIOD 1864 TO 2016


WEATHER ITEM   OBSERVED TIME   RECORD YEAR NORMAL DEPARTURE LAST
                VALUE   (LST)  VALUE       VALUE  FROM      YEAR
                                                  NORMAL
..................................................................
TEMPERATURE (F)
 YESTERDAY
  MAXIMUM         35    234 PM  61    1890  31      4       17
  MINIMUM         18    135 AM -21    1918  17      1       -6
  AVERAGE         27                        24      3        6

PRECIPITATION (IN)
  YESTERDAY        0.01          1.02 1938   0.04  -0.03     0.00
  MONTH TO DATE    0.63                      0.22   0.41     0.73
  SINCE DEC 1      4.80                      3.74   1.06     3.64
  SINCE JAN 1      2.08                      1.87   0.21     2.08

SNOWFALL (IN)
  YESTERDAY        0.2           5.0  2014   0.4   -0.2      0.0
                                      1896
  MONTH TO DATE    2.5                       2.2    0.3     10.9
  SINCE DEC 1     12.2                      29.0  -16.8     23.6
  SINCE JUL 1     20.4                      32.8  -12.4     29.8
  SNOW DEPTH       2

DEGREE DAYS
 HEATING
  YESTERDAY       38                        41     -3       59
  MONTH TO DATE  168                       205    -37      254
  SINCE DEC 1   2176                      2631   -455     2661
  SINCE JUL 1   3284                      4045   -761     4257

 COOLING
  YESTERDAY        0                         0      0        0
  MONTH TO DATE    0                         0      0        0
  SINCE DEC 1      0                         0      0        0
  SINCE JAN 1      0                         0      0        0
..................................................................


WIND (MPH)
  RESULTANT WIND SPEED   6   RESULTANT WIND DIRECTION  SW (240)
  HIGHEST WIND SPEED    13   HIGHEST WIND DIRECTION     W (270)
  HIGHEST GUST SPEED    16   HIGHEST GUST DIRECTION     W (280)
  AVERAGE WIND SPEED     7.3


SKY COVER
  AVERAGE SKY COVER 0.7


WEATHER CONDITIONS
 THE FOLLOWING WEATHER WAS RECORDED YESTERDAY.
  LIGHT SNOW
  FOG


RELATIVE HUMIDITY (PERCENT)
 HIGHEST    85           800 PM
 LOWEST     59           200 PM
 AVERAGE    72

..........................................................


THE LANSING MI CLIMATE NORMALS FOR TODAY
                         NORMAL    RECORD    YEAR
 MAXIMUM TEMPERATURE (F)   31        55      1938
 MINIMUM TEMPERATURE (F)   17       -31      1875


SUNRISE AND SUNSET
FEBRUARY  6 2016......SUNRISE   748 AM EST   SUNSET   558 PM EST
FEBRUARY  7 2016......SUNRISE   747 AM EST   SUNSET   559 PM EST


-  INDICATES NEGATIVE NUMBERS.
R  INDICATES RECORD WAS SET OR TIED.
MM INDICATES DATA IS MISSING.
T  INDICATES TRACE AMOUNT.




$$
