000
CDUS43 KGRR 240520
CLILAN


CLIMATE REPORT
NATIONAL WEATHER SERVICE GRAND RAPIDS, MI
119 AM EDT THU AUG 24 2017


...................................

...THE LANSING MI CLIMATE SUMMARY FOR AUGUST 23 2017...

CLIMATE NORMAL PERIOD 1981 TO 2010
CLIMATE RECORD PERIOD 1864 TO 2017


WEATHER ITEM   OBSERVED TIME   RECORD YEAR NORMAL DEPARTURE LAST
                VALUE   (LST)  VALUE       VALUE  FROM      YEAR
                                                  NORMAL
..................................................................
TEMPERATURE (F)
 YESTERDAY
  MAXIMUM         74    438 PM  96    1876  79     -5       80
  MINIMUM         51   1159 PM  35    1865  59     -8       57
  AVERAGE         63                        69     -6       69

PRECIPITATION (IN)
  YESTERDAY        0.00          0.97 2015   0.10  -0.10     0.00
  MONTH TO DATE    1.66                      2.41  -0.75     5.93
  SINCE JUN 1      8.11                      8.70  -0.59     9.87
  SINCE JAN 1     25.17                     20.27   4.90    22.78

SNOWFALL (IN)
  YESTERDAY        0.0           0.0    MM   0.0    0.0      0.0
  MONTH TO DATE    0.0                       0.0    0.0      0.0
  SINCE JUN 1      0.0                       0.0    0.0      0.0
  SINCE JUL 1      0.0                       0.0    0.0      0.0
  SNOW DEPTH       0

DEGREE DAYS
 HEATING
  YESTERDAY        2                         1      1        0
  MONTH TO DATE    4                        19    -15        0
  SINCE JUN 1     17                        85    -68       37
  SINCE JUL 1      4                        30    -26        3

 COOLING
  YESTERDAY        0                         5     -5        4
  MONTH TO DATE  125                       132     -7      220
  SINCE JUN 1    592                       477    115      642
  SINCE JAN 1    627                       518    109      704
..................................................................


WIND (MPH)
  RESULTANT WIND SPEED   8   RESULTANT WIND DIRECTION  NW (300)
  HIGHEST WIND SPEED    17   HIGHEST WIND DIRECTION    NW (300)
  HIGHEST GUST SPEED    23   HIGHEST GUST DIRECTION    NW (300)
  AVERAGE WIND SPEED     8.2


SKY COVER
  AVERAGE SKY COVER 0.2


WEATHER CONDITIONS
 THE FOLLOWING WEATHER WAS RECORDED YESTERDAY.
  NO SIGNIFICANT WEATHER WAS OBSERVED.


RELATIVE HUMIDITY (PERCENT)
 HIGHEST    77          1000 PM
 LOWEST     41           100 PM
 AVERAGE    59

..........................................................


THE LANSING MI CLIMATE NORMALS FOR TODAY
                         NORMAL    RECORD    YEAR
 MAXIMUM TEMPERATURE (F)   79        97      1948
 MINIMUM TEMPERATURE (F)   59        34      1866


SUNRISE AND SUNSET
AUGUST 24 2017........SUNRISE   655 AM EDT   SUNSET   826 PM EDT
AUGUST 25 2017........SUNRISE   656 AM EDT   SUNSET   824 PM EDT


-  INDICATES NEGATIVE NUMBERS.
R  INDICATES RECORD WAS SET OR TIED.
MM INDICATES DATA IS MISSING.
T  INDICATES TRACE AMOUNT.




$$
