000
CDUS45 KCYS 230733
CLILAR


CLIMATE REPORT
NATIONAL WEATHER SERVICE CHEYENNE WY
131 AM MDT WED APR 23 2014


...................................

...THE LARAMIE WY AIRPORT CLIMATE SUMMARY FOR APRIL 22 2014...

CLIMATE NORMAL PERIOD 1981 TO 2010
CLIMATE RECORD PERIOD 1948 TO 2014


WEATHER ITEM   OBSERVED TIME   RECORD YEAR NORMAL DEPARTURE LAST
                VALUE   (LST)  VALUE       VALUE  FROM      YEAR
                                                  NORMAL
..................................................................
TEMPERATURE (F)
 YESTERDAY
  MAXIMUM         66   1038 AM  74    1965  53     13       36
  MINIMUM         34    528 AM   8    1996  26      8       15
  AVERAGE         50                        40     10       26

PRECIPITATION (IN)
  YESTERDAY        0.00          0.39 2010   0.04  -0.04     0.04
  MONTH TO DATE    0.13                      0.72  -0.59     0.73
  SINCE JAN 1      1.86                      1.91  -0.05     1.64

DEGREE DAYS
 HEATING
  YESTERDAY       15                        25    -10       39
  MONTH TO DATE  580                       624    -44      771
  SINCE MAR 1   1577                      1683   -106     1832
  SINCE JUL 1   7621                      7859   -238     7736

 COOLING
  YESTERDAY        0                         0      0        0
  MONTH TO DATE    0                         0      0        0
  SINCE MAR 1      0                         0      0        0
  SINCE JAN 1      0                         0      0        0
..................................................................


WIND (MPH)
  HIGHEST WIND SPEED    32   HIGHEST WIND DIRECTION    SW (240)
  HIGHEST GUST SPEED    39   HIGHEST GUST DIRECTION    SW (240)
  AVERAGE WIND SPEED    14.6


SKY COVER
  AVERAGE SKY COVER 0.2


WEATHER CONDITIONS
 THE FOLLOWING WEATHER WAS RECORDED YESTERDAY.
  NO SIGNIFICANT WEATHER WAS OBSERVED.


RELATIVE HUMIDITY (PERCENT)
 HIGHEST    75           100 AM
 LOWEST     24          1100 AM
 AVERAGE    50

..........................................................


THE LARAMIE WY AIRPORT CLIMATE NORMALS FOR TODAY
                         NORMAL    RECORD    YEAR
 MAXIMUM TEMPERATURE (F)   53        75      2012
 MINIMUM TEMPERATURE (F)   26         3      1968


SUNRISE AND SUNSET
APRIL 23 2014.........SUNRISE   611 AM MDT   SUNSET   752 PM MDT
APRIL 24 2014.........SUNRISE   610 AM MDT   SUNSET   753 PM MDT


-  INDICATES NEGATIVE NUMBERS.
R  INDICATES RECORD WAS SET OR TIED.
MM INDICATES DATA IS MISSING.
T  INDICATES TRACE AMOUNT.




$$
