000
CDUS45 KCYS 040729
CLILAR


CLIMATE REPORT
NATIONAL WEATHER SERVICE CHEYENNE WY
128 AM MDT FRI SEP 4 2015


...................................

...THE LARAMIE WY AIRPORT CLIMATE SUMMARY FOR SEPTEMBER 3 2015...

CLIMATE NORMAL PERIOD 1981 TO 2010
CLIMATE RECORD PERIOD 1948 TO 2015


WEATHER ITEM   OBSERVED TIME   RECORD YEAR NORMAL DEPARTURE LAST
                VALUE   (LST)  VALUE       VALUE  FROM      YEAR
                                                  NORMAL
..................................................................
TEMPERATURE (F)
 YESTERDAY
  MAXIMUM         79   1220 PM  87    1978  74      5       83
  MINIMUM         46   1110 PM  19    1974  42      4       45
  AVERAGE         63                        58      5       64

PRECIPITATION (IN)
  YESTERDAY        0.06          0.71 1990   0.04   0.02     0.00
  MONTH TO DATE    0.19                      0.11   0.08     0.00
  SINCE JAN 1     10.05                      8.26   1.79    10.79

DEGREE DAYS
 HEATING
  YESTERDAY        2                         7     -5        1
  MONTH TO DATE    5                        20    -15       19
  SINCE SEP 1      5                        20    -15       19
  SINCE JUL 1    154                       192    -38      198

 COOLING
  YESTERDAY        0                         0      0        0
  MONTH TO DATE    0                         0      0        0
  SINCE SEP 1      0                         0      0        0
  SINCE JAN 1     65                        66     -1       67
..................................................................


WIND (MPH)
  HIGHEST WIND SPEED    28   HIGHEST WIND DIRECTION     S (200)
  HIGHEST GUST SPEED    37   HIGHEST GUST DIRECTION     S (190)
  AVERAGE WIND SPEED    10.0


SKY COVER
  AVERAGE SKY COVER 0.3


WEATHER CONDITIONS
 THE FOLLOWING WEATHER WAS RECORDED YESTERDAY.
  LIGHT RAIN


RELATIVE HUMIDITY (PERCENT)
 HIGHEST    71           400 AM
 LOWEST     22          1200 PM
 AVERAGE    47

..........................................................


THE LARAMIE WY AIRPORT CLIMATE NORMALS FOR TODAY
                         NORMAL    RECORD    YEAR
 MAXIMUM TEMPERATURE (F)   73        89      1960
 MINIMUM TEMPERATURE (F)   42        29      1974
                                             1968


SUNRISE AND SUNSET
SEPTEMBER  4 2015.....SUNRISE   632 AM MDT   SUNSET   731 PM MDT
SEPTEMBER  5 2015.....SUNRISE   633 AM MDT   SUNSET   729 PM MDT


-  INDICATES NEGATIVE NUMBERS.
R  INDICATES RECORD WAS SET OR TIED.
MM INDICATES DATA IS MISSING.
T  INDICATES TRACE AMOUNT.




$$
