000
CDUS45 KCYS 110727
CLILAR


CLIMATE REPORT
NATIONAL WEATHER SERVICE CHEYENNE WY
1227 AM MST THU FEB 11 2016


...................................

...THE LARAMIE WY AIRPORT CLIMATE SUMMARY FOR FEBRUARY 10 2016...

CLIMATE NORMAL PERIOD 1981 TO 2010
CLIMATE RECORD PERIOD 1948 TO 2016


WEATHER ITEM   OBSERVED TIME   RECORD YEAR NORMAL DEPARTURE LAST
                VALUE   (LST)  VALUE       VALUE  FROM      YEAR
                                                  NORMAL
..................................................................
TEMPERATURE (F)
 YESTERDAY
  MAXIMUM         48    238 PM  58    1951  34     14       45
  MINIMUM         23    108 AM -22    1986  11     12       25
  AVERAGE         36                        22     14       35

PRECIPITATION (IN)
  YESTERDAY        0.00          0.42 1993   0.01  -0.01     0.00
  MONTH TO DATE    0.01                      0.11  -0.10     0.27
  SINCE JAN 1      0.32                      0.38  -0.06     0.39

DEGREE DAYS
 HEATING
  YESTERDAY       29                        43    -14       30
  MONTH TO DATE  381                       430    -49      277
  SINCE DEC 1   3228                      3133     95     2775
  SINCE JUL 1   5152                      5445   -293     4903

 COOLING
  YESTERDAY        0                         0      0        0
  MONTH TO DATE    0                         0      0        0
  SINCE DEC 1      0                         0      0        0
  SINCE JAN 1      0                         0      0        0
..................................................................


WIND (MPH)
  HIGHEST WIND SPEED    29   HIGHEST WIND DIRECTION     W (280)
  HIGHEST GUST SPEED    35   HIGHEST GUST DIRECTION     W (270)
  AVERAGE WIND SPEED    11.2


SKY COVER
  AVERAGE SKY COVER 0.0


WEATHER CONDITIONS
 THE FOLLOWING WEATHER WAS RECORDED YESTERDAY.
  NO SIGNIFICANT WEATHER WAS OBSERVED.


RELATIVE HUMIDITY (PERCENT)
 HIGHEST    74           900 PM
 LOWEST     28          1000 AM
 AVERAGE    51

..........................................................


THE LARAMIE WY AIRPORT CLIMATE NORMALS FOR TODAY
                         NORMAL    RECORD    YEAR
 MAXIMUM TEMPERATURE (F)   34        60      1962
 MINIMUM TEMPERATURE (F)   11       -16      1986
                                             1963


SUNRISE AND SUNSET
FEBRUARY 11 2016......SUNRISE   703 AM MST   SUNSET   531 PM MST
FEBRUARY 12 2016......SUNRISE   702 AM MST   SUNSET   532 PM MST


-  INDICATES NEGATIVE NUMBERS.
R  INDICATES RECORD WAS SET OR TIED.
MM INDICATES DATA IS MISSING.
T  INDICATES TRACE AMOUNT.




$$
