000
CDUS45 KVEF 250827
CLILAS


CLIMATE REPORT
NATIONAL WEATHER SERVICE LAS VEGAS, NV
126 AM PDT MON JUL 25 2016


...................................

...THE LAS VEGAS NV CLIMATE SUMMARY FOR JULY 24 2016...

CLIMATE NORMAL PERIOD 1981 TO 2010
CLIMATE RECORD PERIOD 1937 TO 2016


WEATHER ITEM   OBSERVED TIME   RECORD YEAR NORMAL DEPARTURE LAST
                VALUE   (LST)  VALUE       VALUE  FROM      YEAR
                                                  NORMAL
..................................................................
TEMPERATURE (F)
 YESTERDAY
  MAXIMUM        112    250 PM 117    1942 105      7      101
  MINIMUM         88    550 AM  64    1957  82      6       80
  AVERAGE        100                        93      7       91

PRECIPITATION (IN)
  YESTERDAY        0.00          1.32 1956   0.01  -0.01     0.00
  MONTH TO DATE    0.17                      0.28  -0.11     0.19
  SINCE OCT 1      4.92                      3.49   1.43     2.68
  SINCE JAN 1      3.51                      2.36   1.15     2.38

SNOWFALL (IN)
  YESTERDAY        0.0           0.0    MM   0.0    0.0      0.0
  MONTH TO DATE    0.0                       0.0    0.0      0.0
  SINCE JUN 1      0.0                       0.0    0.0      0.0
  SINCE JUL 1      0.0                       0.0    0.0      0.0
  SNOW DEPTH       0

DEGREE DAYS
 HEATING
  YESTERDAY        0                         0      0        0
  MONTH TO DATE    0                         0      0        0
  SINCE JUN 1      0                         1     -1        0
  SINCE JUL 1      0                         0      0        0

 COOLING
  YESTERDAY       35                        28      7       26
  MONTH TO DATE  700                       659     41      605
  SINCE JUN 1   1543                      1309    234     1419
  SINCE JAN 1   2079                      1859    220     2022
..................................................................


WIND (MPH)
  RESULTANT WIND SPEED   7   RESULTANT WIND DIRECTION  SW (210)
  HIGHEST WIND SPEED    18   HIGHEST WIND DIRECTION    SW (240)
  HIGHEST GUST SPEED    25   HIGHEST GUST DIRECTION     W (270)
  AVERAGE WIND SPEED     8.5


SKY COVER
  POSSIBLE SUNSHINE  MM
  AVERAGE SKY COVER 0.1


WEATHER CONDITIONS
 THE FOLLOWING WEATHER WAS RECORDED YESTERDAY.
  HAZE


RELATIVE HUMIDITY (PERCENT)
 HIGHEST    20           500 AM
 LOWEST      6          1200 PM
 AVERAGE    13

..........................................................


THE LAS VEGAS NV CLIMATE NORMALS FOR TODAY
                         NORMAL    RECORD    YEAR
 MAXIMUM TEMPERATURE (F)  105       115      1942
 MINIMUM TEMPERATURE (F)   82        66      1944


SUNRISE AND SUNSET
JULY 25 2016..........SUNRISE   543 AM PDT   SUNSET   751 PM PDT
JULY 26 2016..........SUNRISE   544 AM PDT   SUNSET   750 PM PDT


-  INDICATES NEGATIVE NUMBERS.
R  INDICATES RECORD WAS SET OR TIED.
MM INDICATES DATA IS MISSING.
T  INDICATES TRACE AMOUNT.




$$
