000
CDUS45 KVEF 190826
CLILAS


CLIMATE REPORT
NATIONAL WEATHER SERVICE LAS VEGAS, NV
126 AM PDT SAT AUG 19 2017


...................................

...THE LAS VEGAS NV CLIMATE SUMMARY FOR AUGUST 18 2017...

CLIMATE NORMAL PERIOD 1981 TO 2010
CLIMATE RECORD PERIOD 1937 TO 2017


WEATHER ITEM   OBSERVED TIME   RECORD YEAR NORMAL DEPARTURE LAST
                VALUE   (LST)  VALUE       VALUE  FROM      YEAR
                                                  NORMAL
..................................................................
TEMPERATURE (F)
 YESTERDAY
  MAXIMUM        104    428 PM 111    1992 102      2      102
  MINIMUM         80    437 AM  60    1944  79      1       83
  AVERAGE         92                        91      1       93

PRECIPITATION (IN)
  YESTERDAY        0.00          0.49 1952   0.01  -0.01     0.08
  MONTH TO DATE    0.23                      0.20   0.03     0.13
  SINCE OCT 1      2.97                      3.81  -0.84     5.08
  SINCE JAN 1      1.91                      2.68  -0.77     3.67

SNOWFALL (IN)
  YESTERDAY        0.0           0.0    MM   0.0    0.0      0.0
  MONTH TO DATE    0.0                       0.0    0.0      0.0
  SINCE JUN 1      0.0                       0.0    0.0      0.0
  SINCE JUL 1      0.0                       0.0    0.0      0.0
  SNOW DEPTH       0

DEGREE DAYS
 HEATING
  YESTERDAY        0                         0      0        0
  MONTH TO DATE    0                         0      0        0
  SINCE JUN 1      0                         1     -1        0
  SINCE JUL 1      0                         0      0        0

 COOLING
  YESTERDAY       27                        26      1       28
  MONTH TO DATE  489                       479     10      505
  SINCE JUN 1   2262                      1983    279     2296
  SINCE JAN 1   2939                      2533    406     2832
..................................................................


WIND (MPH)
  RESULTANT WIND SPEED   2   RESULTANT WIND DIRECTION   S (160)
  HIGHEST WIND SPEED    13   HIGHEST WIND DIRECTION    NE (40)
  HIGHEST GUST SPEED    16   HIGHEST GUST DIRECTION     N (350)
  AVERAGE WIND SPEED     3.7


SKY COVER
  POSSIBLE SUNSHINE  MM
  AVERAGE SKY COVER 0.1


WEATHER CONDITIONS
 THE FOLLOWING WEATHER WAS RECORDED YESTERDAY.
  NO SIGNIFICANT WEATHER WAS OBSERVED.


RELATIVE HUMIDITY (PERCENT)
 HIGHEST    26           500 AM
 LOWEST     10           400 PM
 AVERAGE    18

..........................................................


THE LAS VEGAS NV CLIMATE NORMALS FOR TODAY
                         NORMAL    RECORD    YEAR
 MAXIMUM TEMPERATURE (F)  102       111      1992
                                             1937
 MINIMUM TEMPERATURE (F)   79        60      1938


SUNRISE AND SUNSET
AUGUST 19 2017........SUNRISE   602 AM PDT   SUNSET   725 PM PDT
AUGUST 20 2017........SUNRISE   603 AM PDT   SUNSET   724 PM PDT


-  INDICATES NEGATIVE NUMBERS.
R  INDICATES RECORD WAS SET OR TIED.
MM INDICATES DATA IS MISSING.
T  INDICATES TRACE AMOUNT.




$$
