000
CDUS45 KVEF 290828
CLILAS


CLIMATE REPORT
NATIONAL WEATHER SERVICE LAS VEGAS, NV
127 AM PDT WED JUL 29 2015


...................................

...THE LAS VEGAS NV CLIMATE SUMMARY FOR JULY 28 2015...

CLIMATE NORMAL PERIOD 1981 TO 2010
CLIMATE RECORD PERIOD 1937 TO 2015


WEATHER ITEM   OBSERVED TIME   RECORD YEAR NORMAL DEPARTURE LAST
                VALUE   (LST)  VALUE       VALUE  FROM      YEAR
                                                  NORMAL
..................................................................
TEMPERATURE (F)
 YESTERDAY
  MAXIMUM        103    420 PM 114    1995 104     -1       96
                                      1980
  MINIMUM         79    505 AM  61    1984  81     -2       80
                                      1941
  AVERAGE         91                        93     -2       88

PRECIPITATION (IN)
  YESTERDAY        0.00          1.36 1984   0.02  -0.02      T
  MONTH TO DATE    0.19                      0.35  -0.16     0.22
  SINCE OCT 1      2.68                      3.56  -0.88     1.94
  SINCE JAN 1      2.38                      2.43  -0.05     0.52

SNOWFALL (IN)
  YESTERDAY        0.0           0.0    MM   0.0    0.0      0.0
  MONTH TO DATE    0.0                       0.0    0.0      0.0
  SINCE JUN 1      0.0                       0.0    0.0      0.0
  SINCE JUL 1      0.0                       0.0    0.0      0.0
  SNOW DEPTH       0

DEGREE DAYS
 HEATING
  YESTERDAY        0                         0      0        0
  MONTH TO DATE    0                         0      0        0
  SINCE JUN 1      0                         1     -1        0
  SINCE JUL 1      0                         0      0        0

 COOLING
  YESTERDAY       26                        28     -2       23
  MONTH TO DATE  711                       771    -60      812
  SINCE JUN 1   1525                      1421    104     1553
  SINCE JAN 1   2128                      1971    157     2211
..................................................................


WIND (MPH)
  RESULTANT WIND SPEED   2   RESULTANT WIND DIRECTION  NE (60)
  HIGHEST WIND SPEED    14   HIGHEST WIND DIRECTION     E (70)
  HIGHEST GUST SPEED    17   HIGHEST GUST DIRECTION     E (100)
  AVERAGE WIND SPEED     4.7


SKY COVER
  POSSIBLE SUNSHINE  MM
  AVERAGE SKY COVER 0.0


WEATHER CONDITIONS
 THE FOLLOWING WEATHER WAS RECORDED YESTERDAY.
  NO SIGNIFICANT WEATHER WAS OBSERVED.


RELATIVE HUMIDITY (PERCENT)
 HIGHEST    17           400 AM
 LOWEST      7           200 PM
 AVERAGE    12

..........................................................


THE LAS VEGAS NV CLIMATE NORMALS FOR TODAY
                         NORMAL    RECORD    YEAR
 MAXIMUM TEMPERATURE (F)  104       115      1995
 MINIMUM TEMPERATURE (F)   81        64      1984
                                             1944
                                             1938


SUNRISE AND SUNSET
JULY 29 2015..........SUNRISE   545 AM PDT   SUNSET   748 PM PDT
JULY 30 2015..........SUNRISE   546 AM PDT   SUNSET   748 PM PDT


-  INDICATES NEGATIVE NUMBERS.
R  INDICATES RECORD WAS SET OR TIED.
MM INDICATES DATA IS MISSING.
T  INDICATES TRACE AMOUNT.




$$
