000
CDUS45 KVEF 250828
CLILAS


CLIMATE REPORT
NATIONAL WEATHER SERVICE LAS VEGAS, NV
128 AM PDT SAT MAR 25 2017


...................................

...THE LAS VEGAS NV CLIMATE SUMMARY FOR MARCH 24 2017...

CLIMATE NORMAL PERIOD 1981 TO 2010
CLIMATE RECORD PERIOD 1937 TO 2017


WEATHER ITEM   OBSERVED TIME   RECORD YEAR NORMAL DEPARTURE LAST
                VALUE   (LST)  VALUE       VALUE  FROM      YEAR
                                                  NORMAL
..................................................................
TEMPERATURE (F)
 YESTERDAY
  MAXIMUM         79    441 PM  89    1940  72      7       76
  MINIMUM         51    620 AM  34    1957  51      0       49
  AVERAGE         65                        62      3       63

PRECIPITATION (IN)
  YESTERDAY        0.00          0.32 1980   0.01  -0.01     0.00
  MONTH TO DATE    T                         0.38  -0.38      T
  SINCE OCT 1      2.52                      2.81  -0.29     1.96
  SINCE JAN 1      1.46                      1.68  -0.22     0.55

SNOWFALL (IN)
  YESTERDAY        0.0           0.0  2015   0.0    0.0      0.0
  MONTH TO DATE    0.0                       0.0    0.0      0.0
  SINCE MAR 1      0.0                       0.0    0.0      0.0
  SINCE JUL 1      0.0                       0.3   -0.3       T
  SNOW DEPTH       0

DEGREE DAYS
 HEATING
  YESTERDAY        0                         5     -5        2
  MONTH TO DATE   70                       159    -89       46
  SINCE MAR 1     70                       159    -89       46
  SINCE JUL 1   1442                      1850   -408     1625

 COOLING
  YESTERDAY        0                         1     -1        0
  MONTH TO DATE  108                        16     92       51
  SINCE MAR 1    108                        16     92       51
  SINCE JAN 1    111                        17     94       60
..................................................................


WIND (MPH)
  RESULTANT WIND SPEED   3   RESULTANT WIND DIRECTION   S (160)
  HIGHEST WIND SPEED    21   HIGHEST WIND DIRECTION     E (70)
  HIGHEST GUST SPEED    25   HIGHEST GUST DIRECTION    NE (60)
  AVERAGE WIND SPEED     6.9


SKY COVER
  POSSIBLE SUNSHINE  MM
  AVERAGE SKY COVER 0.2


WEATHER CONDITIONS
 THE FOLLOWING WEATHER WAS RECORDED YESTERDAY.
  NO SIGNIFICANT WEATHER WAS OBSERVED.


RELATIVE HUMIDITY (PERCENT)
 HIGHEST    48           500 AM
 LOWEST     11           500 PM
 AVERAGE    30

..........................................................


THE LAS VEGAS NV CLIMATE NORMALS FOR TODAY
                         NORMAL    RECORD    YEAR
 MAXIMUM TEMPERATURE (F)   73        87      1981
 MINIMUM TEMPERATURE (F)   51        31      1964


SUNRISE AND SUNSET
MARCH 25 2017.........SUNRISE   637 AM PDT   SUNSET   657 PM PDT
MARCH 26 2017.........SUNRISE   635 AM PDT   SUNSET   658 PM PDT


-  INDICATES NEGATIVE NUMBERS.
R  INDICATES RECORD WAS SET OR TIED.
MM INDICATES DATA IS MISSING.
T  INDICATES TRACE AMOUNT.




$$
