000
CDUS45 KVEF 280827
CLILAS


CLIMATE REPORT
NATIONAL WEATHER SERVICE LAS VEGAS, NV
126 AM PDT FRI AUG 28 2015


...................................

...THE LAS VEGAS NV CLIMATE SUMMARY FOR AUGUST 27 2015...

CLIMATE NORMAL PERIOD 1981 TO 2010
CLIMATE RECORD PERIOD 1937 TO 2015


WEATHER ITEM   OBSERVED TIME   RECORD YEAR NORMAL DEPARTURE LAST
                VALUE   (LST)  VALUE       VALUE  FROM      YEAR
                                                  NORMAL
..................................................................
TEMPERATURE (F)
 YESTERDAY
  MAXIMUM        102    344 PM 109    2001 100      2       96
                                      1944
  MINIMUM         81    559 AM  60    1943  78      3       75
  AVERAGE         92                        89      3       86

PRECIPITATION (IN)
  YESTERDAY        0.00          0.58 2007   0.01  -0.01     0.00
  MONTH TO DATE    0.68                      0.29   0.39     0.35
  SINCE OCT 1      3.36                      3.90  -0.54     2.29
  SINCE JAN 1      3.06                      2.77   0.29     0.87

SNOWFALL (IN)
  YESTERDAY        0.0           0.0    MM   0.0    0.0      0.0
  MONTH TO DATE    0.0                       0.0    0.0      0.0
  SINCE JUN 1      0.0                       0.0    0.0      0.0
  SINCE JUL 1      0.0                       0.0    0.0      0.0
  SNOW DEPTH       0

DEGREE DAYS
 HEATING
  YESTERDAY        0                         0      0        0
  MONTH TO DATE    0                         0      0        0
  SINCE JUN 1      0                         1     -1        0
  SINCE JUL 1      0                         0      0        0

 COOLING
  YESTERDAY       27                        24      3       21
  MONTH TO DATE  757                       701     56      622
  SINCE JUN 1   2373                      2205    168     2261
  SINCE JAN 1   2976                      2755    221     2919
..................................................................


WIND (MPH)
  RESULTANT WIND SPEED   2   RESULTANT WIND DIRECTION  NE (30)
  HIGHEST WIND SPEED    15   HIGHEST WIND DIRECTION    NE (40)
  HIGHEST GUST SPEED    19   HIGHEST GUST DIRECTION    NE (30)
  AVERAGE WIND SPEED     4.5


SKY COVER
  POSSIBLE SUNSHINE  MM
  AVERAGE SKY COVER 0.4


WEATHER CONDITIONS
 THE FOLLOWING WEATHER WAS RECORDED YESTERDAY.
  NO SIGNIFICANT WEATHER WAS OBSERVED.


RELATIVE HUMIDITY (PERCENT)
 HIGHEST    42           600 AM
 LOWEST     17           500 PM
 AVERAGE    30

..........................................................


THE LAS VEGAS NV CLIMATE NORMALS FOR TODAY
                         NORMAL    RECORD    YEAR
 MAXIMUM TEMPERATURE (F)  100       110      1944
 MINIMUM TEMPERATURE (F)   77        58      1945


SUNRISE AND SUNSET
AUGUST 28 2015........SUNRISE   609 AM PDT   SUNSET   714 PM PDT
AUGUST 29 2015........SUNRISE   610 AM PDT   SUNSET   713 PM PDT


-  INDICATES NEGATIVE NUMBERS.
R  INDICATES RECORD WAS SET OR TIED.
MM INDICATES DATA IS MISSING.
T  INDICATES TRACE AMOUNT.




$$
