000
CDUS45 KVEF 300837
CLILAS


CLIMATE REPORT
NATIONAL WEATHER SERVICE LAS VEGAS, NV
136 AM PDT TUE JUN 30 2015


...................................

...THE LAS VEGAS NV CLIMATE SUMMARY FOR JUNE 29 2015...

CLIMATE NORMAL PERIOD 1981 TO 2010
CLIMATE RECORD PERIOD 1937 TO 2015


WEATHER ITEM   OBSERVED TIME   RECORD YEAR NORMAL DEPARTURE LAST
                VALUE   (LST)  VALUE       VALUE  FROM      YEAR
                                                  NORMAL
..................................................................
TEMPERATURE (F)
 YESTERDAY
  MAXIMUM        110        MM 115    2013 103      7      108
                                      1994
  MINIMUM         89        MM  60    1941  79     10       84
  AVERAGE        100                        90     10       96

PRECIPITATION (IN)
  YESTERDAY        T             0.12 1984   0.01  -0.01     0.00
                                      1938
  MONTH TO DATE    T                         0.07  -0.07     0.00
  SINCE OCT 1      2.49                      3.21  -0.72     1.72
  SINCE JAN 1      2.19                      2.08   0.11     0.30

SNOWFALL (IN)
  YESTERDAY        0.0           0.0    MM   0.0    0.0      0.0
  MONTH TO DATE    0.0                       0.0    0.0      0.0
  SINCE JUN 1      0.0                       0.0    0.0      0.0
  SINCE JUL 1      T                         0.3   -0.3      0.0
  SNOW DEPTH       0

DEGREE DAYS
 HEATING
  YESTERDAY        0                         0      0        0
  MONTH TO DATE    0                         0      0        0
  SINCE JUN 1      0                         0      0        0
  SINCE JUL 1   1221                      1950   -729     1512

 COOLING
  YESTERDAY       35                        26      9       31
  MONTH TO DATE  776                       624    152      708
  SINCE JUN 1    776                       624    152      708
  SINCE JAN 1   1379                      1174    205     1366
..................................................................


WIND (MPH)
  RESULTANT WIND SPEED   7   RESULTANT WIND DIRECTION   S (180)
  HIGHEST WIND SPEED    15   HIGHEST WIND DIRECTION     S (160)
  HIGHEST GUST SPEED    40   HIGHEST GUST DIRECTION     S (180)
  AVERAGE WIND SPEED     8.1


SKY COVER
  POSSIBLE SUNSHINE  MM
  AVERAGE SKY COVER 0.6


WEATHER CONDITIONS
 THE FOLLOWING WEATHER WAS RECORDED YESTERDAY.
  THUNDERSTORM
  LIGHT RAIN


RELATIVE HUMIDITY (PERCENT)
 HIGHEST    23           400 AM
 LOWEST     11           500 PM
 AVERAGE    17

..........................................................


THE LAS VEGAS NV CLIMATE NORMALS FOR TODAY
                         NORMAL    RECORD    YEAR
 MAXIMUM TEMPERATURE (F)  103       117      2013
 MINIMUM TEMPERATURE (F)   79        60      1970
                                             1955
                                             1938


SUNRISE AND SUNSET
JUNE 30 2015..........SUNRISE   527 AM PDT   SUNSET   802 PM PDT
JULY  1 2015..........SUNRISE   527 AM PDT   SUNSET   802 PM PDT


-  INDICATES NEGATIVE NUMBERS.
R  INDICATES RECORD WAS SET OR TIED.
MM INDICATES DATA IS MISSING.
T  INDICATES TRACE AMOUNT.




$$
