000
CDUS45 KVEF 210044
CLILAS


CLIMATE REPORT
NATIONAL WEATHER SERVICE LAS VEGAS, NV
443 PM PST FRI JAN 20 2017


...................................

...THE LAS VEGAS NV CLIMATE SUMMARY FOR JANUARY 20 2017...
VALID TODAY AS OF 0400 PM LOCAL TIME.

CLIMATE NORMAL PERIOD 1981 TO 2010
CLIMATE RECORD PERIOD 1937 TO 2017


WEATHER ITEM   OBSERVED TIME   RECORD YEAR NORMAL DEPARTURE LAST
                VALUE   (LST)  VALUE       VALUE  FROM      YEAR
                                                  NORMAL
..................................................................
TEMPERATURE (F)
 TODAY
  MAXIMUM         50    653 AM  72    1986  58     -8       62
                                      1971
  MINIMUM         45    218 AM  17    1937  40      5       46
  AVERAGE         48                        49     -1       54

PRECIPITATION (IN)
  TODAY            0.24          0.49 1954   0.01   0.23     0.00
  MONTH TO DATE    0.35                      0.36  -0.01     0.31
  SINCE OCT 1      1.41                      1.49  -0.08     1.72
  SINCE JAN 1      0.35                      0.36  -0.01     0.31

SNOWFALL (IN)
  TODAY           MM             1.6  1949   0.0   MM        0.0
  MONTH TO DATE    0.0                       0.0    0.0      0.0
  SINCE DEC 1      0.0                       0.2   -0.2       T
  SINCE JUL 1      0.0                       0.2   -0.2       T
  SNOW DEPTH       0

DEGREE DAYS
 HEATING
  TODAY           17                        16      1       11
  MONTH TO DATE  282                       335    -53      354
  SINCE DEC 1    794                       873    -79      897
  SINCE JUL 1    961                      1182   -221     1221

 COOLING
  TODAY            0                         0      0        0
  MONTH TO DATE    0                         0      0        0
  SINCE DEC 1      0                         0      0        0
  SINCE JAN 1      0                         0      0        0
..................................................................


WIND (MPH)
  RESULTANT WIND SPEED   6   RESULTANT WIND DIRECTION   S (160)
  HIGHEST WIND SPEED    17   HIGHEST WIND DIRECTION     S (190)
  HIGHEST GUST SPEED    23   HIGHEST GUST DIRECTION     S (180)
  AVERAGE WIND SPEED     7.0


SKY COVER
  POSSIBLE SUNSHINE  MM
  AVERAGE SKY COVER 0.9


WEATHER CONDITIONS
 THE FOLLOWING WEATHER WAS RECORDED TODAY.
  LIGHT RAIN
  FOG


RELATIVE HUMIDITY (PERCENT)
 HIGHEST    83           100 AM
 LOWEST     46          1200 AM
 AVERAGE    65

..........................................................


THE LAS VEGAS NV CLIMATE NORMALS FOR TOMORROW
                         NORMAL    RECORD    YEAR
 MAXIMUM TEMPERATURE (F)   59        70      2009
 MINIMUM TEMPERATURE (F)   40        13      1937


SUNRISE AND SUNSET
JANUARY 20 2017.......SUNRISE   649 AM PST   SUNSET   455 PM PST
JANUARY 21 2017.......SUNRISE   648 AM PST   SUNSET   456 PM PST


-  INDICATES NEGATIVE NUMBERS.
R  INDICATES RECORD WAS SET OR TIED.
MM INDICATES DATA IS MISSING.
T  INDICATES TRACE AMOUNT.




$$
