000
CDUS45 KVEF 200830
CLILAS


CLIMATE REPORT
NATIONAL WEATHER SERVICE LAS VEGAS, NV
1230 AM PST THU NOV 20 2014


...................................

...THE LAS VEGAS NV CLIMATE SUMMARY FOR NOVEMBER 19 2014...

CLIMATE NORMAL PERIOD 1981 TO 2010
CLIMATE RECORD PERIOD 1937 TO 2014


WEATHER ITEM   OBSERVED TIME   RECORD YEAR NORMAL DEPARTURE LAST
                VALUE   (LST)  VALUE       VALUE  FROM      YEAR
                                                  NORMAL
..................................................................
TEMPERATURE (F)
 YESTERDAY
  MAXIMUM         61    332 PM  78    1976  65     -4       67
  MINIMUM         44    530 AM  24    1985  45     -1       53
                                      1938
  AVERAGE         53                        55     -2       60

PRECIPITATION (IN)
  YESTERDAY        0.00          0.20 1967   0.01  -0.01     0.00
  MONTH TO DATE    T                         0.22  -0.22     0.00
  SINCE OCT 1      T                         0.49  -0.49      T
  SINCE JAN 1      1.51                      3.55  -2.04     1.54

SNOWFALL (IN)
  YESTERDAY        0.0           0.0  2013   0.0    0.0      0.0
  MONTH TO DATE    0.0                       0.0    0.0      0.0
  SINCE SEP 1      0.0                       0.0    0.0      0.0
  SINCE JUL 1      0.0                       0.0    0.0      0.0
  SNOW DEPTH       0

DEGREE DAYS
 HEATING
  YESTERDAY       12                        10      2        5
  MONTH TO DATE   83                       129    -46       80
  SINCE SEP 1     83                       168    -85      127
  SINCE JUL 1     83                       168    -85      127

 COOLING
  YESTERDAY        0                         0      0        0
  MONTH TO DATE   16                        10      6        5
  SINCE SEP 1    945                       717    228      594
  SINCE JAN 1   3970                      3566    404     3766
..................................................................


WIND (MPH)
  RESULTANT WIND SPEED   6   RESULTANT WIND DIRECTION   S (200)
  HIGHEST WIND SPEED    12   HIGHEST WIND DIRECTION     S (200)
  HIGHEST GUST SPEED    12   HIGHEST GUST DIRECTION     S (200)
  AVERAGE WIND SPEED     6.6


SKY COVER
  POSSIBLE SUNSHINE  MM
  AVERAGE SKY COVER 0.6


WEATHER CONDITIONS
 THE FOLLOWING WEATHER WAS RECORDED YESTERDAY.
  NO SIGNIFICANT WEATHER WAS OBSERVED.


RELATIVE HUMIDITY (PERCENT)
 HIGHEST    31           500 AM
 LOWEST     15           200 PM
 AVERAGE    23

..........................................................


THE LAS VEGAS NV CLIMATE NORMALS FOR TODAY
                         NORMAL    RECORD    YEAR
 MAXIMUM TEMPERATURE (F)   64        76      2007
                                             1976
                                             1954
 MINIMUM TEMPERATURE (F)   45        23      1956


SUNRISE AND SUNSET
NOVEMBER 20 2014......SUNRISE   622 AM PST   SUNSET   430 PM PST
NOVEMBER 21 2014......SUNRISE   623 AM PST   SUNSET   429 PM PST


-  INDICATES NEGATIVE NUMBERS.
R  INDICATES RECORD WAS SET OR TIED.
MM INDICATES DATA IS MISSING.
T  INDICATES TRACE AMOUNT.




$$
