000
CDUS46 KLOX 250113
CLILAX


CLIMATE REPORT
NATIONAL WEATHER SERVICE LOS ANGELES/OXNARD CA
513 PM PST SAT JAN 24 2015


...................................

...THE LOS ANGELES AIRPORT CLIMATE SUMMARY FOR JANUARY 24 2015...
VALID TODAY AS OF 0500 PM LOCAL TIME.

CLIMATE NORMAL PERIOD 1981 TO 2010
CLIMATE RECORD PERIOD 1944 TO 2015


WEATHER ITEM   OBSERVED TIME   RECORD YEAR NORMAL DEPARTURE LAST
                VALUE   (LST)  VALUE       VALUE  FROM      YEAR
                                                  NORMAL
..................................................................
TEMPERATURE (F)
 TODAY
  MAXIMUM         76    155 PM  83    1951  65     11       73
  MINIMUM         48    428 AM  35    1947  49     -1       56
  AVERAGE         62                        57      5       65

PRECIPITATION (IN)
  TODAY            0.00          1.53 1969   0.09  -0.09     0.00
  MONTH TO DATE    1.08                      2.11  -1.03     0.00
  SINCE OCT 1      5.78                      5.83  -0.05     1.01
  SINCE JAN 1      1.08                      2.11  -1.03     0.00

SNOWFALL (IN)
  TODAY            0.0
  MONTH TO DATE    0.0
  SINCE DEC 1      0.0
  SINCE JUL 1      0.0

DEGREE DAYS
 HEATING
  TODAY            3                         8     -5        0
  MONTH TO DATE  149                       203    -54       85
  SINCE DEC 1    356                       463   -107      278
  SINCE JUL 1    398                       645   -247      378

 COOLING
  TODAY            0                         0      0        0
  MONTH TO DATE    5                         0      5       14
  SINCE DEC 1      7                         1      6       30
  SINCE JAN 1      5                         0      5       14
..................................................................


WIND (MPH)
  HIGHEST WIND SPEED    13   HIGHEST WIND DIRECTION     W (250)
  HIGHEST GUST SPEED    18   HIGHEST GUST DIRECTION     S (170)
  AVERAGE WIND SPEED     3.7


SKY COVER
  POSSIBLE SUNSHINE  MM
  AVERAGE SKY COVER 0.0


WEATHER CONDITIONS
 THE FOLLOWING WEATHER WAS RECORDED TODAY.
  NO SIGNIFICANT WEATHER WAS OBSERVED.


RELATIVE HUMIDITY (PERCENT)
 HIGHEST    52           400 AM
 LOWEST     17          1200 PM
 AVERAGE    35

..........................................................


THE LOS ANGELES AIRPORT CLIMATE NORMALS FOR TOMORROW
                         NORMAL    RECORD    YEAR
 MAXIMUM TEMPERATURE (F)   65        86      1951
 MINIMUM TEMPERATURE (F)   49        36      1947


SUNRISE AND SUNSET
JANUARY 24 2015.......SUNRISE   655 AM PST   SUNSET   516 PM PST
JANUARY 25 2015.......SUNRISE   655 AM PST   SUNSET   517 PM PST


-  INDICATES NEGATIVE NUMBERS.
R  INDICATES RECORD WAS SET OR TIED.
MM INDICATES DATA IS MISSING.
T  INDICATES TRACE AMOUNT.




$$
