000
CDUS46 KLOX 300909
CLILAX


CLIMATE REPORT
NATIONAL WEATHER SERVICE LOS ANGELES/OXNARD CA
208 AM PDT SUN APR 30 2017


...................................

...THE LOS ANGELES INTL AIRPORT CA CLIMATE SUMMARY FOR APRIL 29 2017...

CLIMATE NORMAL PERIOD 1981 TO 2010
CLIMATE RECORD PERIOD 1944 TO 2017


WEATHER ITEM   OBSERVED TIME   RECORD YEAR NORMAL DEPARTURE LAST
                VALUE   (LST)  VALUE       VALUE  FROM      YEAR
                                                  NORMAL
..................................................................
TEMPERATURE (F)
 YESTERDAY
  MAXIMUM         80   1220 PM  92    1981  68     12       67
  MINIMUM         61   1014 PM  44    1948  55      6       55
  AVERAGE         71                        62      9       61

PRECIPITATION (IN)
  YESTERDAY        0.00          0.27 1983   0.01  -0.01     0.00
  MONTH TO DATE    0.38                      0.68  -0.30     0.29
  SINCE OCT 1     16.19                     12.21   3.98     6.66
  SINCE JAN 1     11.94                      8.49   3.45     5.42

SNOWFALL (IN)
  YESTERDAY        0.0
  MONTH TO DATE    0.0
  SINCE MAR 1      0.0
  SINCE JUL 1      0.0

DEGREE DAYS
 HEATING
  YESTERDAY        0                         4     -4        4
  MONTH TO DATE   67                       153    -86       65
  SINCE MAR 1    179                       374   -195      197
  SINCE JUL 1    952                      1303   -351      893

 COOLING
  YESTERDAY        6                         1      5        0
  MONTH TO DATE   30                         8     22       34
  SINCE MAR 1     32                        14     18       35
  SINCE JAN 1     32                        23      9       92
..................................................................


WIND (MPH)
  HIGHEST WIND SPEED    23   HIGHEST WIND DIRECTION     W (270)
  HIGHEST GUST SPEED    29   HIGHEST GUST DIRECTION     W (270)
  AVERAGE WIND SPEED    10.2


SKY COVER
  POSSIBLE SUNSHINE  MM
  AVERAGE SKY COVER 0.0


WEATHER CONDITIONS
 THE FOLLOWING WEATHER WAS RECORDED YESTERDAY.
  NO SIGNIFICANT WEATHER WAS OBSERVED.


RELATIVE HUMIDITY (PERCENT)
 HIGHEST    56           800 PM
 LOWEST      9           100 AM
 AVERAGE    33

..........................................................


THE LOS ANGELES INTL AIRPORT CA CLIMATE NORMALS FOR TODAY
                         NORMAL    RECORD    YEAR
 MAXIMUM TEMPERATURE (F)   68        89      2014
 MINIMUM TEMPERATURE (F)   56        47      1967


SUNRISE AND SUNSET
APRIL 30 2017.........SUNRISE   605 AM PDT   SUNSET   737 PM PDT
MAY  1 2017...........SUNRISE   604 AM PDT   SUNSET   738 PM PDT


-  INDICATES NEGATIVE NUMBERS.
R  INDICATES RECORD WAS SET OR TIED.
MM INDICATES DATA IS MISSING.
T  INDICATES TRACE AMOUNT.




$$
