000
CDUS46 KLOX 250121
CLILAX


CLIMATE REPORT
NATIONAL WEATHER SERVICE LOS ANGELES/OXNARD CA
520 PM PST SAT FEB 24 2018


...................................

...THE LOS ANGELES AIRPORT CLIMATE SUMMARY FOR FEBRUARY 24 2018...
VALID TODAY AS OF 0500 PM LOCAL TIME.

CLIMATE NORMAL PERIOD 1981 TO 2010
CLIMATE RECORD PERIOD 1944 TO 2018


WEATHER ITEM   OBSERVED TIME   RECORD YEAR NORMAL DEPARTURE LAST
                VALUE   (LST)  VALUE       VALUE  FROM      YEAR
                                                  NORMAL
..................................................................
TEMPERATURE (F)
 TODAY
  MAXIMUM         60    215 PM  87    1986  64     -4       61
  MINIMUM         42    645 AM  40    1987  51     -9       44
                                      1960
  AVERAGE         51                        57     -6       53

PRECIPITATION (IN)
  TODAY            0.00          0.75 2008   0.12  -0.12     0.00
  MONTH TO DATE    T                         2.82  -2.82     3.97
  SINCE OCT 1      1.51                      9.25  -7.74    15.66
  SINCE JAN 1      1.40                      5.53  -4.13    11.41

SNOWFALL (IN)
  TODAY            0.0
  MONTH TO DATE    0.0
  SINCE DEC 1      0.0
  SINCE JUL 1      0.0

DEGREE DAYS
 HEATING
  TODAY           14                         8      6       12
  MONTH TO DATE  137                       192    -55      163
  SINCE DEC 1    372                       714   -342      646
  SINCE JUL 1    403                       896   -493      725

 COOLING
  TODAY            0                         0      0        0
  MONTH TO DATE    3                         0      3        0
  SINCE DEC 1     48                         5     43        2
  SINCE JAN 1     31                         4     27        0
..................................................................


WIND (MPH)
  HIGHEST WIND SPEED    21   HIGHEST WIND DIRECTION     W (260)
  HIGHEST GUST SPEED    26   HIGHEST GUST DIRECTION     W (260)
  AVERAGE WIND SPEED     6.8


SKY COVER
  POSSIBLE SUNSHINE  MM
  AVERAGE SKY COVER 0.0


WEATHER CONDITIONS
 THE FOLLOWING WEATHER WAS RECORDED TODAY.
  NO SIGNIFICANT WEATHER WAS OBSERVED.


RELATIVE HUMIDITY (PERCENT)
 HIGHEST    39           600 AM
 LOWEST     19          1100 AM
 AVERAGE    29

..........................................................


THE LOS ANGELES AIRPORT CLIMATE NORMALS FOR TOMORROW
                         NORMAL    RECORD    YEAR
 MAXIMUM TEMPERATURE (F)   64        84      1989
 MINIMUM TEMPERATURE (F)   51        39      1962
                                             1945


SUNRISE AND SUNSET
FEBRUARY 24 2018......SUNRISE   628 AM PST   SUNSET   546 PM PST
FEBRUARY 25 2018......SUNRISE   627 AM PST   SUNSET   547 PM PST


-  INDICATES NEGATIVE NUMBERS.
R  INDICATES RECORD WAS SET OR TIED.
MM INDICATES DATA IS MISSING.
T  INDICATES TRACE AMOUNT.




$$
