000
CDUS46 KLOX 260902
CLILAX


CLIMATE REPORT
NATIONAL WEATHER SERVICE LOS ANGELES/OXNARD CA
201 AM PDT TUE SEP 26 2017


...................................

...THE LOS ANGELES INTL AIRPORT CA CLIMATE SUMMARY FOR SEPTEMBER 25 2017...

CLIMATE NORMAL PERIOD 1981 TO 2010
CLIMATE RECORD PERIOD 1944 TO 2017


WEATHER ITEM   OBSERVED TIME   RECORD YEAR NORMAL DEPARTURE LAST
                VALUE   (LST)  VALUE       VALUE  FROM      YEAR
                                                  NORMAL
..................................................................
TEMPERATURE (F)
 YESTERDAY
  MAXIMUM         85   1211 PM 105    1978  74     11       92
  MINIMUM         60    453 AM  52    1948  62     -2       63
  AVERAGE         73                        68      5       78

PRECIPITATION (IN)
  YESTERDAY        0.00          0.27 1997   0.01  -0.01     0.00
  MONTH TO DATE    0.08                      0.15  -0.07     0.01
  SINCE OCT 1     16.40                     12.76   3.64     7.26
  SINCE JAN 1     12.15                      9.04   3.11     6.02

SNOWFALL (IN)
  YESTERDAY        0.0
  MONTH TO DATE    0.0
  SINCE SEP 1      0.0
  SINCE JUL 1      0.0

DEGREE DAYS
 HEATING
  YESTERDAY        0                         0      0        0
  MONTH TO DATE    1                         0      1        0
  SINCE SEP 1      1                         0      1        0
  SINCE JUL 1      1                         4     -3        0

 COOLING
  YESTERDAY        8                         3      5       13
  MONTH TO DATE  178                       107     71      116
  SINCE SEP 1    178                       107     71      116
  SINCE JAN 1    743                       453    290      698
..................................................................


WIND (MPH)
  HIGHEST WIND SPEED    18   HIGHEST WIND DIRECTION     W (270)
  HIGHEST GUST SPEED    22   HIGHEST GUST DIRECTION     W (260)
  AVERAGE WIND SPEED     7.0


SKY COVER
  POSSIBLE SUNSHINE  MM
  AVERAGE SKY COVER 0.3


WEATHER CONDITIONS
 THE FOLLOWING WEATHER WAS RECORDED YESTERDAY.
  NO SIGNIFICANT WEATHER WAS OBSERVED.


RELATIVE HUMIDITY (PERCENT)
 HIGHEST    73          1100 PM
 LOWEST     12          1100 AM
 AVERAGE    43

..........................................................


THE LOS ANGELES INTL AIRPORT CA CLIMATE NORMALS FOR TODAY
                         NORMAL    RECORD    YEAR
 MAXIMUM TEMPERATURE (F)   74       110      1963
 MINIMUM TEMPERATURE (F)   62        47      1948


SUNRISE AND SUNSET
SEPTEMBER 26 2017.....SUNRISE   645 AM PDT   SUNSET   644 PM PDT
SEPTEMBER 27 2017.....SUNRISE   645 AM PDT   SUNSET   643 PM PDT


-  INDICATES NEGATIVE NUMBERS.
R  INDICATES RECORD WAS SET OR TIED.
MM INDICATES DATA IS MISSING.
T  INDICATES TRACE AMOUNT.




$$
