000
CDUS46 KLOX 250113
CLILAX


CLIMATE REPORT
NATIONAL WEATHER SERVICE LOS ANGELES/OXNARD CA
513 PM PST FRI NOV 24 2017


...................................

...THE LOS ANGELES AIRPORT CLIMATE SUMMARY FOR NOVEMBER 24 2017...
VALID TODAY AS OF 0500 PM LOCAL TIME.

CLIMATE NORMAL PERIOD 1981 TO 2010
CLIMATE RECORD PERIOD 1944 TO 2017


WEATHER ITEM   OBSERVED TIME   RECORD YEAR NORMAL DEPARTURE LAST
                VALUE   (LST)  VALUE       VALUE  FROM      YEAR
                                                  NORMAL
..................................................................
TEMPERATURE (F)
 TODAY
  MAXIMUM         82   1114 AM  88    1959  67     15       80
  MINIMUM         58    544 AM  38    1947  51      7       51
  AVERAGE         70                        59     11       66

PRECIPITATION (IN)
  TODAY            0.00          1.69 1985   0.05  -0.05     0.00
  MONTH TO DATE    0.09                      0.84  -0.75     0.79
  SINCE OCT 1      0.09                      1.40  -1.31     1.15
  SINCE JAN 1     12.24                     10.50   1.74     7.17

SNOWFALL (IN)
  TODAY            0.0
  MONTH TO DATE    0.0
  SINCE SEP 1      0.0
  SINCE JUL 1      0.0

DEGREE DAYS
 HEATING
  TODAY            0                         6     -6        0
  MONTH TO DATE   19                        99    -80       33
  SINCE SEP 1     20                       139   -119       36
  SINCE JUL 1     20                       143   -123       36

 COOLING
  TODAY            5                         0      5        1
  MONTH TO DATE   45                        18     27       79
  SINCE SEP 1    457                       203    254      380
  SINCE JAN 1   1021                       549    472      962
..................................................................


WIND (MPH)
  HIGHEST WIND SPEED    13   HIGHEST WIND DIRECTION     W (280)
  HIGHEST GUST SPEED    17   HIGHEST GUST DIRECTION     W (290)
  AVERAGE WIND SPEED     5.1


SKY COVER
  POSSIBLE SUNSHINE  MM
  AVERAGE SKY COVER 0.3


WEATHER CONDITIONS
 THE FOLLOWING WEATHER WAS RECORDED TODAY.
  NO SIGNIFICANT WEATHER WAS OBSERVED.


RELATIVE HUMIDITY (PERCENT)
 HIGHEST    84           300 AM
 LOWEST     26          1100 AM
 AVERAGE    55

..........................................................


THE LOS ANGELES AIRPORT CLIMATE NORMALS FOR TOMORROW
                         NORMAL    RECORD    YEAR
 MAXIMUM TEMPERATURE (F)   67        91      1977
 MINIMUM TEMPERATURE (F)   51        42      2010
                                             1947
                                             1946


SUNRISE AND SUNSET
NOVEMBER 24 2017......SUNRISE   635 AM PST   SUNSET   446 PM PST
NOVEMBER 25 2017......SUNRISE   636 AM PST   SUNSET   446 PM PST


-  INDICATES NEGATIVE NUMBERS.
R  INDICATES RECORD WAS SET OR TIED.
MM INDICATES DATA IS MISSING.
T  INDICATES TRACE AMOUNT.




$$
