000
CDUS44 KLUB 010626
CLILBB


CLIMATE REPORT
NATIONAL WEATHER SERVICE LUBBOCK, TX
1226 AM CST SUN MAR 1 2015


...................................

...THE LUBBOCK CLIMATE SUMMARY FOR FEBRUARY 28 2015...

CLIMATE NORMAL PERIOD 1981 TO 2010
CLIMATE RECORD PERIOD 1911 TO 2015


WEATHER ITEM   OBSERVED TIME   RECORD YEAR NORMAL DEPARTURE LAST
                VALUE   (LST)  VALUE       VALUE  FROM      YEAR
                                                  NORMAL
..................................................................
TEMPERATURE (F)
 YESTERDAY
  MAXIMUM         24    824 PM  89    2006  62    -38       78
  MINIMUM         13    241 AM   7    1962  33    -20       44
                                      1922
  AVERAGE         19                        48    -29       61

PRECIPITATION (IN)
  YESTERDAY        0.01          0.44 2004   0.03  -0.02     0.00
  MONTH TO DATE    0.66                      0.75  -0.09     0.16
  SINCE DEC 1      2.66                      2.16   0.50     0.76
  SINCE JAN 1      2.27                      1.40   0.87     0.16

SNOWFALL (IN)
  YESTERDAY        T             1.0  1922   0.0    0.0      0.0
  MONTH TO DATE    6.5                       1.6    4.9      1.8
  SINCE DEC 1     13.1                       6.5    6.6      2.0
  SINCE JUL 1     13.6                       7.4    6.2      4.2
  SNOW DEPTH       3

DEGREE DAYS
 HEATING
  YESTERDAY       46                        17     29        4
  MONTH TO DATE  590                       575     15      624
  SINCE DEC 1   2044                      2097    -53     2199
  SINCE JUL 1   2719                      2739    -20     2852

 COOLING
  YESTERDAY        0                         0      0        0
  MONTH TO DATE    0                         0      0        0
  SINCE DEC 1      0                         0      0        0
  SINCE JAN 1      0                         0      0        0
..................................................................


WIND (MPH)
  RESULTANT WIND SPEED   7   RESULTANT WIND DIRECTION  SE (130)
  HIGHEST WIND SPEED    13   HIGHEST WIND DIRECTION    SE (140)
  HIGHEST GUST SPEED    14   HIGHEST GUST DIRECTION    SE (150)
  AVERAGE WIND SPEED     7.7


SKY COVER
  AVERAGE SKY COVER 1.0


WEATHER CONDITIONS
 THE FOLLOWING WEATHER WAS RECORDED YESTERDAY.
  LT FREEZING RAIN
  SNOW
  LIGHT SNOW
  FOG
  FOG W/VISIBILITY <= 1/4 MILE


RELATIVE HUMIDITY (PERCENT)
 HIGHEST   100          1200 AM
 LOWEST     88           700 AM
 AVERAGE    94

..........................................................


THE LUBBOCK CLIMATE NORMALS FOR TODAY
                         NORMAL    RECORD    YEAR
 MAXIMUM TEMPERATURE (F)   63        89      2006
 MINIMUM TEMPERATURE (F)   33         5      1922


SUNRISE AND SUNSET
MARCH  1 2015.........SUNRISE   716 AM CST   SUNSET   644 PM CST
MARCH  2 2015.........SUNRISE   715 AM CST   SUNSET   645 PM CST


-  INDICATES NEGATIVE NUMBERS.
R  INDICATES RECORD WAS SET OR TIED.
MM INDICATES DATA IS MISSING.
T  INDICATES TRACE AMOUNT.




$$
