000
CDUS44 KLUB 292226
CLILBB


CLIMATE REPORT
NATIONAL WEATHER SERVICE LUBBOCK, TX
526 PM CDT WED JUL 29 2015


...................................

...THE LUBBOCK CLIMATE SUMMARY FOR JULY 29 2015...
VALID TODAY AS OF 0500 PM LOCAL TIME.

CLIMATE NORMAL PERIOD 1981 TO 2010
CLIMATE RECORD PERIOD 1911 TO 2015


WEATHER ITEM   OBSERVED TIME   RECORD YEAR NORMAL DEPARTURE LAST
                VALUE   (LST)  VALUE       VALUE  FROM      YEAR
                                                  NORMAL
..................................................................
TEMPERATURE (F)
 TODAY
  MAXIMUM         94    359 PM 102    1948  93      1       80
  MINIMUM         67    627 AM  60    2004  68     -1       63
  AVERAGE         81                        80      1       72

PRECIPITATION (IN)
  TODAY            0.00          0.76 1945   0.05  -0.05     0.18
  MONTH TO DATE    3.96                      1.80   2.16     2.64
  SINCE JUN 1      6.11                      4.84   1.27     5.23
  SINCE JAN 1     22.04                     11.05  10.99    11.36

SNOWFALL (IN)
  TODAY            0.0           0.0  2002   0.0    0.0      0.0
  MONTH TO DATE    0.0                       0.0    0.0      0.0
  SINCE JUN 1      0.0                       0.0    0.0      0.0
  SINCE JUL 1      0.0                       0.0    0.0      0.0
  SNOW DEPTH       0

DEGREE DAYS
 HEATING
  TODAY            0                         0      0        0
  MONTH TO DATE    0                         0      0        0
  SINCE JUN 1      0                         2     -2        0
  SINCE JUL 1      0                         0      0        0

 COOLING
  TODAY           16                        15      1        7
  MONTH TO DATE  476                       435     41      418
  SINCE JUN 1    853                       809     44      825
  SINCE JAN 1    991                      1055    -64     1104
..................................................................


WIND (MPH)
  RESULTANT WIND SPEED   9   RESULTANT WIND DIRECTION  NE (30)
  HIGHEST WIND SPEED    17   HIGHEST WIND DIRECTION     N (10)
  HIGHEST GUST SPEED    23   HIGHEST GUST DIRECTION     N (10)
  AVERAGE WIND SPEED     9.4


SKY COVER
  AVERAGE SKY COVER 0.2


WEATHER CONDITIONS
 THE FOLLOWING WEATHER WAS RECORDED TODAY.
  NO SIGNIFICANT WEATHER WAS OBSERVED.


RELATIVE HUMIDITY (PERCENT)
 HIGHEST    87           600 AM
 LOWEST     36           400 PM
 AVERAGE    62

..........................................................


THE LUBBOCK CLIMATE NORMALS FOR TOMORROW
                         NORMAL    RECORD    YEAR
 MAXIMUM TEMPERATURE (F)   93       104      1946
 MINIMUM TEMPERATURE (F)   68        60      2000
                                             1971
                                             1965


SUNRISE AND SUNSET
JULY 29 2015..........SUNRISE   657 AM CDT   SUNSET   850 PM CDT
JULY 30 2015..........SUNRISE   658 AM CDT   SUNSET   849 PM CDT


-  INDICATES NEGATIVE NUMBERS.
R  INDICATES RECORD WAS SET OR TIED.
MM INDICATES DATA IS MISSING.
T  INDICATES TRACE AMOUNT.




$$
