000
CDUS44 KLUB 290126
CLILBB


CLIMATE REPORT
NATIONAL WEATHER SERVICE LUBBOCK, TX
826 PM CDT SUN MAY 28 2017


...................................

...THE LUBBOCK CLIMATE SUMMARY FOR MAY 28 2017...
VALID TODAY AS OF 0800 PM LOCAL TIME.

CLIMATE NORMAL PERIOD 1981 TO 2010
CLIMATE RECORD PERIOD 1911 TO 2017


WEATHER ITEM   OBSERVED TIME   RECORD YEAR NORMAL DEPARTURE LAST
                VALUE   (LST)  VALUE       VALUE  FROM      YEAR
                                                  NORMAL
..................................................................
TEMPERATURE (F)
 TODAY
  MAXIMUM         85    311 PM 104    2011  87     -2       89
  MINIMUM         55    551 AM  43    1917  60     -5       54
  AVERAGE         70                        73     -3       72

PRECIPITATION (IN)
  TODAY            0.00          3.21 2015   0.10  -0.10     0.00
  MONTH TO DATE    0.58                      2.01  -1.43     3.28
  SINCE MAR 1      2.57                      4.52  -1.95     4.50
  SINCE JAN 1      5.49                      5.92  -0.43     4.89

SNOWFALL (IN)
  TODAY            0.0           0.0  2002   0.0    0.0      0.0
  MONTH TO DATE    0.0                       0.0    0.0      0.0
  SINCE MAR 1      T                         0.8   -0.8       T
  SINCE JUL 1      0.2                       8.2   -8.0     13.3
  SNOW DEPTH       0

DEGREE DAYS
 HEATING
  TODAY            0                         0      0        0
  MONTH TO DATE   23                        39    -16       83
  SINCE MAR 1    384                       637   -253      454
  SINCE JUL 1   2468                      3376   -908     2854

 COOLING
  TODAY            5                         9     -4        7
  MONTH TO DATE  152                       162    -10      158
  SINCE MAR 1    277                       218     59      205
  SINCE JAN 1    281                       218     63      209
..................................................................


WIND (MPH)
  RESULTANT WIND SPEED  15   RESULTANT WIND DIRECTION  NE (30)
  HIGHEST WIND SPEED    33   HIGHEST WIND DIRECTION     N (20)
  HIGHEST GUST SPEED    45   HIGHEST GUST DIRECTION     N (20)
  AVERAGE WIND SPEED    15.4


SKY COVER
  AVERAGE SKY COVER 0.2


WEATHER CONDITIONS
 THE FOLLOWING WEATHER WAS RECORDED TODAY.
  HAZE


RELATIVE HUMIDITY (PERCENT)
 HIGHEST    67           400 AM
 LOWEST     19           200 PM
 AVERAGE    43

..........................................................


THE LUBBOCK CLIMATE NORMALS FOR TOMORROW
                         NORMAL    RECORD    YEAR
 MAXIMUM TEMPERATURE (F)   87       104      2011
                                             1938
 MINIMUM TEMPERATURE (F)   60        38      1947


SUNRISE AND SUNSET
MAY 28 2017...........SUNRISE   639 AM CDT   SUNSET   850 PM CDT
MAY 29 2017...........SUNRISE   639 AM CDT   SUNSET   851 PM CDT


-  INDICATES NEGATIVE NUMBERS.
R  INDICATES RECORD WAS SET OR TIED.
MM INDICATES DATA IS MISSING.
T  INDICATES TRACE AMOUNT.




$$
