000
CDUS44 KLUB 230626
CLILBB


CLIMATE REPORT
NATIONAL WEATHER SERVICE LUBBOCK, TX
125 AM CDT THU MAR 23 2017


...................................

...THE LUBBOCK CLIMATE SUMMARY FOR MARCH 22 2017...

CLIMATE NORMAL PERIOD 1981 TO 2010
CLIMATE RECORD PERIOD 1911 TO 2017


WEATHER ITEM   OBSERVED TIME   RECORD YEAR NORMAL DEPARTURE LAST
                VALUE   (LST)  VALUE       VALUE  FROM      YEAR
                                                  NORMAL
..................................................................
TEMPERATURE (F)
 YESTERDAY
  MAXIMUM         75    532 PM  87    2016  68      7       87
  MINIMUM         47    723 AM  18    1952  38      9       47
                                      1914
  AVERAGE         61                        53      8       67

PRECIPITATION (IN)
  YESTERDAY        0.00          1.57 1941   0.04  -0.04     0.00
  MONTH TO DATE    T                         0.75  -0.75     0.20
  SINCE MAR 1      T                         0.75  -0.75     0.20
  SINCE JAN 1      2.92                      2.15   0.77     0.59

SNOWFALL (IN)
  YESTERDAY        0.0           0.4  2006   0.0    0.0      0.0
  MONTH TO DATE    0.0                       0.4   -0.4      0.0
  SINCE MAR 1      0.0                       0.4   -0.4      0.0
  SINCE JUL 1      0.2                       7.8   -7.6     13.3
  SNOW DEPTH       0

DEGREE DAYS
 HEATING
  YESTERDAY        4                        12     -8        0
  MONTH TO DATE  165                       319   -154      172
  SINCE MAR 1    165                       319   -154      172
  SINCE JUL 1   2249                      3058   -809     2572

 COOLING
  YESTERDAY        0                         0      0        2
  MONTH TO DATE   42                         0     42        4
  SINCE MAR 1     42                         0     42        4
  SINCE JAN 1     46                         0     46        8
..................................................................


WIND (MPH)
  RESULTANT WIND SPEED  10   RESULTANT WIND DIRECTION   E (110)
  HIGHEST WIND SPEED    21   HIGHEST WIND DIRECTION    SE (140)
  HIGHEST GUST SPEED    26   HIGHEST GUST DIRECTION    SE (140)
  AVERAGE WIND SPEED    12.7


SKY COVER
  AVERAGE SKY COVER 0.2


WEATHER CONDITIONS
 THE FOLLOWING WEATHER WAS RECORDED YESTERDAY.
  HAZE


RELATIVE HUMIDITY (PERCENT)
 HIGHEST    82           700 AM
 LOWEST     41           200 PM
 AVERAGE    62

..........................................................


THE LUBBOCK CLIMATE NORMALS FOR TODAY
                         NORMAL    RECORD    YEAR
 MAXIMUM TEMPERATURE (F)   69        87      2015
 MINIMUM TEMPERATURE (F)   39        13      1952


SUNRISE AND SUNSET
MARCH 23 2017.........SUNRISE   747 AM CDT   SUNSET   801 PM CDT
MARCH 24 2017.........SUNRISE   745 AM CDT   SUNSET   802 PM CDT


-  INDICATES NEGATIVE NUMBERS.
R  INDICATES RECORD WAS SET OR TIED.
MM INDICATES DATA IS MISSING.
T  INDICATES TRACE AMOUNT.




$$
