000
CDUS43 KLBF 282250
CLILBF

CLIMATE REPORT
NATIONAL WEATHER SERVICE NORTH PLATTE
442 PM CST SUN DEC 28 2014


...................................

...THE NORTH PLATTE NE CLIMATE SUMMARY FOR DECEMBER 28 2014...
VALID TODAY AS OF 0400 PM LOCAL TIME.

CLIMATE NORMAL PERIOD 1981 TO 2010
CLIMATE RECORD PERIOD 1874 TO 2014


WEATHER ITEM   OBSERVED TIME   RECORD YEAR NORMAL DEPARTURE LAST
                VALUE   (LST)  VALUE       VALUE  FROM      YEAR
                                                  NORMAL
..................................................................
TEMPERATURE (F)
 TODAY
  MAXIMUM         26    347 PM  65    1999  38    -12       59
  MINIMUM         -6    602 AM -23    1880  11    -17       12
  AVERAGE         10                        24    -14       36

PRECIPITATION (IN)
  TODAY            0.00          0.50 1889   0.01  -0.01      T
  MONTH TO DATE    0.94                      0.37   0.57     0.16
  SINCE DEC 1      0.94                      0.37   0.57     0.16
  SINCE JAN 1     21.42                     20.19   1.23    21.77

SNOWFALL (IN)
  TODAY            0.0           4.4  1948   0.1   -0.1       T
  MONTH TO DATE    7.1                       4.1    3.0      3.6
  SINCE DEC 1      7.1                       4.1    3.0      3.6
  SINCE JUL 1      7.5                      10.3   -2.8      6.7
  SNOW DEPTH       3

DEGREE DAYS
 HEATING
  TODAY           55                        41     14       29
  MONTH TO DATE  978                      1109   -131     1153
  SINCE DEC 1    978                      1109   -131     1153
  SINCE JUL 1   2498                      2660   -162     2638

 COOLING
  TODAY            0                         0      0        0
  MONTH TO DATE    0                         0      0        0
  SINCE DEC 1      0                         0      0        0
  SINCE JAN 1    744                       768    -24      998
..................................................................


WIND (MPH)
  HIGHEST WIND SPEED    12   HIGHEST WIND DIRECTION     E (110)
  HIGHEST GUST SPEED    13   HIGHEST GUST DIRECTION     E (110)
  AVERAGE WIND SPEED     4.7


SKY COVER
  POSSIBLE SUNSHINE  MM
  AVERAGE SKY COVER 0.2


WEATHER CONDITIONS
 THE FOLLOWING WEATHER WAS RECORDED TODAY.
  NO SIGNIFICANT WEATHER WAS OBSERVED.


RELATIVE HUMIDITY (PERCENT)
 HIGHEST    91           400 AM
 LOWEST     60           200 PM
 AVERAGE    76

..........................................................


THE NORTH PLATTE NE CLIMATE NORMALS FOR TOMORROW
                         NORMAL    RECORD    YEAR
 MAXIMUM TEMPERATURE (F)   38        66      1999
 MINIMUM TEMPERATURE (F)   11       -26      1880


SUNRISE AND SUNSET
DECEMBER 28 2014......SUNRISE   807 AM CST   SUNSET   522 PM CST
DECEMBER 29 2014......SUNRISE   808 AM CST   SUNSET   522 PM CST


-  INDICATES NEGATIVE NUMBERS.
R  INDICATES RECORD WAS SET OR TIED.
MM INDICATES DATA IS MISSING.
T  INDICATES TRACE AMOUNT.




$$
