000
CDUS43 KLBF 290932
CLILBF


CLIMATE REPORT
NATIONAL WEATHER SERVICE NORTH PLATTE
430 AM CDT WED MAR 29 2017


...................................

...THE NORTH PLATTE NE CLIMATE SUMMARY FOR MARCH 28 2017...

CLIMATE NORMAL PERIOD 1981 TO 2010
CLIMATE RECORD PERIOD 1874 TO 2017


WEATHER ITEM   OBSERVED TIME   RECORD YEAR NORMAL DEPARTURE LAST
                VALUE   (LST)  VALUE       VALUE  FROM      YEAR
                                                  NORMAL
..................................................................
TEMPERATURE (F)
 YESTERDAY
  MAXIMUM         47    504 PM  86    1986  56     -9       70
  MINIMUM         42    234 AM   1    1899  27     15       21
  AVERAGE         45                        42      3       46

PRECIPITATION (IN)
  YESTERDAY        0.56          1.84 1981   0.04   0.52     0.00
  MONTH TO DATE    1.75                      0.91   0.84     0.64
  SINCE MAR 1      1.75                      0.91   0.84     0.64
  SINCE JAN 1      2.94                      1.75   1.19     1.90

SNOWFALL (IN)
  YESTERDAY        0.0          11.6  1980   0.2   -0.2      0.0
  MONTH TO DATE    T                         4.0   -4.0      4.3
  SINCE MAR 1      T                         4.0   -4.0      4.3
  SINCE JUL 1     20.3                      24.9   -4.6     29.9
  SNOW DEPTH       0

DEGREE DAYS
 HEATING
  YESTERDAY       20                        23     -3       19
  MONTH TO DATE  586                       768   -182      630
  SINCE MAR 1    586                       768   -182      630
  SINCE JUL 1   4908                      5796   -888     4907

 COOLING
  YESTERDAY        0                         0      0        0
  MONTH TO DATE    0                         0      0        0
  SINCE MAR 1      0                         0      0        0
  SINCE JAN 1      0                         0      0        0
..................................................................


WIND (MPH)
  HIGHEST WIND SPEED    17   HIGHEST WIND DIRECTION    NE (60)
  HIGHEST GUST SPEED    22   HIGHEST GUST DIRECTION    NE (60)
  AVERAGE WIND SPEED     9.9


SKY COVER
  POSSIBLE SUNSHINE  MM
  AVERAGE SKY COVER 1.0


WEATHER CONDITIONS
 THE FOLLOWING WEATHER WAS RECORDED YESTERDAY.
  RAIN
  LIGHT RAIN
  FOG


RELATIVE HUMIDITY (PERCENT)
 HIGHEST   100          1200 PM
 LOWEST     76          1200 AM
 AVERAGE    88

..........................................................


THE NORTH PLATTE NE CLIMATE NORMALS FOR TODAY
                         NORMAL    RECORD    YEAR
 MAXIMUM TEMPERATURE (F)   57        86      1943
 MINIMUM TEMPERATURE (F)   27        -8      1886


SUNRISE AND SUNSET
MARCH 29 2017.........SUNRISE   731 AM CDT   SUNSET   805 PM CDT
MARCH 30 2017.........SUNRISE   729 AM CDT   SUNSET   806 PM CDT


-  INDICATES NEGATIVE NUMBERS.
R  INDICATES RECORD WAS SET OR TIED.
MM INDICATES DATA IS MISSING.
T  INDICATES TRACE AMOUNT.




$$
