000
CDUS43 KLBF 060941
CLILBF

CLIMATE REPORT
NATIONAL WEATHER SERVICE NORTH PLATTE
440 AM CDT MON JUL 6 2015


...................................

...THE NORTH PLATTE NE CLIMATE SUMMARY FOR JULY 5 2015...

CLIMATE NORMAL PERIOD 1981 TO 2010
CLIMATE RECORD PERIOD 1874 TO 2015


WEATHER ITEM   OBSERVED TIME   RECORD YEAR NORMAL DEPARTURE LAST
                VALUE   (LST)  VALUE       VALUE  FROM      YEAR
                                                  NORMAL
..................................................................
TEMPERATURE (F)
 YESTERDAY
  MAXIMUM         97    350 PM 107    1877  88      9       95
  MINIMUM         70   1159 PM  42    1972  59     11       59
  AVERAGE         84                        74     10       77

PRECIPITATION (IN)
  YESTERDAY        0.02          1.60 1907   0.09  -0.07     0.00
  MONTH TO DATE    0.14                      0.46  -0.32     0.00
  SINCE JUN 1      2.87                      3.88  -1.01     8.75
  SINCE JAN 1     10.97                     11.32  -0.35    13.04

SNOWFALL (IN)
  YESTERDAY        0.0           0.0  2002   0.0    0.0      0.0
                                      2001
  MONTH TO DATE    0.0                       0.0    0.0      0.0
  SINCE JUN 1      0.0                       0.0    0.0       T
  SINCE JUL 1      0.0                       0.0    0.0      0.0
  SNOW DEPTH       0

DEGREE DAYS
 HEATING
  YESTERDAY        0                         0      0        0
  MONTH TO DATE    0                         0      0        3
  SINCE JUN 1      5                        51    -46       42
  SINCE JUL 1      0                         0      0        3

 COOLING
  YESTERDAY       19                         9     10       12
  MONTH TO DATE   58                        42     16       27
  SINCE JUN 1    236                       180     56      158
  SINCE JAN 1    238                       208     30      207
..................................................................


WIND (MPH)
  HIGHEST WIND SPEED    26   HIGHEST WIND DIRECTION     W (250)
  HIGHEST GUST SPEED    39   HIGHEST GUST DIRECTION     W (250)
  AVERAGE WIND SPEED    10.9


SKY COVER
  POSSIBLE SUNSHINE  MM
  AVERAGE SKY COVER 0.0


WEATHER CONDITIONS
 THE FOLLOWING WEATHER WAS RECORDED YESTERDAY.
  THUNDERSTORM
  LIGHT RAIN


RELATIVE HUMIDITY (PERCENT)
 HIGHEST    79           400 AM
 LOWEST     38           400 PM
 AVERAGE    59

..........................................................


THE NORTH PLATTE NE CLIMATE NORMALS FOR TODAY
                         NORMAL    RECORD    YEAR
 MAXIMUM TEMPERATURE (F)   88       105      1973
 MINIMUM TEMPERATURE (F)   59        48      1885


SUNRISE AND SUNSET
JULY  6 2015..........SUNRISE   617 AM CDT   SUNSET   918 PM CDT
JULY  7 2015..........SUNRISE   617 AM CDT   SUNSET   918 PM CDT


-  INDICATES NEGATIVE NUMBERS.
R  INDICATES RECORD WAS SET OR TIED.
MM INDICATES DATA IS MISSING.
T  INDICATES TRACE AMOUNT.

$$
