000
CDUS43 KLBF 191052
CLILBF


CLIMATE REPORT
NATIONAL WEATHER SERVICE NORTH PLATTE
451 AM CST FRI JAN 19 2018


...................................

...THE NORTH PLATTE NE CLIMATE SUMMARY FOR JANUARY 18 2018...

CLIMATE NORMAL PERIOD 1981 TO 2010
CLIMATE RECORD PERIOD 1874 TO 2018


WEATHER ITEM   OBSERVED TIME   RECORD YEAR NORMAL DEPARTURE LAST
                VALUE   (LST)  VALUE       VALUE  FROM      YEAR
                                                  NORMAL
..................................................................
TEMPERATURE (F)
 YESTERDAY
  MAXIMUM         47    356 PM  70    1880  39      8       51
  MINIMUM         12    404 AM -24    1892  11      1       16
  AVERAGE         30                        25      5       34

PRECIPITATION (IN)
  YESTERDAY        0.00          0.76 1883   0.01  -0.01     0.00
  MONTH TO DATE    0.22                      0.20   0.02     0.56
  SINCE DEC 1      0.77                      0.61   0.16     1.18
  SINCE JAN 1      0.22                      0.20   0.02     0.56

SNOWFALL (IN)
  YESTERDAY        0.0           9.0  1988   0.1   -0.1      0.0
  MONTH TO DATE    2.8                       2.8    0.0      7.2
  SINCE DEC 1     10.3                       7.4    2.9      8.0
  SINCE JUL 1     11.3                      13.6   -2.3     13.0
  SNOW DEPTH       T

DEGREE DAYS
 HEATING
  YESTERDAY       35                        40     -5       31
  MONTH TO DATE  817                       725     92      829
  SINCE DEC 1   2038                      1954     84     2055
  SINCE JUL 1   3329                      3505   -176     3096

 COOLING
  YESTERDAY        0                         0      0        0
  MONTH TO DATE    0                         0      0        0
  SINCE DEC 1      0                         0      0        0
  SINCE JAN 1      0                         0      0        0
..................................................................


WIND (MPH)
  HIGHEST WIND SPEED    13   HIGHEST WIND DIRECTION     W (280)
  HIGHEST GUST SPEED    16   HIGHEST GUST DIRECTION     W (270)
  AVERAGE WIND SPEED     4.5


SKY COVER
  POSSIBLE SUNSHINE  MM
  AVERAGE SKY COVER 0.0


WEATHER CONDITIONS
 THE FOLLOWING WEATHER WAS RECORDED YESTERDAY.
  NO SIGNIFICANT WEATHER WAS OBSERVED.


RELATIVE HUMIDITY (PERCENT)
 HIGHEST    88           300 AM
 LOWEST     49           200 PM
 AVERAGE    69

..........................................................


THE NORTH PLATTE NE CLIMATE NORMALS FOR TODAY
                         NORMAL    RECORD    YEAR
 MAXIMUM TEMPERATURE (F)   39        66      2014
 MINIMUM TEMPERATURE (F)   11       -27      1885


SUNRISE AND SUNSET
JANUARY 19 2018.......SUNRISE   804 AM CST   SUNSET   544 PM CST
JANUARY 20 2018.......SUNRISE   803 AM CST   SUNSET   545 PM CST


-  INDICATES NEGATIVE NUMBERS.
R  INDICATES RECORD WAS SET OR TIED.
MM INDICATES DATA IS MISSING.
T  INDICATES TRACE AMOUNT.




$$
