000
CDUS43 KLBF 232143
CLILBF


CLIMATE REPORT
NATIONAL WEATHER SERVICE NORTH PLATTE
442 PM CDT SAT SEP 23 2017


...................................

...THE NORTH PLATTE NE CLIMATE SUMMARY FOR SEPTEMBER 23 2017...
VALID TODAY AS OF 0400 PM LOCAL TIME.

CLIMATE NORMAL PERIOD 1981 TO 2010
CLIMATE RECORD PERIOD 1874 TO 2017


WEATHER ITEM   OBSERVED TIME   RECORD YEAR NORMAL DEPARTURE LAST
                VALUE   (LST)  VALUE       VALUE  FROM      YEAR
                                                  NORMAL
..................................................................
TEMPERATURE (F)
 TODAY
  MAXIMUM         60    311 PM  95    1921  75    -15       93
  MINIMUM         52    801 AM  23    1989  43      9       61
  AVERAGE         56                        59     -3       77

PRECIPITATION (IN)
  TODAY            0.10          0.96 2015   0.05   0.05     0.00
  MONTH TO DATE    0.64                      1.08  -0.44     0.81
  SINCE SEP 1      0.64                      1.08  -0.44     0.81
  SINCE JAN 1     18.40                     17.30   1.10    19.97

SNOWFALL (IN)
  TODAY            0.0           0.4  2000   0.0    0.0      0.0
  MONTH TO DATE    0.0                       0.1   -0.1      0.0
  SINCE SEP 1      0.0                       0.1   -0.1      0.0
  SINCE JUL 1      T                         0.1   -0.1      0.0
  SNOW DEPTH       0

DEGREE DAYS
 HEATING
  TODAY            9                         7      2        0
  MONTH TO DATE   50                        91    -41       33
  SINCE SEP 1     50                        91    -41       33
  SINCE JUL 1     54                       111    -57       45

 COOLING
  TODAY            0                         1     -1       12
  MONTH TO DATE  130                        65     65      100
  SINCE SEP 1    130                        65     65      100
  SINCE JAN 1    953                       760    193      907
..................................................................


WIND (MPH)
  HIGHEST WIND SPEED    26   HIGHEST WIND DIRECTION     W (280)
  HIGHEST GUST SPEED    33   HIGHEST GUST DIRECTION     W (280)
  AVERAGE WIND SPEED    11.7


SKY COVER
  POSSIBLE SUNSHINE  MM
  AVERAGE SKY COVER 0.8


WEATHER CONDITIONS
 THE FOLLOWING WEATHER WAS RECORDED TODAY.
  THUNDERSTORM
  LIGHT RAIN
  FOG


RELATIVE HUMIDITY (PERCENT)
 HIGHEST    96           800 AM
 LOWEST     77           200 AM
 AVERAGE    87

..........................................................


THE NORTH PLATTE NE CLIMATE NORMALS FOR TOMORROW
                         NORMAL    RECORD    YEAR
 MAXIMUM TEMPERATURE (F)   74        92      1990
 MINIMUM TEMPERATURE (F)   43        26      1975
                                             1965


SUNRISE AND SUNSET
SEPTEMBER 23 2017.....SUNRISE   731 AM CDT   SUNSET   738 PM CDT
SEPTEMBER 24 2017.....SUNRISE   732 AM CDT   SUNSET   736 PM CDT


-  INDICATES NEGATIVE NUMBERS.
R  INDICATES RECORD WAS SET OR TIED.
MM INDICATES DATA IS MISSING.
T  INDICATES TRACE AMOUNT.




$$
