215
CDUS43 KLBF 191055
CLILBF


CLIMATE REPORT
NATIONAL WEATHER SERVICE NORTH PLATTE
454 AM CST SUN NOV 19 2017


...................................

...THE NORTH PLATTE NE CLIMATE SUMMARY FOR NOVEMBER 18 2017...

CLIMATE NORMAL PERIOD 1981 TO 2010
CLIMATE RECORD PERIOD 1874 TO 2017


WEATHER ITEM   OBSERVED TIME   RECORD YEAR NORMAL DEPARTURE LAST
                VALUE   (LST)  VALUE       VALUE  FROM      YEAR
                                                  NORMAL
..................................................................
TEMPERATURE (F)
 YESTERDAY
  MAXIMUM         49    317 PM  78    1908  49      0       33
  MINIMUM         20   1153 PM  -5    1886  20      0       11
  AVERAGE         35                        34      1       22

PRECIPITATION (IN)
  YESTERDAY        0.03          0.59 2004   0.02   0.01     0.18
  MONTH TO DATE    0.07                      0.44  -0.37     0.58
  SINCE SEP 1      7.93                      3.40   4.53     3.06
  SINCE JAN 1     25.69                     19.62   6.07    22.22

SNOWFALL (IN)
  YESTERDAY        0.0           2.9  2016   0.1   -0.1      2.9
  MONTH TO DATE    0.4                       2.2   -1.8      5.0
  SINCE SEP 1      1.0                       4.5   -3.5      5.0
  SINCE JUL 1      1.0                       4.5   -3.5      5.0
  SNOW DEPTH       0

DEGREE DAYS
 HEATING
  YESTERDAY       30                        31     -1       43
  MONTH TO DATE  466                       477    -11      306
  SINCE SEP 1   1019                      1126   -107      673
  SINCE JUL 1   1023                      1146   -123      685

 COOLING
  YESTERDAY        0                         0      0        0
  MONTH TO DATE    0                         0      0        0
  SINCE SEP 1    131                        73     58      104
  SINCE JAN 1    954                       768    186      911
..................................................................


WIND (MPH)
  HIGHEST WIND SPEED    31   HIGHEST WIND DIRECTION    NW (310)
  HIGHEST GUST SPEED    37   HIGHEST GUST DIRECTION    NW (300)
  AVERAGE WIND SPEED    13.5


SKY COVER
  POSSIBLE SUNSHINE  MM
  AVERAGE SKY COVER 0.3


WEATHER CONDITIONS
 THE FOLLOWING WEATHER WAS RECORDED YESTERDAY.
  LIGHT RAIN


RELATIVE HUMIDITY (PERCENT)
 HIGHEST    92           200 AM
 LOWEST     29           300 PM
 AVERAGE    61

..........................................................


THE NORTH PLATTE NE CLIMATE NORMALS FOR TODAY
                         NORMAL    RECORD    YEAR
 MAXIMUM TEMPERATURE (F)   48        81      2007
 MINIMUM TEMPERATURE (F)   19        -5      1881


SUNRISE AND SUNSET
NOVEMBER 19 2017......SUNRISE   736 AM CST   SUNSET   520 PM CST
NOVEMBER 20 2017......SUNRISE   737 AM CST   SUNSET   520 PM CST


-  INDICATES NEGATIVE NUMBERS.
R  INDICATES RECORD WAS SET OR TIED.
MM INDICATES DATA IS MISSING.
T  INDICATES TRACE AMOUNT.




$$
