000
CDUS43 KLBF 230848
CLILBF


CLIMATE REPORT
NATIONAL WEATHER SERVICE NORTH PLATTE
347 AM CDT SUN JUL 23 2017


...................................

...THE NORTH PLATTE NE CLIMATE SUMMARY FOR JULY 22 2017...

CLIMATE NORMAL PERIOD 1981 TO 2010
CLIMATE RECORD PERIOD 1874 TO 2017


WEATHER ITEM   OBSERVED TIME   RECORD YEAR NORMAL DEPARTURE LAST
                VALUE   (LST)  VALUE       VALUE  FROM      YEAR
                                                  NORMAL
..................................................................
TEMPERATURE (F)
 YESTERDAY
  MAXIMUM         89    552 PM 108    2012  89      0       96
  MINIMUM         60   1159 PM  46    1990  61     -1       68
  AVERAGE         75                        75      0       82

PRECIPITATION (IN)
  YESTERDAY        0.02          2.23 1907   0.10  -0.08     0.09
  MONTH TO DATE    2.02                      2.15  -0.13     2.58
  SINCE JUN 1      2.45                      5.57  -3.12     5.84
  SINCE JAN 1     10.99                     13.01  -2.02    17.02

SNOWFALL (IN)
  YESTERDAY        0.0           0.0  2002   0.0    0.0      0.0
                                      2001
  MONTH TO DATE    T                         0.0    0.0      0.0
  SINCE JUN 1      T                         0.0    0.0      0.0
  SINCE JUL 1      T                         0.0    0.0      0.0
  SNOW DEPTH       0

DEGREE DAYS
 HEATING
  YESTERDAY        0                         0      0        0
  MONTH TO DATE    0                         0      0        6
  SINCE JUN 1      7                        51    -44       16
  SINCE JUL 1      0                         0      0        6

 COOLING
  YESTERDAY       10                        10      0       17
  MONTH TO DATE  304                       206     98      218
  SINCE JUN 1    516                       344    172      466
  SINCE JAN 1    533                       372    161      476
..................................................................


WIND (MPH)
  HIGHEST WIND SPEED    25   HIGHEST WIND DIRECTION     W (290)
  HIGHEST GUST SPEED    33   HIGHEST GUST DIRECTION     W (270)
  AVERAGE WIND SPEED     6.6


SKY COVER
  POSSIBLE SUNSHINE  MM
  AVERAGE SKY COVER 0.2


WEATHER CONDITIONS
 THE FOLLOWING WEATHER WAS RECORDED YESTERDAY.
  LIGHT RAIN


RELATIVE HUMIDITY (PERCENT)
 HIGHEST    84          1100 PM
 LOWEST     27           500 PM
 AVERAGE    56

..........................................................


THE NORTH PLATTE NE CLIMATE NORMALS FOR TODAY
                         NORMAL    RECORD    YEAR
 MAXIMUM TEMPERATURE (F)   89       104      2012
                                             2005
                                             1940
 MINIMUM TEMPERATURE (F)   61        49      1990
                                             1989
                                             1978


SUNRISE AND SUNSET
JULY 23 2017..........SUNRISE   630 AM CDT   SUNSET   908 PM CDT
JULY 24 2017..........SUNRISE   631 AM CDT   SUNSET   907 PM CDT


-  INDICATES NEGATIVE NUMBERS.
R  INDICATES RECORD WAS SET OR TIED.
MM INDICATES DATA IS MISSING.
T  INDICATES TRACE AMOUNT.




$$
