000
CDUS43 KLBF 300944
CLILBF

CLIMATE REPORT
NATIONAL WEATHER SERVICE NORTH PLATTE
444 AM CDT SAT AUG 30 2014

...................................

...THE NORTH PLATTE NE CLIMATE SUMMARY FOR AUGUST 29 2014...

CLIMATE NORMAL PERIOD 1981 TO 2010
CLIMATE RECORD PERIOD 1874 TO 2014


WEATHER ITEM   OBSERVED TIME   RECORD YEAR NORMAL DEPARTURE LAST
                VALUE   (LST)  VALUE       VALUE  FROM      YEAR
                                                  NORMAL
..................................................................
TEMPERATURE (F)
 YESTERDAY
  MAXIMUM         87    245 PM 103    2012  84      3      102
  MINIMUM         52    610 AM  44    1931  55     -3       58
  AVERAGE         70                        69      1       80

PRECIPITATION (IN)
  YESTERDAY        0.05          2.93 1957   0.05   0.00     0.00
  MONTH TO DATE    5.10                      2.19   2.91     3.33
  SINCE JUN 1     13.99                      8.68   5.31     8.02
  SINCE JAN 1     18.28                     16.12   2.16    14.18

SNOWFALL (IN)
  YESTERDAY        0.0           0.0  2002   0.0    0.0      0.0
                                      2001
  MONTH TO DATE    0.0                       0.0    0.0      0.0
  SINCE JUN 1      T                         0.0    0.0       T
  SINCE JUL 1      0.0                       0.0    0.0      0.0
  SNOW DEPTH       0

DEGREE DAYS
 HEATING
  YESTERDAY        0                         1     -1        0
  MONTH TO DATE    0                         8     -8        0
  SINCE JUN 1     56                        64     -8       60
  SINCE JUL 1     17                        13      4       13

 COOLING
  YESTERDAY        5                         6     -1       15
  MONTH TO DATE  250                       225     25      280
  SINCE JUN 1    616                       656    -40      761
  SINCE JAN 1    665                       684    -19      809
..................................................................


WIND (MPH)
  HIGHEST WIND SPEED    18   HIGHEST WIND DIRECTION     N (350)
  HIGHEST GUST SPEED    25   HIGHEST GUST DIRECTION     N (350)
  AVERAGE WIND SPEED     5.8


SKY COVER
  POSSIBLE SUNSHINE  MM
  AVERAGE SKY COVER 0.1


WEATHER CONDITIONS
 THE FOLLOWING WEATHER WAS RECORDED YESTERDAY.
  THUNDERSTORM
  LIGHT RAIN


RELATIVE HUMIDITY (PERCENT)
 HIGHEST   100           600 AM
 LOWEST     32           100 PM
 AVERAGE    66

..........................................................


THE NORTH PLATTE NE CLIMATE NORMALS FOR TODAY
                         NORMAL    RECORD    YEAR
 MAXIMUM TEMPERATURE (F)   84       102      2012
                                             1990
                                             1877
 MINIMUM TEMPERATURE (F)   54        41      1964


SUNRISE AND SUNSET
AUGUST 30 2014........SUNRISE   707 AM CDT   SUNSET   819 PM CDT
AUGUST 31 2014........SUNRISE   708 AM CDT   SUNSET   817 PM CDT


-  INDICATES NEGATIVE NUMBERS.
R  INDICATES RECORD WAS SET OR TIED.
MM INDICATES DATA IS MISSING.
T  INDICATES TRACE AMOUNT.

$$
