000
CDUS42 KILM 260941
CLILBT


CLIMATE REPORT
NATIONAL WEATHER SERVICE WILMINGTON NC
441 AM EST WED NOV 26 2014


...................................

...THE LUMBERTON NC CLIMATE SUMMARY FOR NOVEMBER 25 2014...

CLIMATE NORMAL PERIOD 1981 TO 2010
CLIMATE RECORD PERIOD 9999 TO 9999


WEATHER ITEM   OBSERVED TIME   NORMAL DEPARTURE LAST
                VALUE   (LST)  VALUE  FROM      YEAR
                                      NORMAL
......................................................
TEMPERATURE (F)
 YESTERDAY
  MAXIMUM         66   1254 AM  64      2       45
  MINIMUM         54   1159 PM  39     15       19
  AVERAGE         60            52      8       32

PRECIPITATION (IN)
  YESTERDAY        0.83          0.11   0.72     0.00
  MONTH TO DATE    1.87          2.37  -0.50     0.69
  SINCE SEP 1      6.49          9.74  -3.25     2.44
  SINCE JAN 1     38.65         40.13  -1.48    38.42

SNOWFALL (IN)
  YESTERDAY       MM
  MONTH TO DATE   MM
  SINCE SEP 1     MM
  SINCE JUL 1     MM
  SNOW DEPTH      MM

DEGREE DAYS
 HEATING
  YESTERDAY        5            14     -9       33
  MONTH TO DATE  355           262     93      306
  SINCE SEP 1    443           394     49      410
  SINCE JUL 1    443           394     49      410

 COOLING
  YESTERDAY        0             0      0        0
  MONTH TO DATE    9            10     -1       14
  SINCE SEP 1    404           332     72      350
  SINCE JAN 1   2061          1904    157     1861
......................................................


WIND (MPH)
  HIGHEST WIND SPEED    14   HIGHEST WIND DIRECTION     N (20)
  HIGHEST GUST SPEED    17   HIGHEST GUST DIRECTION     N (20)
  AVERAGE WIND SPEED     5.0


SKY COVER
  POSSIBLE SUNSHINE  MM
  AVERAGE SKY COVER 0.9


WEATHER CONDITIONS
 THE FOLLOWING WEATHER WAS RECORDED YESTERDAY.
  RAIN
  LIGHT RAIN
  FOG


RELATIVE HUMIDITY (PERCENT)
 HIGHEST    97           600 AM
 LOWEST     81           100 AM
 AVERAGE    89

..........................................................


THE LUMBERTON NC CLIMATE NORMALS FOR TODAY
                         NORMAL
 MAXIMUM TEMPERATURE (F)   64
 MINIMUM TEMPERATURE (F)   39


SUNRISE AND SUNSET
NOVEMBER 26 2014......SUNRISE   700 AM EST   SUNSET   507 PM EST
NOVEMBER 27 2014......SUNRISE   701 AM EST   SUNSET   506 PM EST


-  INDICATES NEGATIVE NUMBERS.
R  INDICATES RECORD WAS SET OR TIED.
MM INDICATES DATA IS MISSING.
T  INDICATES TRACE AMOUNT.




$$
