000
CDUS42 KILM 300841
CLILBT


CLIMATE REPORT
NATIONAL WEATHER SERVICE WILMINGTON NC
441 AM EDT THU OCT 30 2014


...................................

...THE LUMBERTON NC CLIMATE SUMMARY FOR OCTOBER 29 2014...

CLIMATE NORMAL PERIOD 1981 TO 2010
CLIMATE RECORD PERIOD 9999 TO 9999


WEATHER ITEM   OBSERVED TIME   NORMAL DEPARTURE LAST
                VALUE   (LST)  VALUE  FROM      YEAR
                                      NORMAL
......................................................
TEMPERATURE (F)
 YESTERDAY
  MAXIMUM         82    257 PM  72     10       77
  MINIMUM         59   1159 PM  47     12       45
  AVERAGE         71            59     12       61

PRECIPITATION (IN)
  YESTERDAY        0.10          0.06   0.04     0.00
  MONTH TO DATE    0.70          2.43  -1.73     0.26
  SINCE SEP 1      4.62          7.23  -2.61     1.66
  SINCE JAN 1     36.78         37.62  -0.84    37.64

DEGREE DAYS
 HEATING
  YESTERDAY        0             7     -7        4
  MONTH TO DATE   69           107    -38      104
  SINCE SEP 1     75           116    -41      104
  SINCE JUL 1     75           116    -41      104

 COOLING
  YESTERDAY        6             1      5        0
  MONTH TO DATE   97            71     26       80
  SINCE SEP 1    395           320     75      336
  SINCE JAN 1   2052          1892    160     1847
......................................................


WIND (MPH)
  HIGHEST WIND SPEED    23   HIGHEST WIND DIRECTION    SW (230)
  HIGHEST GUST SPEED    30   HIGHEST GUST DIRECTION    SW (220)
  AVERAGE WIND SPEED     8.4


SKY COVER
  POSSIBLE SUNSHINE  MM
  AVERAGE SKY COVER 0.3


WEATHER CONDITIONS
 THE FOLLOWING WEATHER WAS RECORDED YESTERDAY.
  LIGHT RAIN
  FOG


RELATIVE HUMIDITY (PERCENT)
 HIGHEST    93           500 AM
 LOWEST     40           300 PM
 AVERAGE    67

..........................................................


THE LUMBERTON NC CLIMATE NORMALS FOR TODAY
                         NORMAL
 MAXIMUM TEMPERATURE (F)   72
 MINIMUM TEMPERATURE (F)   46


SUNRISE AND SUNSET
OCTOBER 30 2014.......SUNRISE   735 AM EDT   SUNSET   625 PM EDT
OCTOBER 31 2014.......SUNRISE   736 AM EDT   SUNSET   624 PM EDT


-  INDICATES NEGATIVE NUMBERS.
R  INDICATES RECORD WAS SET OR TIED.
MM INDICATES DATA IS MISSING.
T  INDICATES TRACE AMOUNT.




$$
