000
CDUS42 KILM 241009
CLILBT


CLIMATE REPORT
NATIONAL WEATHER SERVICE WILMINGTON NC
509 AM EST FRI NOV 24 2017


...................................

...THE LUMBERTON NC CLIMATE SUMMARY FOR NOVEMBER 23 2017...

CLIMATE NORMAL PERIOD 1981 TO 2010
CLIMATE RECORD PERIOD 9999 TO 9999


WEATHER ITEM   OBSERVED TIME   NORMAL DEPARTURE LAST
                VALUE   (LST)  VALUE  FROM      YEAR
                                      NORMAL
......................................................
TEMPERATURE (F)
 YESTERDAY
  MAXIMUM         49    311 PM  65    -16       60
  MINIMUM         36   1156 PM  40     -4       28
  AVERAGE         43            52     -9       44

PRECIPITATION (IN)
  YESTERDAY        0.00          0.10  -0.10     0.00
  MONTH TO DATE    0.74          2.16  -1.42     0.85
  SINCE SEP 1      7.94          9.53  -1.59    20.82
  SINCE JAN 1     39.75         39.92  -0.17    53.33

SNOWFALL (IN)
  YESTERDAY       MM
  MONTH TO DATE   MM
  SINCE SEP 1     MM
  SINCE JUL 1     MM
  SNOW DEPTH      MM

DEGREE DAYS
 HEATING
  YESTERDAY       22            13      9       21
  MONTH TO DATE  256           235     21      264
  SINCE SEP 1    353           367    -14      300
  SINCE JUL 1    353           367    -14      300

 COOLING
  YESTERDAY        0             0      0        0
  MONTH TO DATE   12            10      2        4
  SINCE SEP 1    371           332     39      462
  SINCE JAN 1   2105          1904    201     2361
......................................................


WIND (MPH)
  HIGHEST WIND SPEED    12   HIGHEST WIND DIRECTION     N (20)
  HIGHEST GUST SPEED    16   HIGHEST GUST DIRECTION    NE (60)
  AVERAGE WIND SPEED     6.4


SKY COVER
  POSSIBLE SUNSHINE  MM
  AVERAGE SKY COVER 0.0


WEATHER CONDITIONS
 THE FOLLOWING WEATHER WAS RECORDED YESTERDAY.
  NO SIGNIFICANT WEATHER WAS OBSERVED.


RELATIVE HUMIDITY (PERCENT)
 HIGHEST    92          1100 PM
 LOWEST     53           100 AM
 AVERAGE    73

..........................................................


THE LUMBERTON NC CLIMATE NORMALS FOR TODAY
                         NORMAL
 MAXIMUM TEMPERATURE (F)   64
 MINIMUM TEMPERATURE (F)   39


SUNRISE AND SUNSET
NOVEMBER 24 2017......SUNRISE   659 AM EST   SUNSET   507 PM EST
NOVEMBER 25 2017......SUNRISE   700 AM EST   SUNSET   507 PM EST


-  INDICATES NEGATIVE NUMBERS.
R  INDICATES RECORD WAS SET OR TIED.
MM INDICATES DATA IS MISSING.
T  INDICATES TRACE AMOUNT.




$$
