000
CDUS42 KILM 032049
CLILBT


CLIMATE REPORT
NATIONAL WEATHER SERVICE WILMINGTON NC
444 PM EDT THU SEP 3 2015


...................................

...THE LUMBERTON NC CLIMATE SUMMARY FOR SEPTEMBER 3 2015...
VALID TODAY AS OF 0400 PM LOCAL TIME.

CLIMATE NORMAL PERIOD 1981 TO 2010
CLIMATE RECORD PERIOD 9999 TO 9999


WEATHER ITEM   OBSERVED TIME   NORMAL DEPARTURE LAST
                VALUE   (LST)  VALUE  FROM      YEAR
                                      NORMAL
......................................................
TEMPERATURE (F)
 TODAY
  MAXIMUM         94    246 PM  86      8       93
  MINIMUM         73    629 AM  66      7       72
  AVERAGE         84            76      8       83

PRECIPITATION (IN)
  TODAY            0.00          0.17  -0.17     0.00
  MONTH TO DATE    0.00          0.52  -0.52     0.00
  SINCE SEP 1      0.00          0.52  -0.52     0.00
  SINCE JAN 1     28.98         30.91  -1.93    32.16

DEGREE DAYS
 HEATING
  TODAY            0             0      0        0
  MONTH TO DATE    0             0      0        0
  SINCE SEP 1      0             0      0        0
  SINCE JUL 1      0             0      0        0

 COOLING
  TODAY           19            11      8       18
  MONTH TO DATE   52            34     18       58
  SINCE SEP 1     52            34     18       58
  SINCE JAN 1   1994          1606    388     1715
......................................................


WIND (MPH)
  HIGHEST WIND SPEED    13   HIGHEST WIND DIRECTION     N (20)
  HIGHEST GUST SPEED    14   HIGHEST GUST DIRECTION     N (10)
  AVERAGE WIND SPEED     3.1


SKY COVER
  POSSIBLE SUNSHINE  MM
  AVERAGE SKY COVER 0.2


WEATHER CONDITIONS
 THE FOLLOWING WEATHER WAS RECORDED TODAY.
  FOG
  HAZE


RELATIVE HUMIDITY (PERCENT)
 HIGHEST    94           100 AM
 LOWEST     46           200 PM
 AVERAGE    70

..........................................................


THE LUMBERTON NC CLIMATE NORMALS FOR TOMORROW
                         NORMAL    RECORD    YEAR
 MAXIMUM TEMPERATURE (F)   86        93      2014
 MINIMUM TEMPERATURE (F)   66        61      2010


SUNRISE AND SUNSET
SEPTEMBER  3 2015.....SUNRISE   651 AM EDT   SUNSET   740 PM EDT
SEPTEMBER  4 2015.....SUNRISE   651 AM EDT   SUNSET   739 PM EDT


-  INDICATES NEGATIVE NUMBERS.
R  INDICATES RECORD WAS SET OR TIED.
MM INDICATES DATA IS MISSING.
T  INDICATES TRACE AMOUNT.




$$
