000
CDUS44 KLCH 270837
CLILCH


CLIMATE REPORT
NATIONAL WEATHER SERVICE LAKE CHARLES, LA
336 AM CDT FRI MAR 27 2015


...................................

...THE LAKE CHARLES CLIMATE SUMMARY FOR MARCH 26 2015...

CLIMATE NORMAL PERIOD 1981 TO 2010
CLIMATE RECORD PERIOD 1895 TO 2015


WEATHER ITEM   OBSERVED TIME   RECORD YEAR NORMAL DEPARTURE LAST
                VALUE   (LST)  VALUE       VALUE  FROM      YEAR
                                                  NORMAL
..................................................................
TEMPERATURE (F)
 YESTERDAY
  MAXIMUM         74   1206 PM  87    1910  74      0       60
                                      1907
  MINIMUM         56   1159 PM  32    1915  53      3       43
  AVERAGE         65                        64      1       52

PRECIPITATION (IN)
  YESTERDAY        0.00          1.97 1914   0.12  -0.12     0.01
  MONTH TO DATE    6.21                      3.08   3.13     1.82
  SINCE MAR 1      6.21                      3.08   3.13     1.82
  SINCE JAN 1     14.69                     11.77   2.92     8.61

SNOWFALL (IN)
  YESTERDAY        0.0           0.0    MM   0.0    0.0     MM
  MONTH TO DATE    T                         0.0    0.0      0.0
  SINCE MAR 1      T                         0.0    0.0      0.0
  SINCE JUL 1      T                         0.1   -0.1      0.1
  SNOW DEPTH       0

DEGREE DAYS
 HEATING
  YESTERDAY        0                         4     -4       13
  MONTH TO DATE   91                       147    -56      236
  SINCE MAR 1     91                       147    -56      236
  SINCE JUL 1   1529                      1429    100     1887

 COOLING
  YESTERDAY        0                         2     -2        0
  MONTH TO DATE   47                        39      8        7
  SINCE MAR 1     47                        39      8        7
  SINCE JAN 1     53                        62     -9       22
..................................................................


WIND (MPH)
  HIGHEST WIND SPEED    23   HIGHEST WIND DIRECTION     N (350)
  HIGHEST GUST SPEED    30   HIGHEST GUST DIRECTION     N (340)
  AVERAGE WIND SPEED     9.1


SKY COVER
  POSSIBLE SUNSHINE  MM
  AVERAGE SKY COVER 0.8


WEATHER CONDITIONS
 THE FOLLOWING WEATHER WAS RECORDED YESTERDAY.
  FOG


RELATIVE HUMIDITY (PERCENT)
 HIGHEST   100          1200 AM
 LOWEST     68           400 PM
 AVERAGE    84

..........................................................


THE LAKE CHARLES CLIMATE NORMALS FOR TODAY
                         NORMAL    RECORD    YEAR
 MAXIMUM TEMPERATURE (F)   74        90      1910
 MINIMUM TEMPERATURE (F)   53        28      1913


SUNRISE AND SUNSET
MARCH 27 2015.........SUNRISE   708 AM CDT   SUNSET   728 PM CDT
MARCH 28 2015.........SUNRISE   707 AM CDT   SUNSET   729 PM CDT


-  INDICATES NEGATIVE NUMBERS.
R  INDICATES RECORD WAS SET OR TIED.
MM INDICATES DATA IS MISSING.
T  INDICATES TRACE AMOUNT.




$$
