000
CDUS44 KLCH 241245
CLILCH


CLIMATE REPORT
NATIONAL WEATHER SERVICE LAKE CHARLES, LA
645 AM CST TUE JAN 24 2017


...................................

...THE LAKE CHARLES CLIMATE SUMMARY FOR JANUARY 23 2017...

CLIMATE NORMAL PERIOD 1981 TO 2010
CLIMATE RECORD PERIOD 1895 TO 2017


WEATHER ITEM   OBSERVED TIME   RECORD YEAR NORMAL DEPARTURE LAST
                VALUE   (LST)  VALUE       VALUE  FROM      YEAR
                                                  NORMAL
..................................................................
TEMPERATURE (F)
 YESTERDAY
  MAXIMUM         70    424 PM  85    1914  62      8       56
  MINIMUM         47   1143 PM  17    1948  42      5       33
  AVERAGE         59                        52      7       45

PRECIPITATION (IN)
  YESTERDAY        0.00          2.59 1938   0.16  -0.16     0.00
  MONTH TO DATE    4.80                      3.99   0.81     2.64
  SINCE DEC 1     16.85                      8.67   8.18     5.88
  SINCE JAN 1      4.80                      3.99   0.81     2.64

SNOWFALL (IN)
  YESTERDAY        0.0           3.4  1940   0.0    0.0      0.0
  MONTH TO DATE    T                         0.0    0.0      0.0
  SINCE DEC 1      T                         T      0.0      0.0
  SINCE JUL 1      T                         T      0.0      0.0
  SNOW DEPTH       0

DEGREE DAYS
 HEATING
  YESTERDAY        6                        13     -7       20
  MONTH TO DATE  143                       319   -176      340
  SINCE DEC 1    396                       686   -290      546
  SINCE JUL 1    490                       893   -403      622

 COOLING
  YESTERDAY        0                         0      0        0
  MONTH TO DATE   56                         0     56        0
  SINCE DEC 1    112                        20     92       57
  SINCE JAN 1     56                         0     56        0
..................................................................


WIND (MPH)
  HIGHEST WIND SPEED    23   HIGHEST WIND DIRECTION    NW (320)
  HIGHEST GUST SPEED    29   HIGHEST GUST DIRECTION    NW (320)
  AVERAGE WIND SPEED     8.7


SKY COVER
  POSSIBLE SUNSHINE  MM
  AVERAGE SKY COVER 0.0


WEATHER CONDITIONS
 THE FOLLOWING WEATHER WAS RECORDED YESTERDAY.
  NO SIGNIFICANT WEATHER WAS OBSERVED.


RELATIVE HUMIDITY (PERCENT)
 HIGHEST    86          1000 PM
 LOWEST     26           300 PM
 AVERAGE    56

..........................................................


THE LAKE CHARLES CLIMATE NORMALS FOR TODAY
                         NORMAL    RECORD    YEAR
 MAXIMUM TEMPERATURE (F)   62        84      1909
 MINIMUM TEMPERATURE (F)   43        12      1948


SUNRISE AND SUNSET
JANUARY 24 2017.......SUNRISE   707 AM CST   SUNSET   543 PM CST
JANUARY 25 2017.......SUNRISE   707 AM CST   SUNSET   544 PM CST


-  INDICATES NEGATIVE NUMBERS.
R  INDICATES RECORD WAS SET OR TIED.
MM INDICATES DATA IS MISSING.
T  INDICATES TRACE AMOUNT.




$$
