000
CDUS44 KLCH 010849
CLILCH


CLIMATE REPORT
NATIONAL WEATHER SERVICE LAKE CHARLES, LA
349 AM CDT WED OCT 1 2014


...................................

...THE LAKE CHARLES CLIMATE SUMMARY FOR SEPTEMBER 30 2014...

CLIMATE NORMAL PERIOD 1981 TO 2010
CLIMATE RECORD PERIOD 1895 TO 2014


WEATHER ITEM   OBSERVED TIME   RECORD YEAR NORMAL DEPARTURE LAST
                VALUE   (LST)  VALUE       VALUE  FROM      YEAR
                                                  NORMAL
..................................................................
TEMPERATURE (F)
 YESTERDAY
  MAXIMUM         89    249 PM  97    1929  85      4       80
                                      1910
                                      1904
  MINIMUM         71    619 AM  45    1909  65      6       72
  AVERAGE         80                        75      5       76

PRECIPITATION (IN)
  YESTERDAY        0.00          1.62 1934   0.14  -0.14     1.25
  MONTH TO DATE    4.97                      5.26  -0.29     9.69
  SINCE SEP 1      4.97                      5.26  -0.29     9.69
  SINCE JAN 1     57.04                     43.48  13.56    48.69

SNOWFALL (IN)
  YESTERDAY        0.0           0.0    MM   0.0    0.0      0.0
  MONTH TO DATE    0.0                       0.0    0.0      0.0
  SINCE SEP 1      0.0                       0.0    0.0      0.0
  SINCE JUL 1      0.0                       0.0    0.0      0.0
  SNOW DEPTH       0

DEGREE DAYS
 HEATING
  YESTERDAY        0                         0      0        0
  MONTH TO DATE    0                         0      0        0
  SINCE SEP 1      0                         1     -1        0
  SINCE JUL 1      0                         1     -1        0

 COOLING
  YESTERDAY       15                        10      5       11
  MONTH TO DATE  438                       411     27      504
  SINCE SEP 1    438                       411     27      504
  SINCE JAN 1   2448                      2540    -92     2709
..................................................................


WIND (MPH)
  HIGHEST WIND SPEED    14   HIGHEST WIND DIRECTION    SE (150)
  HIGHEST GUST SPEED    16   HIGHEST GUST DIRECTION    SE (150)
  AVERAGE WIND SPEED     4.1


SKY COVER
  POSSIBLE SUNSHINE  MM
  AVERAGE SKY COVER 0.1


WEATHER CONDITIONS
 THE FOLLOWING WEATHER WAS RECORDED YESTERDAY.
  FOG
  HAZE


RELATIVE HUMIDITY (PERCENT)
 HIGHEST   100           400 AM
 LOWEST     55           100 PM
 AVERAGE    78

..........................................................


THE LAKE CHARLES CLIMATE NORMALS FOR TODAY
                         NORMAL    RECORD    YEAR
 MAXIMUM TEMPERATURE (F)   85        97      1904
 MINIMUM TEMPERATURE (F)   64        42      1924
                                             1920


SUNRISE AND SUNSET
OCTOBER  1 2014.......SUNRISE   706 AM CDT   SUNSET   658 PM CDT
OCTOBER  2 2014.......SUNRISE   707 AM CDT   SUNSET   657 PM CDT


-  INDICATES NEGATIVE NUMBERS.
R  INDICATES RECORD WAS SET OR TIED.
MM INDICATES DATA IS MISSING.
T  INDICATES TRACE AMOUNT.




$$
