000
CDUS44 KLCH 270932
CLILCH


CLIMATE REPORT
NATIONAL WEATHER SERVICE LAKE CHARLES, LA
332 AM CST THU NOV 27 2014


...................................

...THE LAKE CHARLES CLIMATE SUMMARY FOR NOVEMBER 26 2014...

CLIMATE NORMAL PERIOD 1981 TO 2010
CLIMATE RECORD PERIOD 1895 TO 2014


WEATHER ITEM   OBSERVED TIME   RECORD YEAR NORMAL DEPARTURE LAST
                VALUE   (LST)  VALUE       VALUE  FROM      YEAR
                                                  NORMAL
..................................................................
TEMPERATURE (F)
 YESTERDAY
  MAXIMUM         70    226 PM  88    1913  68      2       43
  MINIMUM         37    224 AM  25    1912  48    -11       40
  AVERAGE         54                        58     -4       42

PRECIPITATION (IN)
  YESTERDAY        0.00          3.35 1975   0.14  -0.14     0.69
  MONTH TO DATE    7.05                      3.85   3.20     3.18
  SINCE SEP 1     14.53                     14.01   0.52    16.41
  SINCE JAN 1     66.60                     52.23  14.37    55.41

SNOWFALL (IN)
  YESTERDAY        0.0           0.0    MM   0.0    0.0     MM
  MONTH TO DATE    0.0                       0.0    0.0      0.0
  SINCE SEP 1      0.0                       0.0    0.0      0.0
  SINCE JUL 1      0.0                       0.0    0.0      0.0
  SNOW DEPTH       0

DEGREE DAYS
 HEATING
  YESTERDAY       11                         8      3       23
  MONTH TO DATE  244                       136    108      170
  SINCE SEP 1    249                       172     77      188
  SINCE JUL 1    249                       172     77      188

 COOLING
  YESTERDAY        0                         1     -1        0
  MONTH TO DATE   16                        50    -34       40
  SINCE SEP 1    675                       654     21      742
  SINCE JAN 1   2685                      2783    -98     2947
..................................................................


WIND (MPH)
  HIGHEST WIND SPEED    21   HIGHEST WIND DIRECTION    SW (240)
  HIGHEST GUST SPEED    30   HIGHEST GUST DIRECTION    SW (240)
  AVERAGE WIND SPEED     6.7


SKY COVER
  POSSIBLE SUNSHINE  MM
  AVERAGE SKY COVER 0.0


WEATHER CONDITIONS
 THE FOLLOWING WEATHER WAS RECORDED YESTERDAY.
  NO SIGNIFICANT WEATHER WAS OBSERVED.


RELATIVE HUMIDITY (PERCENT)
 HIGHEST   100           100 AM
 LOWEST     36           100 PM
 AVERAGE    68

..........................................................


THE LAKE CHARLES CLIMATE NORMALS FOR TODAY
                         NORMAL    RECORD    YEAR
 MAXIMUM TEMPERATURE (F)   68        87      1908
 MINIMUM TEMPERATURE (F)   48        28      1912


SUNRISE AND SUNSET
NOVEMBER 27 2014......SUNRISE   648 AM CST   SUNSET   513 PM CST
NOVEMBER 28 2014......SUNRISE   649 AM CST   SUNSET   513 PM CST


-  INDICATES NEGATIVE NUMBERS.
R  INDICATES RECORD WAS SET OR TIED.
MM INDICATES DATA IS MISSING.
T  INDICATES TRACE AMOUNT.




$$
