000
CDUS44 KLCH 220816
CLILCH


CLIMATE REPORT
NATIONAL WEATHER SERVICE LAKE CHARLES, LA
315 AM CDT MON MAY 22 2017


...................................

...THE LAKE CHARLES CLIMATE SUMMARY FOR MAY 21 2017...

CLIMATE NORMAL PERIOD 1981 TO 2010
CLIMATE RECORD PERIOD 1895 TO 2017


WEATHER ITEM   OBSERVED TIME   RECORD YEAR NORMAL DEPARTURE LAST
                VALUE   (LST)  VALUE       VALUE  FROM      YEAR
                                                  NORMAL
..................................................................
TEMPERATURE (F)
 YESTERDAY
  MAXIMUM         84    915 AM  99    2005  86     -2       88
  MINIMUM         69    451 PM  52    1981  68      1       67
  AVERAGE         77                        77      0       78

PRECIPITATION (IN)
  YESTERDAY        1.37          4.20 1967   0.17   1.20     0.05
  MONTH TO DATE    7.04                      3.31   3.73     8.91
  SINCE MAR 1     14.51                     10.30   4.21    22.24
  SINCE JAN 1     21.46                     18.99   2.47    27.41

SNOWFALL (IN)
  YESTERDAY        0.0           0.0    MM   0.0    0.0      0.0
  MONTH TO DATE    0.0                       0.0    0.0      0.0
  SINCE MAR 1      0.0                       0.0    0.0      0.0
  SINCE JUL 1      T                         0.1   -0.1      0.0
  SNOW DEPTH       0

DEGREE DAYS
 HEATING
  YESTERDAY        0                         0      0        0
  MONTH TO DATE    1                         0      1        0
  SINCE MAR 1     85                       207   -122       85
  SINCE JUL 1    743                      1489   -746     1034

 COOLING
  YESTERDAY       12                        12      0       13
  MONTH TO DATE  177                       200    -23      187
  SINCE MAR 1    461                       385     76      461
  SINCE JAN 1    592                       408    184      476
..................................................................


WIND (MPH)
  HIGHEST WIND SPEED    20   HIGHEST WIND DIRECTION     N (340)
  HIGHEST GUST SPEED    24   HIGHEST GUST DIRECTION     N (340)
  AVERAGE WIND SPEED     6.7


SKY COVER
  POSSIBLE SUNSHINE  MM
  AVERAGE SKY COVER 0.7


WEATHER CONDITIONS
 THE FOLLOWING WEATHER WAS RECORDED YESTERDAY.
  THUNDERSTORM
  HEAVY RAIN
  RAIN
  LIGHT RAIN
  FOG


RELATIVE HUMIDITY (PERCENT)
 HIGHEST    97           400 PM
 LOWEST     87           200 PM
 AVERAGE    92

..........................................................


THE LAKE CHARLES CLIMATE NORMALS FOR TODAY
                         NORMAL    RECORD    YEAR
 MAXIMUM TEMPERATURE (F)   86       100      1915
 MINIMUM TEMPERATURE (F)   68        50      1901


SUNRISE AND SUNSET
MAY 22 2017...........SUNRISE   615 AM CDT   SUNSET   804 PM CDT
MAY 23 2017...........SUNRISE   615 AM CDT   SUNSET   805 PM CDT


-  INDICATES NEGATIVE NUMBERS.
R  INDICATES RECORD WAS SET OR TIED.
MM INDICATES DATA IS MISSING.
T  INDICATES TRACE AMOUNT.




$$
