000
CDUS44 KLCH 261245
CLILCH


CLIMATE REPORT
NATIONAL WEATHER SERVICE LAKE CHARLES, LA
645 AM CST SUN FEB 26 2017


...................................

...THE LAKE CHARLES CLIMATE SUMMARY FOR FEBRUARY 25 2017...

CLIMATE NORMAL PERIOD 1981 TO 2010
CLIMATE RECORD PERIOD 1895 TO 2017


WEATHER ITEM   OBSERVED TIME   RECORD YEAR NORMAL DEPARTURE LAST
                VALUE   (LST)  VALUE       VALUE  FROM      YEAR
                                                  NORMAL
..................................................................
TEMPERATURE (F)
 YESTERDAY
  MAXIMUM         70    327 PM  83    1906  67      3       72
  MINIMUM         48   1158 PM  23    1914  48      0       37
  AVERAGE         59                        57      2       55

PRECIPITATION (IN)
  YESTERDAY        T             2.47 1993   0.11  -0.11     0.00
  MONTH TO DATE    2.04                      3.12  -1.08     1.07
  SINCE DEC 1     19.00                     13.03   5.97     8.41
  SINCE JAN 1      6.95                      8.35  -1.40     5.17

SNOWFALL (IN)
  YESTERDAY       MM             0.0    MM   0.0   MM        0.0
  MONTH TO DATE    0.0                       0.1   -0.1      0.0
  SINCE DEC 1      T                         0.1   -0.1      0.0
  SINCE JUL 1      T                         0.1   -0.1      0.0
  SNOW DEPTH       0

DEGREE DAYS
 HEATING
  YESTERDAY        6                         8     -2       10
  MONTH TO DATE   86                       267   -181      206
  SINCE DEC 1    558                      1051   -493      837
  SINCE JUL 1    652                      1258   -606      913

 COOLING
  YESTERDAY        0                         1     -1        0
  MONTH TO DATE   57                         3     54       12
  SINCE DEC 1    170                        33    137       72
  SINCE JAN 1    114                        13    101       15
..................................................................


WIND (MPH)
  HIGHEST WIND SPEED    25   HIGHEST WIND DIRECTION     N (340)
  HIGHEST GUST SPEED    35   HIGHEST GUST DIRECTION     N (340)
  AVERAGE WIND SPEED    10.4


SKY COVER
  POSSIBLE SUNSHINE  MM
  AVERAGE SKY COVER 0.0


WEATHER CONDITIONS
 THE FOLLOWING WEATHER WAS RECORDED YESTERDAY.
  LIGHT RAIN


RELATIVE HUMIDITY (PERCENT)
 HIGHEST    66           700 AM
 LOWEST     20           500 PM
 AVERAGE    43

..........................................................


THE LAKE CHARLES CLIMATE NORMALS FOR TODAY
                         NORMAL    RECORD    YEAR
 MAXIMUM TEMPERATURE (F)   67        83      1972
 MINIMUM TEMPERATURE (F)   48        22      1914


SUNRISE AND SUNSET
FEBRUARY 26 2017......SUNRISE   642 AM CST   SUNSET   610 PM CST
FEBRUARY 27 2017......SUNRISE   641 AM CST   SUNSET   611 PM CST


-  INDICATES NEGATIVE NUMBERS.
R  INDICATES RECORD WAS SET OR TIED.
MM INDICATES DATA IS MISSING.
T  INDICATES TRACE AMOUNT.




$$
