000
CDUS43 KLMK 190628
CLILEX


CLIMATE REPORT
NATIONAL WEATHER SERVICE LOUISVILLE KY
127 AM EST THU JAN 19 2017


...................................

...THE LEXINGTON KY CLIMATE SUMMARY FOR JANUARY 18 2017...

CLIMATE NORMAL PERIOD 1981 TO 2010
CLIMATE RECORD PERIOD 1872 TO 2017


WEATHER ITEM   OBSERVED TIME   RECORD YEAR NORMAL DEPARTURE LAST
                VALUE   (LST)  VALUE       VALUE  FROM      YEAR
                                                  NORMAL
..................................................................
TEMPERATURE (F)
 YESTERDAY
  MAXIMUM         45    333 PM  72    1929  41      4       19
  MINIMUM         36   1159 PM -17    1994  25     11        4
  AVERAGE         41                        33      8       12

PRECIPITATION (IN)
  YESTERDAY        0.01          1.08 1910   0.10  -0.09     0.00
  MONTH TO DATE    3.53                      1.85   1.68     0.59
  SINCE DEC 1      9.71                      5.78   3.93     7.80
  SINCE JAN 1      3.53                      1.85   1.68     0.59

SNOWFALL (IN)
  YESTERDAY        0.0           5.5  1984   0.1   -0.1      0.0
  MONTH TO DATE    2.5                       2.1    0.4      0.3
  SINCE DEC 1      2.6                       4.6   -2.0      0.3
  SINCE JUL 1      2.6                       4.9   -2.3      0.3
  SNOW DEPTH       0

DEGREE DAYS
 HEATING
  YESTERDAY       24                        32     -8       53
  MONTH TO DATE  479                       576    -97      577
  SINCE DEC 1   1336                      1477   -141     1073
  SINCE JUL 1   1922                      2364   -442     1759

 COOLING
  YESTERDAY        0                         0      0        0
  MONTH TO DATE    0                         0      0        0
  SINCE DEC 1      0                         0      0        0
  SINCE JAN 1      0                         0      0        0
..................................................................


WIND (MPH)
  HIGHEST WIND SPEED    17   HIGHEST WIND DIRECTION     W (270)
  HIGHEST GUST SPEED    23   HIGHEST GUST DIRECTION     W (270)
  AVERAGE WIND SPEED     6.5


SKY COVER
  POSSIBLE SUNSHINE  MM
  AVERAGE SKY COVER 0.8


WEATHER CONDITIONS
 THE FOLLOWING WEATHER WAS RECORDED YESTERDAY.
  LIGHT RAIN
  FOG


RELATIVE HUMIDITY (PERCENT)
 HIGHEST    92          1100 PM
 LOWEST     70           300 PM
 AVERAGE    81

..........................................................


THE LEXINGTON KY CLIMATE NORMALS FOR TODAY
                         NORMAL    RECORD    YEAR
 MAXIMUM TEMPERATURE (F)   41        68      1907
 MINIMUM TEMPERATURE (F)   25       -20      1994


SUNRISE AND SUNSET
JANUARY 19 2017.......SUNRISE   751 AM EST   SUNSET   547 PM EST
JANUARY 20 2017.......SUNRISE   751 AM EST   SUNSET   548 PM EST


-  INDICATES NEGATIVE NUMBERS.
R  INDICATES RECORD WAS SET OR TIED.
MM INDICATES DATA IS MISSING.
T  INDICATES TRACE AMOUNT.




$$
