000
CDUS43 KLMK 030630
CLILEX


CLIMATE REPORT
NATIONAL WEATHER SERVICE LOUISVILLE KY
129 AM EST TUE MAR 3 2015


...................................

...THE LEXINGTON KY CLIMATE SUMMARY FOR MARCH 2 2015...

CLIMATE NORMAL PERIOD 1981 TO 2010
CLIMATE RECORD PERIOD 1872 TO 2015


WEATHER ITEM   OBSERVED TIME   RECORD YEAR NORMAL DEPARTURE LAST
                VALUE   (LST)  VALUE       VALUE  FROM      YEAR
                                                  NORMAL
..................................................................
TEMPERATURE (F)
 YESTERDAY
  MAXIMUM         37    307 PM  75    1976  50    -13       51
  MINIMUM         24    745 AM   3    1980  32     -8       23
  AVERAGE         31                        41    -10       37

PRECIPITATION (IN)
  YESTERDAY        0.01          1.88 1940   0.12  -0.11     1.02
  MONTH TO DATE    0.32                      0.24   0.08     1.02
  SINCE MAR 1      0.32                      0.24   0.08     1.02
  SINCE JAN 1      5.17                      6.64  -1.47     8.06

SNOWFALL (IN)
  YESTERDAY        0.0           6.5  1960   0.0    0.0      0.4
  MONTH TO DATE    0.0                       0.1   -0.1      0.4
  SINCE MAR 1      0.0                       0.1   -0.1      0.4
  SINCE JUL 1     22.9                      11.4   11.5     19.7
  SNOW DEPTH       1

DEGREE DAYS
 HEATING
  YESTERDAY       34                        24     10       28
  MONTH TO DATE   63                        48     15       48
  SINCE MAR 1     63                        48     15       48
  SINCE JUL 1   4041                      3619    422     3891

 COOLING
  YESTERDAY        0                         0      0        0
  MONTH TO DATE    0                         0      0        0
  SINCE MAR 1      0                         0      0        0
  SINCE JAN 1      0                         0      0        0
..................................................................


WIND (MPH)
  HIGHEST WIND SPEED    17   HIGHEST WIND DIRECTION     N (360)
  HIGHEST GUST SPEED    23   HIGHEST GUST DIRECTION    NW (330)
  AVERAGE WIND SPEED     9.5


SKY COVER
  POSSIBLE SUNSHINE  MM
  AVERAGE SKY COVER 0.3


WEATHER CONDITIONS
 THE FOLLOWING WEATHER WAS RECORDED YESTERDAY.
  LIGHT RAIN
  FOG


RELATIVE HUMIDITY (PERCENT)
 HIGHEST   100           300 AM
 LOWEST     56           200 PM
 AVERAGE    78

..........................................................


THE LEXINGTON KY CLIMATE NORMALS FOR TODAY
                         NORMAL    RECORD    YEAR
 MAXIMUM TEMPERATURE (F)   51        76      1901
 MINIMUM TEMPERATURE (F)   32         0      1980


SUNRISE AND SUNSET
MARCH  3 2015.........SUNRISE   708 AM EST   SUNSET   634 PM EST
MARCH  4 2015.........SUNRISE   706 AM EST   SUNSET   635 PM EST


-  INDICATES NEGATIVE NUMBERS.
R  INDICATES RECORD WAS SET OR TIED.
MM INDICATES DATA IS MISSING.
T  INDICATES TRACE AMOUNT.




$$
