000
CDUS43 KLMK 250631
CLILEX


CLIMATE REPORT
NATIONAL WEATHER SERVICE LOUISVILLE KY
129 AM EST SUN FEB 25 2018


...................................

...THE LEXINGTON KY CLIMATE SUMMARY FOR FEBRUARY 24 2018...

CLIMATE NORMAL PERIOD 1981 TO 2010
CLIMATE RECORD PERIOD 1872 TO 2018


WEATHER ITEM   OBSERVED TIME   RECORD YEAR NORMAL DEPARTURE LAST
                VALUE   (LST)  VALUE       VALUE  FROM      YEAR
                                                  NORMAL
..................................................................
TEMPERATURE (F)
 YESTERDAY
  MAXIMUM         66   1051 PM  79    2017  48     18       79
  MINIMUM         52    127 PM   1    1967  30     22       58
  AVERAGE         59                        39     20       69

PRECIPITATION (IN)
  YESTERDAY        0.44          1.77 2011   0.12   0.32     0.42
  MONTH TO DATE    9.12                      2.73   6.39     2.03
  SINCE DEC 1     13.58                      9.86   3.72    12.92
  SINCE JAN 1     11.21                      5.93   5.28     6.74

SNOWFALL (IN)
  YESTERDAY        0.0           1.8  1913   0.1   -0.1      0.0
  MONTH TO DATE    1.3                       4.2   -2.9       T
  SINCE DEC 1      7.6                      10.6   -3.0      3.4
  SINCE JUL 1      7.6                      10.9   -3.3      3.4
  SNOW DEPTH       0

DEGREE DAYS
 HEATING
  YESTERDAY        6                        26    -20        0
  MONTH TO DATE  509                       688   -179      433
  SINCE DEC 1   2478                      2584   -106     2051
  SINCE JUL 1   3258                      3471   -213     2637

 COOLING
  YESTERDAY        0                         0      0        4
  MONTH TO DATE    7                         0      7        4
  SINCE DEC 1      7                         0      7        4
  SINCE JAN 1      7                         0      7        4
..................................................................


WIND (MPH)
  HIGHEST WIND SPEED    22   HIGHEST WIND DIRECTION     S (180)
  HIGHEST GUST SPEED    30   HIGHEST GUST DIRECTION     S (190)
  AVERAGE WIND SPEED     7.6


SKY COVER
  POSSIBLE SUNSHINE  MM
  AVERAGE SKY COVER 1.0


WEATHER CONDITIONS
 THE FOLLOWING WEATHER WAS RECORDED YESTERDAY.
  HEAVY RAIN
  RAIN
  LIGHT RAIN
  FOG


RELATIVE HUMIDITY (PERCENT)
 HIGHEST    93          1200 AM
 LOWEST     83           200 PM
 AVERAGE    88

..........................................................


THE LEXINGTON KY CLIMATE NORMALS FOR TODAY
                         NORMAL    RECORD    YEAR
 MAXIMUM TEMPERATURE (F)   49        74      2000
 MINIMUM TEMPERATURE (F)   31        -4      1900


SUNRISE AND SUNSET
FEBRUARY 25 2018......SUNRISE   716 AM EST   SUNSET   628 PM EST
FEBRUARY 26 2018......SUNRISE   714 AM EST   SUNSET   629 PM EST


-  INDICATES NEGATIVE NUMBERS.
R  INDICATES RECORD WAS SET OR TIED.
MM INDICATES DATA IS MISSING.
T  INDICATES TRACE AMOUNT.




$$
