000
CDUS44 KSHV 190836
CLILFK


CLIMATE REPORT
NATIONAL WEATHER SERVICE SHREVEPORT, LA
236 AM CST SUN FEB 19 2017


...................................

...THE LUFKIN CLIMATE SUMMARY FOR FEBRUARY 18 2017...

CLIMATE NORMAL PERIOD 1981 TO 2010
CLIMATE RECORD PERIOD 1906 TO 2017


WEATHER ITEM   OBSERVED TIME   RECORD YEAR NORMAL DEPARTURE LAST
                VALUE   (LST)  VALUE       VALUE  FROM      YEAR
                                                  NORMAL
..................................................................
TEMPERATURE (F)
 YESTERDAY
  MAXIMUM         80    433 PM  88    1986  64     16       78
  MINIMUM         50    249 AM  15    1910  42      8       40
  AVERAGE         65                        53     12       59

PRECIPITATION (IN)
  YESTERDAY        0.00          1.80 1909   0.14  -0.14     0.00
  MONTH TO DATE    1.41                      2.52  -1.11     0.16
  SINCE DEC 1     11.97                     11.14   0.83     6.68
  SINCE JAN 1      7.06                      6.70   0.36     2.63

SNOWFALL (IN)
  YESTERDAY        0.0
  MONTH TO DATE    0.0
  SINCE DEC 1      T
  SINCE JUL 1      T
  SNOW DEPTH       0

DEGREE DAYS
 HEATING
  YESTERDAY        0                        12    -12        6
  MONTH TO DATE  115                       245   -130      217
  SINCE DEC 1    801                      1218   -417     1050
  SINCE JUL 1    949                      1525   -576     1235

 COOLING
  YESTERDAY        0                         0      0        0
  MONTH TO DATE   32                         0     32        3
  SINCE DEC 1     88                        21     67       39
  SINCE JAN 1     57                         8     49        6
..................................................................


WIND (MPH)
  HIGHEST WIND SPEED    16   HIGHEST WIND DIRECTION    SW (210)
  HIGHEST GUST SPEED    22   HIGHEST GUST DIRECTION    SW (210)
  AVERAGE WIND SPEED     7.1


SKY COVER
  POSSIBLE SUNSHINE  MM
  AVERAGE SKY COVER 0.5


WEATHER CONDITIONS
 THE FOLLOWING WEATHER WAS RECORDED YESTERDAY.
  FOG
  FOG W/VISIBILITY <= 1/4 MILE


RELATIVE HUMIDITY (PERCENT)
 HIGHEST   100           100 AM
 LOWEST     45           400 PM
 AVERAGE    73

..........................................................


THE LUFKIN CLIMATE NORMALS FOR TODAY
                         NORMAL    RECORD    YEAR
 MAXIMUM TEMPERATURE (F)   65        86      1986
 MINIMUM TEMPERATURE (F)   43        16      1936


SUNRISE AND SUNSET
FEBRUARY 19 2017......SUNRISE   656 AM CST   SUNSET   610 PM CST
FEBRUARY 20 2017......SUNRISE   655 AM CST   SUNSET   611 PM CST


-  INDICATES NEGATIVE NUMBERS.
R  INDICATES RECORD WAS SET OR TIED.
MM INDICATES DATA IS MISSING.
T  INDICATES TRACE AMOUNT.




$$
