000
CDUS44 KSHV 040838
CLILFK


CLIMATE REPORT
NATIONAL WEATHER SERVICE SHREVEPORT, LA
238 AM CST WED MAR 4 2015


...................................

...THE LUFKIN CLIMATE SUMMARY FOR MARCH 3 2015...

CLIMATE NORMAL PERIOD 1981 TO 2010
CLIMATE RECORD PERIOD 1906 TO 2015


WEATHER ITEM   OBSERVED TIME   RECORD YEAR NORMAL DEPARTURE LAST
                VALUE   (LST)  VALUE       VALUE  FROM      YEAR
                                                  NORMAL
..................................................................
TEMPERATURE (F)
 YESTERDAY
  MAXIMUM         77    429 PM  88    1946  68      9       32
  MINIMUM         49    319 AM  16    1943  45      4       24
  AVERAGE         63                        56      7       28

PRECIPITATION (IN)
  YESTERDAY        0.00          1.94 1977   0.13  -0.13      T
  MONTH TO DATE    0.12                      0.40  -0.28     0.09
  SINCE DEC 1     10.91                     12.89  -1.98     5.12
  SINCE JAN 1      8.86                      8.45   0.41     2.91

SNOWFALL (IN)
  YESTERDAY        0.0
  MONTH TO DATE    0.0
  SINCE MAR 1      0.0
  SINCE JUL 1      T
  SNOW DEPTH       0

DEGREE DAYS
 HEATING
  YESTERDAY        2                         9     -7       37
  MONTH TO DATE   33                        29      4       48
  SINCE MAR 1     33                        29      4       48
  SINCE JUL 1   1553                      1663   -110     1851

 COOLING
  YESTERDAY        0                         1     -1        0
  MONTH TO DATE    0                         3     -3        8
  SINCE MAR 1      0                         3     -3        8
  SINCE JAN 1      6                        22    -16       26
..................................................................


WIND (MPH)
  HIGHEST WIND SPEED    17   HIGHEST WIND DIRECTION     S (180)
  HIGHEST GUST SPEED    23   HIGHEST GUST DIRECTION     S (190)
  AVERAGE WIND SPEED     7.4


SKY COVER
  POSSIBLE SUNSHINE  MM
  AVERAGE SKY COVER 0.9


WEATHER CONDITIONS
 THE FOLLOWING WEATHER WAS RECORDED YESTERDAY.
  FOG
  FOG W/VISIBILITY <= 1/4 MILE


RELATIVE HUMIDITY (PERCENT)
 HIGHEST    93          1200 AM
 LOWEST     64           500 PM
 AVERAGE    79

..........................................................


THE LUFKIN CLIMATE NORMALS FOR TODAY
                         NORMAL    RECORD    YEAR
 MAXIMUM TEMPERATURE (F)   68        87      1938
 MINIMUM TEMPERATURE (F)   45        16      1943


SUNRISE AND SUNSET
MARCH  4 2015.........SUNRISE   643 AM CST   SUNSET   619 PM CST
MARCH  5 2015.........SUNRISE   641 AM CST   SUNSET   620 PM CST


-  INDICATES NEGATIVE NUMBERS.
R  INDICATES RECORD WAS SET OR TIED.
MM INDICATES DATA IS MISSING.
T  INDICATES TRACE AMOUNT.




$$
