000
CDUS44 KSHV 182139
CLILFK


CLIMATE REPORT
NATIONAL WEATHER SERVICE SHREVEPORT, LA
439 PM CDT FRI APR 18 2014


...................................

...THE LUFKIN CLIMATE SUMMARY FOR APRIL 18 2014...
VALID TODAY AS OF 0400 PM LOCAL TIME.

CLIMATE NORMAL PERIOD 1981 TO 2010
CLIMATE RECORD PERIOD 1906 TO 2014


WEATHER ITEM   OBSERVED TIME   RECORD YEAR NORMAL DEPARTURE LAST
                VALUE   (LST)  VALUE       VALUE  FROM      YEAR
                                                  NORMAL
..................................................................
TEMPERATURE (F)
 TODAY
  MAXIMUM         81    319 PM  93    2006  79      2       76
  MINIMUM         57    614 AM  40    1999  56      1       48
  AVERAGE         69                        67      2       62

PRECIPITATION (IN)
  TODAY            0.00          1.26 2009   0.10  -0.10     0.49
  MONTH TO DATE    2.67                      1.76   0.91     2.19
  SINCE DEC 1     10.25                     18.03  -7.78    15.85
  SINCE JAN 1      8.04                     13.59  -5.55    11.54

SNOWFALL (IN)
  TODAY            0.0
  MONTH TO DATE    0.0
  SINCE MAR 1      0.0
  SINCE JUL 1      3.2
  SNOW DEPTH       0

DEGREE DAYS
 HEATING
  TODAY            0                         2     -2        3
  MONTH TO DATE   56                        55      1       56
  SINCE MAR 1    306                       265     41      287
  SINCE JUL 1   2109                      1899    210     1553

 COOLING
  TODAY            4                         4      0        0
  MONTH TO DATE   62                        58      4       84
  SINCE MAR 1     79                        99    -20      129
  SINCE JAN 1     97                       118    -21      151
..................................................................


WIND (MPH)
  HIGHEST WIND SPEED    14   HIGHEST WIND DIRECTION     N (10)
  HIGHEST GUST SPEED    17   HIGHEST GUST DIRECTION    NE (60)
  AVERAGE WIND SPEED     5.3


SKY COVER
  POSSIBLE SUNSHINE  MM
  AVERAGE SKY COVER 0.7


WEATHER CONDITIONS
 THE FOLLOWING WEATHER WAS RECORDED TODAY.
  NO SIGNIFICANT WEATHER WAS OBSERVED.


RELATIVE HUMIDITY (PERCENT)
 HIGHEST    80           300 AM
 LOWEST     37           200 PM
 AVERAGE    59

..........................................................


THE LUFKIN CLIMATE NORMALS FOR TOMORROW
                         NORMAL    RECORD    YEAR
 MAXIMUM TEMPERATURE (F)   79        93      2011
                                             1987
 MINIMUM TEMPERATURE (F)   56        40      1939


SUNRISE AND SUNSET
APRIL 18 2014.........SUNRISE   648 AM CDT   SUNSET   750 PM CDT
APRIL 19 2014.........SUNRISE   646 AM CDT   SUNSET   750 PM CDT


-  INDICATES NEGATIVE NUMBERS.
R  INDICATES RECORD WAS SET OR TIED.
MM INDICATES DATA IS MISSING.
T  INDICATES TRACE AMOUNT.




$$
