000
CDUS44 KSHV 010746
CLILFK


CLIMATE REPORT
NATIONAL WEATHER SERVICE SHREVEPORT, LA
241 AM CDT WED OCT 1 2014


...................................

...THE LUFKIN CLIMATE SUMMARY FOR SEPTEMBER 30 2014...

CLIMATE NORMAL PERIOD 1981 TO 2010
CLIMATE RECORD PERIOD 1906 TO 2014


WEATHER ITEM   OBSERVED TIME   RECORD YEAR NORMAL DEPARTURE LAST
                VALUE   (LST)  VALUE       VALUE  FROM      YEAR
                                                  NORMAL
..................................................................
TEMPERATURE (F)
 YESTERDAY
  MAXIMUM         92    225 PM 100    1953  85      7       87
  MINIMUM         71    537 AM  36    1920  61     10       71
  AVERAGE         82                        73      9       79

PRECIPITATION (IN)
  YESTERDAY        0.00          2.55 1934   0.13  -0.13     0.00
  MONTH TO DATE    3.08                      4.08  -1.00     4.35
  SINCE DEC 1     37.21                     39.11  -1.90    34.56
  SINCE JAN 1     35.00                     34.67   0.33    30.25

SNOWFALL (IN)
  YESTERDAY        0.0
  MONTH TO DATE    0.0
  SINCE SEP 1      0.0
  SINCE JUL 1      0.0
  SNOW DEPTH       0

DEGREE DAYS
 HEATING
  YESTERDAY        0                         0      0        0
  MONTH TO DATE    0                         0      0        0
  SINCE SEP 1      0                         4     -4        0
  SINCE JUL 1      0                         4     -4        0

 COOLING
  YESTERDAY       17                         8      9       14
  MONTH TO DATE  496                       374    122      466
  SINCE SEP 1    496                       374    122      466
  SINCE JAN 1   2730                      2397    333     2633
..................................................................


WIND (MPH)
  HIGHEST WIND SPEED    15   HIGHEST WIND DIRECTION    SE (150)
  HIGHEST GUST SPEED    18   HIGHEST GUST DIRECTION    SE (120)
  AVERAGE WIND SPEED     4.5


SKY COVER
  POSSIBLE SUNSHINE  MM
  AVERAGE SKY COVER 0.2


WEATHER CONDITIONS
 THE FOLLOWING WEATHER WAS RECORDED YESTERDAY.
  FOG
  HAZE


RELATIVE HUMIDITY (PERCENT)
 HIGHEST    90           200 AM
 LOWEST     52           100 PM
 AVERAGE    71

..........................................................


THE LUFKIN CLIMATE NORMALS FOR TODAY
                         NORMAL    RECORD    YEAR
 MAXIMUM TEMPERATURE (F)   84       100      1938
 MINIMUM TEMPERATURE (F)   61        38      1984


SUNRISE AND SUNSET
OCTOBER  1 2014.......SUNRISE   713 AM CDT   SUNSET   704 PM CDT
OCTOBER  2 2014.......SUNRISE   713 AM CDT   SUNSET   703 PM CDT


-  INDICATES NEGATIVE NUMBERS.
R  INDICATES RECORD WAS SET OR TIED.
MM INDICATES DATA IS MISSING.
T  INDICATES TRACE AMOUNT.




$$
