000
CDUS44 KSHV 142238
CLILFK


CLIMATE REPORT
NATIONAL WEATHER SERVICE SHREVEPORT, LA
437 PM CST SUN FEB 14 2016


...................................

...THE LUFKIN CLIMATE SUMMARY FOR FEBRUARY 14 2016...
VALID TODAY AS OF 0400 PM LOCAL TIME.

CLIMATE NORMAL PERIOD 1981 TO 2010
CLIMATE RECORD PERIOD 1906 TO 2016


WEATHER ITEM   OBSERVED TIME   RECORD YEAR NORMAL DEPARTURE LAST
                VALUE   (LST)  VALUE       VALUE  FROM      YEAR
                                                  NORMAL
..................................................................
TEMPERATURE (F)
 TODAY
  MAXIMUM         75    212 PM  85    1945  64     11       80
  MINIMUM         54    529 AM  24    1960  42     12       40
  AVERAGE         65                        52     13       60

PRECIPITATION (IN)
  TODAY            0.00          2.32 1917   0.14  -0.14     0.00
  MONTH TO DATE    0.16                      1.96  -1.80     0.11
  SINCE DEC 1      6.68                     10.58  -3.90     9.52
  SINCE JAN 1      2.63                      6.14  -3.51     7.47

SNOWFALL (IN)
  TODAY            0.0
  MONTH TO DATE    0.0
  SINCE DEC 1      0.0
  SINCE JUL 1      0.0
  SNOW DEPTH       0

DEGREE DAYS
 HEATING
  TODAY            0                        13    -13        5
  MONTH TO DATE  189                       196     -7      146
  SINCE DEC 1   1022                      1169   -147      975
  SINCE JUL 1   1207                      1476   -269     1271

 COOLING
  TODAY            0                         0      0        0
  MONTH TO DATE    3                         0      3        4
  SINCE DEC 1     39                        21     18       17
  SINCE JAN 1      6                         8     -2        5
..................................................................


WIND (MPH)
  HIGHEST WIND SPEED    20   HIGHEST WIND DIRECTION    SW (210)
  HIGHEST GUST SPEED    27   HIGHEST GUST DIRECTION    SW (220)
  AVERAGE WIND SPEED    10.4


SKY COVER
  POSSIBLE SUNSHINE  MM
  AVERAGE SKY COVER 0.9


WEATHER CONDITIONS
 THE FOLLOWING WEATHER WAS RECORDED TODAY.
  FOG


RELATIVE HUMIDITY (PERCENT)
 HIGHEST    93           900 AM
 LOWEST     38           300 PM
 AVERAGE    66

..........................................................


THE LUFKIN CLIMATE NORMALS FOR TOMORROW
                         NORMAL    RECORD    YEAR
 MAXIMUM TEMPERATURE (F)   64        84      1911
 MINIMUM TEMPERATURE (F)   42        20      1909


SUNRISE AND SUNSET
FEBRUARY 14 2016......SUNRISE   702 AM CST   SUNSET   605 PM CST
FEBRUARY 15 2016......SUNRISE   701 AM CST   SUNSET   606 PM CST


-  INDICATES NEGATIVE NUMBERS.
R  INDICATES RECORD WAS SET OR TIED.
MM INDICATES DATA IS MISSING.
T  INDICATES TRACE AMOUNT.




$$
