000
CDUS44 KSHV 300801
CLILFK


CLIMATE REPORT
NATIONAL WEATHER SERVICE SHREVEPORT, LA
300 AM CDT THU MAR 30 2017


...................................

...THE LUFKIN CLIMATE SUMMARY FOR MARCH 29 2017...

CLIMATE NORMAL PERIOD 1981 TO 2010
CLIMATE RECORD PERIOD 1906 TO 2017


WEATHER ITEM   OBSERVED TIME   RECORD YEAR NORMAL DEPARTURE LAST
                VALUE   (LST)  VALUE       VALUE  FROM      YEAR
                                                  NORMAL
..................................................................
TEMPERATURE (F)
 YESTERDAY
  MAXIMUM         75    304 PM  89    1946  75      0       75
  MINIMUM         59   1028 PM  29    1955  51      8       54
  AVERAGE         67                        62      5       65

PRECIPITATION (IN)
  YESTERDAY        0.21          3.25 1990   0.11   0.10      T
  MONTH TO DATE    2.19                      3.55  -1.36     5.61
  SINCE DEC 1     14.88                     16.04  -1.16    15.84
  SINCE JAN 1      9.97                     11.60  -1.63    11.79

SNOWFALL (IN)
  YESTERDAY        0.0
  MONTH TO DATE    0.0
  SINCE MAR 1      0.0
  SINCE JUL 1      T
  SNOW DEPTH       0

DEGREE DAYS
 HEATING
  YESTERDAY        0                         5     -5        0
  MONTH TO DATE  122                       203    -81      109
  SINCE MAR 1    122                       203    -81      109
  SINCE JUL 1   1098                      1837   -739     1431

 COOLING
  YESTERDAY        2                         2      0        0
  MONTH TO DATE   93                        37     56       41
  SINCE MAR 1     93                        37     56       41
  SINCE JAN 1    175                        56    119       55
..................................................................


WIND (MPH)
  HIGHEST WIND SPEED    39   HIGHEST WIND DIRECTION    SE (120)
  HIGHEST GUST SPEED    51   HIGHEST GUST DIRECTION     E (110)
  AVERAGE WIND SPEED     6.7


SKY COVER
  POSSIBLE SUNSHINE  MM
  AVERAGE SKY COVER 0.6


WEATHER CONDITIONS
 THE FOLLOWING WEATHER WAS RECORDED YESTERDAY.
  THUNDERSTORM
  RAIN
  LIGHT RAIN
  FOG
  FOG W/VISIBILITY <= 1/4 MILE


RELATIVE HUMIDITY (PERCENT)
 HIGHEST   100           800 AM
 LOWEST     79          1200 AM
 AVERAGE    90

..........................................................


THE LUFKIN CLIMATE NORMALS FOR TODAY
                         NORMAL    RECORD    YEAR
 MAXIMUM TEMPERATURE (F)   75        95      1946
 MINIMUM TEMPERATURE (F)   51        30      2003


SUNRISE AND SUNSET
MARCH 30 2017.........SUNRISE   710 AM CDT   SUNSET   737 PM CDT
MARCH 31 2017.........SUNRISE   709 AM CDT   SUNSET   738 PM CDT


-  INDICATES NEGATIVE NUMBERS.
R  INDICATES RECORD WAS SET OR TIED.
MM INDICATES DATA IS MISSING.
T  INDICATES TRACE AMOUNT.




$$
