000
CDUS44 KLCH 262219
CLILFT


CLIMATE REPORT
NATIONAL WEATHER SERVICE LAKE CHARLES, LA
519 PM CDT TUE JUL 26 2016


...................................

...THE LAFAYETTE CLIMATE SUMMARY FOR JULY 26 2016...
VALID TODAY AS OF 0500 PM LOCAL TIME.

CLIMATE NORMAL PERIOD 1981 TO 2010
CLIMATE RECORD PERIOD 1893 TO 2016


WEATHER ITEM   OBSERVED TIME   RECORD YEAR NORMAL DEPARTURE LAST
                VALUE   (LST)  VALUE       VALUE  FROM      YEAR
                                                  NORMAL
..................................................................
TEMPERATURE (F)
 TODAY
  MAXIMUM         91    236 PM 101    1893  92     -1       96
  MINIMUM         75    623 AM  66    1911  75      0       77
  AVERAGE         83                        84     -1       87

PRECIPITATION (IN)
  TODAY            0.00          2.07 1971   0.17  -0.17     0.00
  MONTH TO DATE    2.73                      5.44  -2.71     1.94
  SINCE JUN 1      9.72                     12.52  -2.80     9.55
  SINCE JAN 1     38.11                     35.14   2.97    40.15

DEGREE DAYS
 COOLING
  TODAY           18                        19     -1       22
  MONTH TO DATE  531                       478     53      528
  SINCE JUN 1   1058                       976     82     1030
  SINCE JAN 1   1715                      1590    125     1722
..................................................................


WIND (MPH)
  HIGHEST WIND SPEED    20   HIGHEST WIND DIRECTION    SW (210)
  HIGHEST GUST SPEED    25   HIGHEST GUST DIRECTION     S (180)
  AVERAGE WIND SPEED     4.6


SKY COVER
  POSSIBLE SUNSHINE  MM
  AVERAGE SKY COVER 0.9


WEATHER CONDITIONS
 THE FOLLOWING WEATHER WAS RECORDED TODAY.
  THUNDERSTORM
  FOG
  FOG W/VISIBILITY <= 1/4 MILE


RELATIVE HUMIDITY (PERCENT)
 HIGHEST   100          1200 AM
 LOWEST     59           200 PM
 AVERAGE    80

..........................................................


THE LAFAYETTE CLIMATE NORMALS FOR TOMORROW
                         NORMAL    RECORD    YEAR
 MAXIMUM TEMPERATURE (F)   92       100      1930
 MINIMUM TEMPERATURE (F)   75        66      1924


SUNRISE AND SUNSET
JULY 26 2016..........SUNRISE   623 AM CDT   SUNSET   805 PM CDT
JULY 27 2016..........SUNRISE   624 AM CDT   SUNSET   805 PM CDT


-  INDICATES NEGATIVE NUMBERS.
R  INDICATES RECORD WAS SET OR TIED.
MM INDICATES DATA IS MISSING.
T  INDICATES TRACE AMOUNT.




$$
