000
CDUS44 KLCH 210831
CLILFT


CLIMATE REPORT
NATIONAL WEATHER SERVICE LAKE CHARLES, LA
331 AM CDT THU AUG 21 2014


...................................

...THE LAFAYETTE CLIMATE SUMMARY FOR AUGUST 20 2014...

CLIMATE NORMAL PERIOD 1981 TO 2010
CLIMATE RECORD PERIOD 1893 TO 2014


WEATHER ITEM   OBSERVED TIME   RECORD YEAR NORMAL DEPARTURE LAST
                VALUE   (LST)  VALUE       VALUE  FROM      YEAR
                                                  NORMAL
..................................................................
TEMPERATURE (F)
 YESTERDAY
  MAXIMUM         92   1212 PM 102    1925  93     -1       89
  MINIMUM         73    430 AM  61    1940  75     -2       73
  AVERAGE         83                        84     -1       81

PRECIPITATION (IN)
  YESTERDAY        0.49          1.97 1956   0.16   0.33     0.03
  MONTH TO DATE    6.70                      2.99   3.71     2.36
  SINCE JUN 1     21.27                     16.37   4.90     9.36
  SINCE JAN 1     44.31                     38.99   5.32    41.48

DEGREE DAYS
 COOLING
  YESTERDAY       18                        19     -1       16
  MONTH TO DATE  354                       380    -26      375
  SINCE JUN 1   1387                      1450    -63     1451
  SINCE JAN 1   1856                      2064   -208     1915
..................................................................


WIND (MPH)
  HIGHEST WIND SPEED    18   HIGHEST WIND DIRECTION     S (190)
  HIGHEST GUST SPEED    23   HIGHEST GUST DIRECTION     S (190)
  AVERAGE WIND SPEED     2.7


SKY COVER
  POSSIBLE SUNSHINE  MM
  AVERAGE SKY COVER 0.1


WEATHER CONDITIONS
 THE FOLLOWING WEATHER WAS RECORDED YESTERDAY.
  THUNDERSTORM
  HEAVY RAIN
  LIGHT RAIN


RELATIVE HUMIDITY (PERCENT)
 HIGHEST   100          1200 AM
 LOWEST     60          1200 PM
 AVERAGE    80

..........................................................


THE LAFAYETTE CLIMATE NORMALS FOR TODAY
                         NORMAL    RECORD    YEAR
 MAXIMUM TEMPERATURE (F)   93       103      1925
 MINIMUM TEMPERATURE (F)   75        61      1940


SUNRISE AND SUNSET
AUGUST 21 2014........SUNRISE   639 AM CDT   SUNSET   743 PM CDT
AUGUST 22 2014........SUNRISE   639 AM CDT   SUNSET   742 PM CDT


-  INDICATES NEGATIVE NUMBERS.
R  INDICATES RECORD WAS SET OR TIED.
MM INDICATES DATA IS MISSING.
T  INDICATES TRACE AMOUNT.




$$
