000
CDUS44 KLCH 270858
CLILFT


CLIMATE REPORT
NATIONAL WEATHER SERVICE LAKE CHARLES, LA
358 AM CDT SAT MAY 27 2017


...................................

...THE LAFAYETTE CLIMATE SUMMARY FOR MAY 26 2017...

CLIMATE NORMAL PERIOD 1981 TO 2010
CLIMATE RECORD PERIOD 1893 TO 2017


WEATHER ITEM   OBSERVED TIME   RECORD YEAR NORMAL DEPARTURE LAST
                VALUE   (LST)  VALUE       VALUE  FROM      YEAR
                                                  NORMAL
..................................................................
TEMPERATURE (F)
 YESTERDAY
  MAXIMUM         84    316 PM  97    1901  88     -4       88
  MINIMUM         70    542 AM  50    1925  69      1       76
  AVERAGE         77                        79     -2       82

PRECIPITATION (IN)
  YESTERDAY        0.00          1.72 1923   0.17  -0.17     0.00
  MONTH TO DATE    7.42                      3.91   3.51     5.21
  SINCE MAR 1     14.73                     11.63   3.10    17.76
  SINCE JAN 1     18.25                     21.75  -3.50    26.89

DEGREE DAYS
 COOLING
  YESTERDAY       12                        14     -2       17
  MONTH TO DATE  225                       289    -64      270
  SINCE MAR 1    671                       511    160      572
  SINCE JAN 1    855                       543    312      582
..................................................................


WIND (MPH)
  HIGHEST WIND SPEED    20   HIGHEST WIND DIRECTION     S (190)
  HIGHEST GUST SPEED    27   HIGHEST GUST DIRECTION     S (190)
  AVERAGE WIND SPEED     9.4


SKY COVER
  POSSIBLE SUNSHINE  MM
  AVERAGE SKY COVER 0.6


WEATHER CONDITIONS
 THE FOLLOWING WEATHER WAS RECORDED YESTERDAY.
  NO SIGNIFICANT WEATHER WAS OBSERVED.


RELATIVE HUMIDITY (PERCENT)
 HIGHEST    94           900 PM
 LOWEST     65           100 PM
 AVERAGE    80

..........................................................


THE LAFAYETTE CLIMATE NORMALS FOR TODAY
                         NORMAL    RECORD    YEAR
 MAXIMUM TEMPERATURE (F)   89        95      1900
 MINIMUM TEMPERATURE (F)   70        46      1901


SUNRISE AND SUNSET
MAY 27 2017...........SUNRISE   608 AM CDT   SUNSET   802 PM CDT
MAY 28 2017...........SUNRISE   608 AM CDT   SUNSET   803 PM CDT


-  INDICATES NEGATIVE NUMBERS.
R  INDICATES RECORD WAS SET OR TIED.
MM INDICATES DATA IS MISSING.
T  INDICATES TRACE AMOUNT.




$$
