000
CDUS44 KLCH 030815
CLILFT


CLIMATE REPORT
NATIONAL WEATHER SERVICE LAKE CHARLES, LA
314 AM CDT THU SEP 3 2015


...................................

...THE LAFAYETTE CLIMATE SUMMARY FOR SEPTEMBER 2 2015...

CLIMATE NORMAL PERIOD 1981 TO 2010
CLIMATE RECORD PERIOD 1893 TO 2015


WEATHER ITEM   OBSERVED TIME   RECORD YEAR NORMAL DEPARTURE LAST
                VALUE   (LST)  VALUE       VALUE  FROM      YEAR
                                                  NORMAL
..................................................................
TEMPERATURE (F)
 YESTERDAY
  MAXIMUM         88   1143 AM 102    2000  92     -4       92
  MINIMUM         74    603 AM  57    1919  73      1       76
  AVERAGE         81                        82     -1       84

PRECIPITATION (IN)
  YESTERDAY        T             2.28 2001   0.16  -0.16     0.00
  MONTH TO DATE    0.48                      0.33   0.15      T
  SINCE SEP 1      0.48                      0.33   0.15      T
  SINCE JAN 1     43.59                     40.95   2.64    46.09

DEGREE DAYS
 HEATING
  YESTERDAY        0                         0      0        0
  MONTH TO DATE    0                         0      0        0
  SINCE SEP 1      0                         0      0        0
  SINCE JUL 1      0                         0      0        0

 COOLING
  YESTERDAY       16                        17     -1       19
  MONTH TO DATE   34                        35     -1       38
  SINCE SEP 1     34                        35     -1       38
  SINCE JAN 1   2460                      2296    164     2095
..................................................................


WIND (MPH)
  HIGHEST WIND SPEED    15   HIGHEST WIND DIRECTION     S (180)
  HIGHEST GUST SPEED    19   HIGHEST GUST DIRECTION     S (170)
  AVERAGE WIND SPEED     2.8


SKY COVER
  POSSIBLE SUNSHINE  MM
  AVERAGE SKY COVER 0.4


WEATHER CONDITIONS
 THE FOLLOWING WEATHER WAS RECORDED YESTERDAY.
  LIGHT RAIN


RELATIVE HUMIDITY (PERCENT)
 HIGHEST    94           900 PM
 LOWEST     59          1200 PM
 AVERAGE    77

..........................................................


THE LAFAYETTE CLIMATE NORMALS FOR TODAY
                         NORMAL    RECORD    YEAR
 MAXIMUM TEMPERATURE (F)   91       103      2000
 MINIMUM TEMPERATURE (F)   73        59      1903


SUNRISE AND SUNSET
SEPTEMBER  3 2015.....SUNRISE   646 AM CDT   SUNSET   728 PM CDT
SEPTEMBER  4 2015.....SUNRISE   646 AM CDT   SUNSET   727 PM CDT


-  INDICATES NEGATIVE NUMBERS.
R  INDICATES RECORD WAS SET OR TIED.
MM INDICATES DATA IS MISSING.
T  INDICATES TRACE AMOUNT.




$$
