000
CDUS44 KLCH 250932
CLILFT


CLIMATE REPORT
NATIONAL WEATHER SERVICE LAKE CHARLES, LA
331 AM CST SUN JAN 25 2015


...................................

...THE LAFAYETTE CLIMATE SUMMARY FOR JANUARY 24 2015...

CLIMATE NORMAL PERIOD 1981 TO 2010
CLIMATE RECORD PERIOD 1893 TO 2015


WEATHER ITEM   OBSERVED TIME   RECORD YEAR NORMAL DEPARTURE LAST
                VALUE   (LST)  VALUE       VALUE  FROM      YEAR
                                                  NORMAL
..................................................................
TEMPERATURE (F)
 YESTERDAY
  MAXIMUM         58    413 PM  82    1972  62     -4       30
  MINIMUM         35    720 AM  14    1948  43     -8       25
  AVERAGE         47                        53     -6       28

PRECIPITATION (IN)
  YESTERDAY        0.00          2.52 1978   0.18  -0.18     0.26
  MONTH TO DATE    4.61                      4.42   0.19     1.39
  SINCE DEC 1      8.11                     10.00  -1.89     4.18
  SINCE JAN 1      4.61                      4.42   0.19     1.39

SNOWFALL (IN)
  YESTERDAY        0.0           T    2014   0.0    0.0      0.5
                                      1960
  MONTH TO DATE    0.0                       0.0    0.0      0.5
  SINCE DEC 1      0.0                       0.0    0.0      0.5
  SINCE JUL 1      0.0                       0.0    0.0      0.5
  SNOW DEPTH       0

DEGREE DAYS
 HEATING
  YESTERDAY       18                        13      5       37
  MONTH TO DATE  396                       312     84      437
  SINCE DEC 1    668                       667      1      884
  SINCE JUL 1    969                       866    103     1153
..................................................................


WIND (MPH)
  HIGHEST WIND SPEED    14   HIGHEST WIND DIRECTION     W (260)
  HIGHEST GUST SPEED    18   HIGHEST GUST DIRECTION     W (260)
  AVERAGE WIND SPEED     7.1


SKY COVER
  POSSIBLE SUNSHINE  MM
  AVERAGE SKY COVER 0.0


WEATHER CONDITIONS
 THE FOLLOWING WEATHER WAS RECORDED YESTERDAY.
  NO SIGNIFICANT WEATHER WAS OBSERVED.


RELATIVE HUMIDITY (PERCENT)
 HIGHEST    92           100 AM
 LOWEST     40           300 PM
 AVERAGE    66

..........................................................


THE LAFAYETTE CLIMATE NORMALS FOR TODAY
                         NORMAL    RECORD    YEAR
 MAXIMUM TEMPERATURE (F)   62        81      1950
 MINIMUM TEMPERATURE (F)   43        19      1963


SUNRISE AND SUNSET
JANUARY 25 2015.......SUNRISE   702 AM CST   SUNSET   539 PM CST
JANUARY 26 2015.......SUNRISE   702 AM CST   SUNSET   540 PM CST


-  INDICATES NEGATIVE NUMBERS.
R  INDICATES RECORD WAS SET OR TIED.
MM INDICATES DATA IS MISSING.
T  INDICATES TRACE AMOUNT.




$$
