000
CDUS44 KLCH 020901
CLILFT


CLIMATE REPORT
NATIONAL WEATHER SERVICE LAKE CHARLES, LA
300 AM CST MON MAR 2 2015


...................................

...THE LAFAYETTE CLIMATE SUMMARY FOR MARCH 1 2015...

CLIMATE NORMAL PERIOD 1981 TO 2010
CLIMATE RECORD PERIOD 1893 TO 2015


WEATHER ITEM   OBSERVED TIME   RECORD YEAR NORMAL DEPARTURE LAST
                VALUE   (LST)  VALUE       VALUE  FROM      YEAR
                                                  NORMAL
..................................................................
TEMPERATURE (F)
 YESTERDAY
  MAXIMUM         76    317 PM  86    1918  69      7       77
  MINIMUM         56   1253 AM  26    1937  49      7       60
  AVERAGE         66                        59      7       69

PRECIPITATION (IN)
  YESTERDAY        1.43          3.69 2002   0.14   1.29     0.00
  MONTH TO DATE    1.43                      0.14   1.29     0.00
  SINCE MAR 1      1.43                      0.14   1.29     0.00
  SINCE JAN 1      8.53                     10.26  -1.73     7.25

SNOWFALL (IN)
  YESTERDAY        0.0           0.0    MM   0.0    0.0      0.0
  MONTH TO DATE    0.0                       0.0    0.0      0.0
  SINCE MAR 1      0.0                       0.0    0.0      0.0
  SINCE JUL 1      0.0                       T      0.0      0.8
  SNOW DEPTH       0

DEGREE DAYS
 HEATING
  YESTERDAY        0                         7     -7        0
  MONTH TO DATE    0                         7     -7        0
  SINCE MAR 1      0                         7     -7        0
  SINCE JUL 1   1443                      1237    206     1660
..................................................................


WIND (MPH)
  HIGHEST WIND SPEED    17   HIGHEST WIND DIRECTION     S (170)
  HIGHEST GUST SPEED    23   HIGHEST GUST DIRECTION     S (160)
  AVERAGE WIND SPEED     7.7


SKY COVER
  POSSIBLE SUNSHINE  MM
  AVERAGE SKY COVER 1.0


WEATHER CONDITIONS
 THE FOLLOWING WEATHER WAS RECORDED YESTERDAY.
  HEAVY RAIN
  RAIN
  LIGHT RAIN
  FOG


RELATIVE HUMIDITY (PERCENT)
 HIGHEST    97           800 AM
 LOWEST     69           200 PM
 AVERAGE    83

..........................................................


THE LAFAYETTE CLIMATE NORMALS FOR TODAY
                         NORMAL    RECORD    YEAR
 MAXIMUM TEMPERATURE (F)   69        85      1932
 MINIMUM TEMPERATURE (F)   50        25      1980


SUNRISE AND SUNSET
MARCH  2 2015.........SUNRISE   633 AM CST   SUNSET   608 PM CST
MARCH  3 2015.........SUNRISE   632 AM CST   SUNSET   608 PM CST


-  INDICATES NEGATIVE NUMBERS.
R  INDICATES RECORD WAS SET OR TIED.
MM INDICATES DATA IS MISSING.
T  INDICATES TRACE AMOUNT.




$$
