000
CDUS44 KLCH 051245
CLILFT


CLIMATE REPORT
NATIONAL WEATHER SERVICE LAKE CHARLES, LA
645 AM CST FRI FEB 5 2016


...................................

...THE LAFAYETTE CLIMATE SUMMARY FOR FEBRUARY 4 2016...

CLIMATE NORMAL PERIOD 1981 TO 2010
CLIMATE RECORD PERIOD 1893 TO 2016


WEATHER ITEM   OBSERVED TIME   RECORD YEAR NORMAL DEPARTURE LAST
                VALUE   (LST)  VALUE       VALUE  FROM      YEAR
                                                  NORMAL
..................................................................
TEMPERATURE (F)
 YESTERDAY
  MAXIMUM         55    406 PM  85    1957  63     -8       51
  MINIMUM         39   1156 PM  18    1996  44     -5       43
  AVERAGE         47                        54     -7       47

PRECIPITATION (IN)
  YESTERDAY        0.00          3.12 1992   0.16  -0.16     0.67
  MONTH TO DATE    2.92                      0.70   2.22     0.73
  SINCE DEC 1     11.45                     11.95  -0.50     8.84
  SINCE JAN 1      7.59                      6.37   1.22     5.34

SNOWFALL (IN)
  YESTERDAY        0.0           0.0    MM   0.0    0.0     MM
  MONTH TO DATE    0.0                       0.0    0.0      0.0
  SINCE DEC 1      0.0                       0.0    0.0      0.0
  SINCE JUL 1      0.0                       0.0    0.0      0.0
  SNOW DEPTH       0

DEGREE DAYS
 HEATING
  YESTERDAY       18                        12      6       18
  MONTH TO DATE   27                        48    -21       66
  SINCE DEC 1    620                       805   -185      797
  SINCE JUL 1    708                      1004   -296     1098
..................................................................


WIND (MPH)
  HIGHEST WIND SPEED    22   HIGHEST WIND DIRECTION     N (10)
  HIGHEST GUST SPEED    31   HIGHEST GUST DIRECTION     N (360)
  AVERAGE WIND SPEED     8.5


SKY COVER
  POSSIBLE SUNSHINE  MM
  AVERAGE SKY COVER 0.0


WEATHER CONDITIONS
 THE FOLLOWING WEATHER WAS RECORDED YESTERDAY.
  NO SIGNIFICANT WEATHER WAS OBSERVED.


RELATIVE HUMIDITY (PERCENT)
 HIGHEST    70           600 AM
 LOWEST     29           500 PM
 AVERAGE    50

..........................................................


THE LAFAYETTE CLIMATE NORMALS FOR TODAY
                         NORMAL    RECORD    YEAR
 MAXIMUM TEMPERATURE (F)   64        80      1921
                                             1911
 MINIMUM TEMPERATURE (F)   45        16      1996


SUNRISE AND SUNSET
FEBRUARY  5 2016......SUNRISE   656 AM CST   SUNSET   548 PM CST
FEBRUARY  6 2016......SUNRISE   656 AM CST   SUNSET   549 PM CST


-  INDICATES NEGATIVE NUMBERS.
R  INDICATES RECORD WAS SET OR TIED.
MM INDICATES DATA IS MISSING.
T  INDICATES TRACE AMOUNT.




$$
