000
CDUS44 KLCH 232245
CLILFT


CLIMATE REPORT
NATIONAL WEATHER SERVICE LAKE CHARLES, LA
545 PM CDT TUE AUG 23 2016


...................................

...THE LAFAYETTE CLIMATE SUMMARY FOR AUGUST 23 2016...
VALID TODAY AS OF 0500 PM LOCAL TIME.

CLIMATE NORMAL PERIOD 1981 TO 2010
CLIMATE RECORD PERIOD 1893 TO 2016


WEATHER ITEM   OBSERVED TIME   RECORD YEAR NORMAL DEPARTURE LAST
                VALUE   (LST)  VALUE       VALUE  FROM      YEAR
                                                  NORMAL
..................................................................
TEMPERATURE (F)
 TODAY
  MAXIMUM         94    352 PM 101    1921  93      1       96
  MINIMUM         76    603 AM  59    1956  75      1       74
  AVERAGE         85                        84      1       85

PRECIPITATION (IN)
  TODAY            0.00          1.68 1990   0.15  -0.15     0.00
  MONTH TO DATE   24.12                      3.45  20.67     2.87
  SINCE JUN 1     36.08                     16.83  19.25    12.51
  SINCE JAN 1     64.47                     39.45  25.02    43.11

DEGREE DAYS
 COOLING
  TODAY           20                        18      2       20
  MONTH TO DATE  428                       436     -8      475
  SINCE JUN 1   1581                      1506     75     1616
  SINCE JAN 1   2238                      2120    118     2308
..................................................................


WIND (MPH)
  HIGHEST WIND SPEED     9   HIGHEST WIND DIRECTION    SW (220)
  HIGHEST GUST SPEED    12   HIGHEST GUST DIRECTION     S (200)
  AVERAGE WIND SPEED     1.8


SKY COVER
  POSSIBLE SUNSHINE  MM
  AVERAGE SKY COVER 0.3


WEATHER CONDITIONS
 THE FOLLOWING WEATHER WAS RECORDED TODAY.
  NO SIGNIFICANT WEATHER WAS OBSERVED.


RELATIVE HUMIDITY (PERCENT)
 HIGHEST   100           300 AM
 LOWEST     52           200 PM
 AVERAGE    76

..........................................................


THE LAFAYETTE CLIMATE NORMALS FOR TOMORROW
                         NORMAL    RECORD    YEAR
 MAXIMUM TEMPERATURE (F)   93       103      1924
 MINIMUM TEMPERATURE (F)   74        60      1897


SUNRISE AND SUNSET
AUGUST 23 2016........SUNRISE   640 AM CDT   SUNSET   740 PM CDT
AUGUST 24 2016........SUNRISE   641 AM CDT   SUNSET   739 PM CDT


-  INDICATES NEGATIVE NUMBERS.
R  INDICATES RECORD WAS SET OR TIED.
MM INDICATES DATA IS MISSING.
T  INDICATES TRACE AMOUNT.




$$
