000
CDUS44 KLCH 230816
CLILFT


CLIMATE REPORT
NATIONAL WEATHER SERVICE LAKE CHARLES, LA
315 AM CDT THU OCT 23 2014


...................................

...THE LAFAYETTE CLIMATE SUMMARY FOR OCTOBER 22 2014...

CLIMATE NORMAL PERIOD 1981 TO 2010
CLIMATE RECORD PERIOD 1893 TO 2014


WEATHER ITEM   OBSERVED TIME   RECORD YEAR NORMAL DEPARTURE LAST
                VALUE   (LST)  VALUE       VALUE  FROM      YEAR
                                                  NORMAL
..................................................................
TEMPERATURE (F)
 YESTERDAY
  MAXIMUM         81    159 PM  92    1939  80      1       78
  MINIMUM         58   1159 PM  36    1923  58      0       57
                                      1917
  AVERAGE         70                        69      1       68

PRECIPITATION (IN)
  YESTERDAY        0.00          4.18 1984   0.20  -0.20     0.00
  MONTH TO DATE    2.13                      3.69  -1.56     3.55
  SINCE SEP 1      7.76                      8.41  -0.65     7.24
  SINCE JAN 1     53.85                     49.03   4.82    50.12

SNOWFALL (IN)
  YESTERDAY        0.0           0.0    MM   0.0    0.0      0.0
  MONTH TO DATE    0.0                       0.0    0.0      0.0
  SINCE SEP 1      0.0                       0.0    0.0      0.0
  SINCE JUL 1      0.0                       0.0    0.0      0.0
  SNOW DEPTH       0

DEGREE DAYS
 HEATING
  YESTERDAY        0                         2     -2        0
  MONTH TO DATE    0                        14    -14        3
  SINCE SEP 1      0                        15    -15        3
  SINCE JUL 1      0                        15    -15        3

 COOLING
  YESTERDAY        5                         5      0        3
  MONTH TO DATE  185                       162     23      177
  SINCE SEP 1    638                       589     49      680
  SINCE JAN 1   2695                      2850   -155     2782
..................................................................


WIND (MPH)
  HIGHEST WIND SPEED    14   HIGHEST WIND DIRECTION     N (20)
  HIGHEST GUST SPEED    17   HIGHEST GUST DIRECTION    NE (60)
  AVERAGE WIND SPEED     5.6


SKY COVER
  POSSIBLE SUNSHINE  MM
  AVERAGE SKY COVER 0.0


WEATHER CONDITIONS
 THE FOLLOWING WEATHER WAS RECORDED YESTERDAY.
  NO SIGNIFICANT WEATHER WAS OBSERVED.


RELATIVE HUMIDITY (PERCENT)
 HIGHEST   100           500 AM
 LOWEST     42           300 PM
 AVERAGE    71

..........................................................


THE LAFAYETTE CLIMATE NORMALS FOR TODAY
                         NORMAL    RECORD    YEAR
 MAXIMUM TEMPERATURE (F)   79        98      1933
 MINIMUM TEMPERATURE (F)   58        33      1923


SUNRISE AND SUNSET
OCTOBER 23 2014.......SUNRISE   715 AM CDT   SUNSET   629 PM CDT
OCTOBER 24 2014.......SUNRISE   716 AM CDT   SUNSET   628 PM CDT


-  INDICATES NEGATIVE NUMBERS.
R  INDICATES RECORD WAS SET OR TIED.
MM INDICATES DATA IS MISSING.
T  INDICATES TRACE AMOUNT.




$$
