000
CDUS44 KLCH 232209
CLILFT


CLIMATE REPORT
NATIONAL WEATHER SERVICE LAKE CHARLES, LA
509 PM CDT SAT MAY 23 2015


...................................

...THE LAFAYETTE CLIMATE SUMMARY FOR MAY 23 2015...
VALID TODAY AS OF 0500 PM LOCAL TIME.

CLIMATE NORMAL PERIOD 1981 TO 2010
CLIMATE RECORD PERIOD 1893 TO 2015


WEATHER ITEM   OBSERVED TIME   RECORD YEAR NORMAL DEPARTURE LAST
                VALUE   (LST)  VALUE       VALUE  FROM      YEAR
                                                  NORMAL
..................................................................
TEMPERATURE (F)
 TODAY
  MAXIMUM         86    358 PM  98    1902  88     -2       87
  MINIMUM         70    549 AM  54    2002  69      1       67
                                      2001
  AVERAGE         78                        78      0       77

PRECIPITATION (IN)
  TODAY            0.01          6.07 1927   0.16  -0.15     0.00
  MONTH TO DATE    3.96                      3.39   0.57     1.82
  SINCE MAR 1     19.00                     11.11   7.89     6.58
  SINCE JAN 1     26.10                     21.23   4.87    13.83

DEGREE DAYS
 COOLING
  TODAY           13                        13      0       12
  MONTH TO DATE  275                       248     27      186
  SINCE MAR 1    581                       470    111      352
  SINCE JAN 1    586                       502     84      366
..................................................................


WIND (MPH)
  HIGHEST WIND SPEED    17   HIGHEST WIND DIRECTION     S (170)
  HIGHEST GUST SPEED    27   HIGHEST GUST DIRECTION     S (180)
  AVERAGE WIND SPEED     4.0


SKY COVER
  POSSIBLE SUNSHINE  MM
  AVERAGE SKY COVER 0.4


WEATHER CONDITIONS
 THE FOLLOWING WEATHER WAS RECORDED TODAY.
  THUNDERSTORM
  LIGHT RAIN
  FOG


RELATIVE HUMIDITY (PERCENT)
 HIGHEST   100           500 AM
 LOWEST     61          1100 AM
 AVERAGE    81

..........................................................


THE LAFAYETTE CLIMATE NORMALS FOR TOMORROW
                         NORMAL    RECORD    YEAR
 MAXIMUM TEMPERATURE (F)   88        97      1896
 MINIMUM TEMPERATURE (F)   69        53      1931


SUNRISE AND SUNSET
MAY 23 2015...........SUNRISE   610 AM CDT   SUNSET   800 PM CDT
MAY 24 2015...........SUNRISE   610 AM CDT   SUNSET   800 PM CDT


-  INDICATES NEGATIVE NUMBERS.
R  INDICATES RECORD WAS SET OR TIED.
MM INDICATES DATA IS MISSING.
T  INDICATES TRACE AMOUNT.




$$
