116
CDUS41 KOKX 262042
CLILGA


CLIMATE REPORT
NATIONAL WEATHER SERVICE NEW YORK NY
441 PM EDT MON SEP 26 2016


...................................

...THE LAGUARDIA NY CLIMATE SUMMARY FOR SEPTEMBER 26 2016...
VALID TODAY AS OF 0400 PM LOCAL TIME.

CLIMATE NORMAL PERIOD 1981 TO 2010
CLIMATE RECORD PERIOD 1939 TO 2016


WEATHER ITEM   OBSERVED TIME   RECORD YEAR NORMAL DEPARTURE LAST
                VALUE   (LST)  VALUE       VALUE  FROM      YEAR
                                                  NORMAL
..................................................................
TEMPERATURE (F)
 TODAY
  MAXIMUM         73    209 PM  90    2007  73      0       70
  MINIMUM         57    549 AM  44    1947  58     -1       59
                                      1940
  AVERAGE         65                        65      0       65

PRECIPITATION (IN)
  TODAY            0.00          3.19 1975   0.12  -0.12     0.00
  MONTH TO DATE    1.99                      3.18  -1.19     1.40
  SINCE SEP 1      1.99                      3.18  -1.19     1.40
  SINCE JAN 1     25.71                     33.43  -7.72    26.67

SNOWFALL (IN)
  TODAY            0.0          MM      MM   0.0    0.0      0.0
  MONTH TO DATE    0.0                       0.0    0.0      0.0
  SINCE OCT 1     36.2                      26.9    9.3     53.8
  SINCE JUL 1      0.0                       0.0    0.0      0.0
  SNOW DEPTH       0

DEGREE DAYS
 HEATING
  TODAY            0                         2     -2        0
  MONTH TO DATE    0                        20    -20        0
  SINCE SEP 1      0                        20    -20        0
  SINCE JUL 1      0                        21    -21        0

 COOLING
  TODAY            0                         3     -3        0
  MONTH TO DATE  269                       150    119      262
  SINCE SEP 1    269                       150    119      262
  SINCE JAN 1   1686                      1183    503     1511
..................................................................


WIND (MPH)
  HIGHEST WIND SPEED    20   HIGHEST WIND DIRECTION     S (170)
  HIGHEST GUST SPEED    26   HIGHEST GUST DIRECTION    SE (150)
  AVERAGE WIND SPEED     7.9


SKY COVER
  AVERAGE SKY COVER 0.4


WEATHER CONDITIONS
 THE FOLLOWING WEATHER WAS RECORDED TODAY.
  HAZE


RELATIVE HUMIDITY (PERCENT)
 HIGHEST    72           600 AM
 LOWEST     41          1100 AM
 AVERAGE    57

..........................................................


THE LAGUARDIA NY CLIMATE NORMALS FOR TOMORROW
                         NORMAL    RECORD    YEAR
 MAXIMUM TEMPERATURE (F)   72        90      1998
 MINIMUM TEMPERATURE (F)   58        43      1947


SUNRISE AND SUNSET
SEPTEMBER 26 2016.....SUNRISE   648 AM EDT   SUNSET   645 PM EDT
SEPTEMBER 27 2016.....SUNRISE   649 AM EDT   SUNSET   644 PM EDT


-  INDICATES NEGATIVE NUMBERS.
R  INDICATES RECORD WAS SET OR TIED.
MM INDICATES DATA IS MISSING.
T  INDICATES TRACE AMOUNT.




$$
