000
CDUS41 KOKX 300737
CLILGA


CLIMATE REPORT
NATIONAL WEATHER SERVICE NEW YORK NY
330 AM EDT SUN APR 30 2017


...................................

...THE LAGUARDIA NY CLIMATE SUMMARY FOR APRIL 29 2017...

CLIMATE NORMAL PERIOD 1981 TO 2010
CLIMATE RECORD PERIOD 1939 TO 2017


WEATHER ITEM   OBSERVED TIME   RECORD YEAR NORMAL DEPARTURE LAST
                VALUE   (LST)  VALUE       VALUE  FROM      YEAR
                                                  NORMAL
..................................................................
TEMPERATURE (F)
 YESTERDAY
  MAXIMUM         88R   319 PM  88    1974  66     22       59

  MINIMUM         65    642 AM  39    1977  49     16       47
                                      1966
  AVERAGE         77                        57     20       53

PRECIPITATION (IN)
  YESTERDAY        0.06          1.00 1990   0.13  -0.07     0.02
  MONTH TO DATE    4.09                      3.89   0.20     1.66
  SINCE MAR 1      8.78                      7.86   0.92     2.92
  SINCE JAN 1     14.78                     13.79   0.99    11.45

SNOWFALL (IN)
  YESTERDAY        0.0           0.0  2006   0.0    0.0      0.0
  MONTH TO DATE    0.0                       0.5   -0.5       T
  SINCE OCT 1     33.2                      26.9    6.3     36.2
  SINCE JUL 1     33.2                      26.9    6.3     36.2
  SNOW DEPTH       0

DEGREE DAYS
 HEATING
  YESTERDAY        0                         8     -8       12
  MONTH TO DATE  242                       370   -128      344
  SINCE MAR 1    977                      1077   -100      839
  SINCE JUL 1   3664                      4506   -842     3501

 COOLING
  YESTERDAY       12                         0     12        0
  MONTH TO DATE   31                         0     31        8
  SINCE MAR 1     31                         0     31       13
  SINCE JAN 1     31                         0     31       13
..................................................................


WIND (MPH)
  HIGHEST WIND SPEED    31   HIGHEST WIND DIRECTION     W (270)
  HIGHEST GUST SPEED    44   HIGHEST GUST DIRECTION     W (270)
  AVERAGE WIND SPEED    11.5


SKY COVER
  AVERAGE SKY COVER 0.8


WEATHER CONDITIONS
 THE FOLLOWING WEATHER WAS RECORDED YESTERDAY.
  THUNDERSTORM
  LIGHT RAIN
  FOG


RELATIVE HUMIDITY (PERCENT)
 HIGHEST    87           700 AM
 LOWEST     36           300 PM
 AVERAGE    62

..........................................................


THE LAGUARDIA NY CLIMATE NORMALS FOR TODAY
                         NORMAL    RECORD    YEAR
 MAXIMUM TEMPERATURE (F)   66        89      1942
 MINIMUM TEMPERATURE (F)   49        42      2014
                                             1978
                                             1975


SUNRISE AND SUNSET
APRIL 30 2017.........SUNRISE   555 AM EDT   SUNSET   751 PM EDT
MAY  1 2017...........SUNRISE   554 AM EDT   SUNSET   752 PM EDT


-  INDICATES NEGATIVE NUMBERS.
R  INDICATES RECORD WAS SET OR TIED.
MM INDICATES DATA IS MISSING.
T  INDICATES TRACE AMOUNT.




$$
