000
CDUS41 KOKX 020629
CLILGA


CLIMATE REPORT
NATIONAL WEATHER SERVICE NEW YORK NY
128 AM EST MON MAR 2 2015


...................................

...THE LAGUARDIA NY CLIMATE SUMMARY FOR MARCH 1 2015...

CLIMATE NORMAL PERIOD 1981 TO 2010
CLIMATE RECORD PERIOD 1945 TO 2015


WEATHER ITEM   OBSERVED TIME   RECORD YEAR NORMAL DEPARTURE LAST
                VALUE   (LST)  VALUE       VALUE  FROM      YEAR
                                                  NORMAL
..................................................................
TEMPERATURE (F)
 YESTERDAY
  MAXIMUM         30   1200 PM  68    1972  45    -15       38
  MINIMUM         24    511 AM   8    1980  31     -7       21
  AVERAGE         27                        38    -11       30

PRECIPITATION (IN)
  YESTERDAY        0.48          2.23 1987   0.12   0.36     0.00
  MONTH TO DATE    0.48                      0.12   0.36     0.00
  SINCE MAR 1      0.48                      0.12   0.36     0.00
  SINCE JAN 1      7.56                      6.05   1.51     7.29

SNOWFALL (IN)
  YESTERDAY        3.5           4.3  1952   0.2    3.3      0.0
  MONTH TO DATE    3.5                       0.2    3.3      0.0
  SINCE OCT 1     40.0                      22.2   17.8     51.7
  SINCE JUL 1     40.0                      22.2   17.8     51.7
  SNOW DEPTH       3

DEGREE DAYS
 HEATING
  YESTERDAY       38                        27     11       35
  MONTH TO DATE   38                        27     11       35
  SINCE MAR 1     38                        27     11       35
  SINCE JUL 1   3760                      3456    304     3692

 COOLING
  YESTERDAY        0                         0      0        0
  MONTH TO DATE    0                         0      0        0
  SINCE MAR 1      0                         0      0        0
  SINCE JAN 1      0                         0      0        0
..................................................................


WIND (MPH)
  HIGHEST WIND SPEED    16   HIGHEST WIND DIRECTION     S (180)
  HIGHEST GUST SPEED    20   HIGHEST GUST DIRECTION     S (170)
  AVERAGE WIND SPEED     4.5


SKY COVER
  AVERAGE SKY COVER 0.8


WEATHER CONDITIONS
 THE FOLLOWING WEATHER WAS RECORDED YESTERDAY.
  LT FREEZING RAIN
  HEAVY SNOW
  SNOW
  LIGHT SNOW
  SLEET
  FOG
  FOG W/VISIBILITY <= 1/4 MILE
  HAZE


RELATIVE HUMIDITY (PERCENT)
 HIGHEST    88           200 PM
 LOWEST     32          1100 AM
 AVERAGE    60

..........................................................


THE LAGUARDIA NY CLIMATE NORMALS FOR TODAY
                         NORMAL    RECORD    YEAR
 MAXIMUM TEMPERATURE (F)   46        67      2004
 MINIMUM TEMPERATURE (F)   31        13      1962
                                             1950


SUNRISE AND SUNSET
MARCH  2 2015.........SUNRISE   628 AM EST   SUNSET   548 PM EST
MARCH  3 2015.........SUNRISE   627 AM EST   SUNSET   549 PM EST


-  INDICATES NEGATIVE NUMBERS.
R  INDICATES RECORD WAS SET OR TIED.
MM INDICATES DATA IS MISSING.
T  INDICATES TRACE AMOUNT.




$$
