000
CDUS41 KOKX 210616
CLILGA


CLIMATE REPORT
NATIONAL WEATHER SERVICE NEW YORK NY
216 AM EDT SAT OCT 21 2017


...................................

...THE LAGUARDIA NY CLIMATE SUMMARY FOR OCTOBER 20 2017...

CLIMATE NORMAL PERIOD 1981 TO 2010
CLIMATE RECORD PERIOD 1939 TO 2017


WEATHER ITEM   OBSERVED TIME   RECORD YEAR NORMAL DEPARTURE LAST
                VALUE   (LST)  VALUE       VALUE  FROM      YEAR
                                                  NORMAL
..................................................................
TEMPERATURE (F)
 YESTERDAY
  MAXIMUM         74    325 PM  79    1984  64     10       73
                                      1953
  MINIMUM         62    821 AM  32    1972  50     12       63
  AVERAGE         68                        57     11       68

PRECIPITATION (IN)
  YESTERDAY        0.00          2.36 1989   0.12  -0.12     0.00
  MONTH TO DATE    0.71                      2.48  -1.77     0.62
  SINCE SEP 1      2.55                      6.21  -3.66     3.15
  SINCE JAN 1     35.54                     36.46  -0.92    26.87

SNOWFALL (IN)
  YESTERDAY        0.0          MM      MM   0.0    0.0      0.0
  MONTH TO DATE    0.0                       0.0    0.0      0.0
  SINCE OCT 1      0.0                       0.0    0.0      0.0
  SINCE JUL 1      0.0                       0.0    0.0      0.0
  SNOW DEPTH       0

DEGREE DAYS
 HEATING
  YESTERDAY        0                         9     -9        0
  MONTH TO DATE   31                       122    -91       48
  SINCE SEP 1     41                       156   -115       53
  SINCE JUL 1     41                       157   -116       53

 COOLING
  YESTERDAY        3                         0      3        3
  MONTH TO DATE   80                        20     60       46
  SINCE SEP 1    292                       177    115      322
  SINCE JAN 1   1423                      1210    213     1739
..................................................................


WIND (MPH)
  HIGHEST WIND SPEED    21   HIGHEST WIND DIRECTION    NW (310)
  HIGHEST GUST SPEED    24   HIGHEST GUST DIRECTION    NW (310)
  AVERAGE WIND SPEED    10.8


SKY COVER
  AVERAGE SKY COVER 0.3


WEATHER CONDITIONS
 THE FOLLOWING WEATHER WAS RECORDED YESTERDAY.
  NO SIGNIFICANT WEATHER WAS OBSERVED.


RELATIVE HUMIDITY (PERCENT)
 HIGHEST    56           400 AM
 LOWEST     22          1200 PM
 AVERAGE    39

..........................................................


THE LAGUARDIA NY CLIMATE NORMALS FOR TODAY
                         NORMAL    RECORD    YEAR
 MAXIMUM TEMPERATURE (F)   63        82      1947
 MINIMUM TEMPERATURE (F)   49        33      1974


SUNRISE AND SUNSET
OCTOBER 21 2017.......SUNRISE   714 AM EDT   SUNSET   606 PM EDT
OCTOBER 22 2017.......SUNRISE   715 AM EDT   SUNSET   605 PM EDT


-  INDICATES NEGATIVE NUMBERS.
R  INDICATES RECORD WAS SET OR TIED.
MM INDICATES DATA IS MISSING.
T  INDICATES TRACE AMOUNT.




$$
