787
CDUS41 KOKX 280617
CLILGA


CLIMATE REPORT
NATIONAL WEATHER SERVICE NEW YORK NY
217 AM EDT THU JUL 28 2016


...................................

...THE LAGUARDIA NY CLIMATE SUMMARY FOR JULY 27 2016...

CLIMATE NORMAL PERIOD 1981 TO 2010
CLIMATE RECORD PERIOD 1939 TO 2016


WEATHER ITEM   OBSERVED TIME   RECORD YEAR NORMAL DEPARTURE LAST
                VALUE   (LST)  VALUE       VALUE  FROM      YEAR
                                                  NORMAL
..................................................................
TEMPERATURE (F)
 YESTERDAY
  MAXIMUM         94    355 PM 100    2005  86      8       87
  MINIMUM         77    610 AM  59    1962  70      7       76
  AVERAGE         86                        78      8       82

PRECIPITATION (IN)
  YESTERDAY        0.00          2.77 1960   0.15  -0.15     0.00
  MONTH TO DATE    3.21                      3.85  -0.64     1.92
  SINCE JUN 1      5.45                      7.79  -2.34     6.72
  SINCE JAN 1     20.82                     25.48  -4.66    21.77

SNOWFALL (IN)
  YESTERDAY        0.0          MM      MM   0.0    0.0      0.0
  MONTH TO DATE    0.0                       0.0    0.0      0.0
  SINCE OCT 1     36.2                      26.9    9.3     53.8
  SINCE JUL 1      0.0                       0.0    0.0      0.0
  SNOW DEPTH       0

DEGREE DAYS
 HEATING
  YESTERDAY        0                         0      0        0
  MONTH TO DATE    0                         0      0        0
  SINCE JUN 1      2                        16    -14       34
  SINCE JUL 1      0                         0      0        0

 COOLING
  YESTERDAY       21                        13      8       17
  MONTH TO DATE  444                       336    108      371
  SINCE JUN 1    714                       567    147      599
  SINCE JAN 1    833                       633    200      721
..................................................................


WIND (MPH)
  HIGHEST WIND SPEED    16   HIGHEST WIND DIRECTION     S (170)
  HIGHEST GUST SPEED    19   HIGHEST GUST DIRECTION     S (160)
  AVERAGE WIND SPEED     7.2


SKY COVER
  AVERAGE SKY COVER 0.5


WEATHER CONDITIONS
 THE FOLLOWING WEATHER WAS RECORDED YESTERDAY.
  HAZE


RELATIVE HUMIDITY (PERCENT)
 HIGHEST    69           300 AM
 LOWEST     32           200 PM
 AVERAGE    51

..........................................................


THE LAGUARDIA NY CLIMATE NORMALS FOR TODAY
                         NORMAL    RECORD    YEAR
 MAXIMUM TEMPERATURE (F)   86        98      1949
 MINIMUM TEMPERATURE (F)   70        60      1984


SUNRISE AND SUNSET
JULY 28 2016..........SUNRISE   549 AM EDT   SUNSET   815 PM EDT
JULY 29 2016..........SUNRISE   550 AM EDT   SUNSET   814 PM EDT


-  INDICATES NEGATIVE NUMBERS.
R  INDICATES RECORD WAS SET OR TIED.
MM INDICATES DATA IS MISSING.
T  INDICATES TRACE AMOUNT.




$$
