000
CDUS46 KLOX 290916
CLILGB


CLIMATE REPORT
NATIONAL WEATHER SERVICE LOS ANGELES/OXNARD CA
214 AM PDT FRI JUL 29 2016


...................................

...THE LONG BEACH AIRPORT CA CLIMATE SUMMARY FOR JULY 28 2016...

CLIMATE NORMAL PERIOD 1981 TO 2010
CLIMATE RECORD PERIOD 1958 TO 2016


WEATHER ITEM   OBSERVED TIME   RECORD YEAR NORMAL DEPARTURE LAST
                VALUE   (LST)  VALUE       VALUE  FROM      YEAR
                                                  NORMAL
..................................................................
TEMPERATURE (F)
 YESTERDAY
  MAXIMUM         90    242 PM  96    1972  83      7       84
  MINIMUM         71    609 AM  55    1965  65      6       69
  AVERAGE         81                        74      7       77

PRECIPITATION (IN)
  YESTERDAY        0.00          0.02 2003   0.00   0.00     0.00
  MONTH TO DATE    0.00                      0.03  -0.03     0.54
  SINCE OCT 1      4.99                     12.05  -7.06     8.40
  SINCE JAN 1      3.99                      8.47  -4.48     3.14

SNOWFALL (IN)
  YESTERDAY        0.0
  MONTH TO DATE    0.0
  SINCE JUN 1      0.0
  SINCE JUL 1      0.0

DEGREE DAYS
 HEATING
  YESTERDAY        0                         0      0        0
  MONTH TO DATE    0                         0      0        0
  SINCE JUN 1      0                         6     -6        0
  SINCE JUL 1      0                         0      0        0

 COOLING
  YESTERDAY       16                         9      7       12
  MONTH TO DATE  289                       228     61      291
  SINCE JUN 1    466                       349    117      502
  SINCE JAN 1    603                       452    151      758
..................................................................


WIND (MPH)
  HIGHEST WIND SPEED    14   HIGHEST WIND DIRECTION    NW (310)
  HIGHEST GUST SPEED    15   HIGHEST GUST DIRECTION    NW (310)
  AVERAGE WIND SPEED     5.5


SKY COVER
  POSSIBLE SUNSHINE  MM
  AVERAGE SKY COVER 0.0


WEATHER CONDITIONS
 THE FOLLOWING WEATHER WAS RECORDED YESTERDAY.
  NO SIGNIFICANT WEATHER WAS OBSERVED.


RELATIVE HUMIDITY (PERCENT)
 HIGHEST    84          1200 AM
 LOWEST     29           200 PM
 AVERAGE    57

..........................................................


THE LONG BEACH AIRPORT CA CLIMATE NORMALS FOR TODAY
                         NORMAL    RECORD    YEAR
 MAXIMUM TEMPERATURE (F)   83        97      1980
 MINIMUM TEMPERATURE (F)   65        56      2012


SUNRISE AND SUNSET
JULY 29 2016..........SUNRISE   603 AM PDT   SUNSET   755 PM PDT
JULY 30 2016..........SUNRISE   603 AM PDT   SUNSET   754 PM PDT


-  INDICATES NEGATIVE NUMBERS.
R  INDICATES RECORD WAS SET OR TIED.
MM INDICATES DATA IS MISSING.
T  INDICATES TRACE AMOUNT.




$$
