000
CDUS46 KLOX 230903
CLILGB


CLIMATE REPORT
NATIONAL WEATHER SERVICE LOS ANGELES/OXNARD CA
203 AM PDT WED AUG 23 2017


...................................

...THE LONG BEACH AIRPORT CA CLIMATE SUMMARY FOR AUGUST 22 2017...

CLIMATE NORMAL PERIOD 1981 TO 2010
CLIMATE RECORD PERIOD 1958 TO 2017


WEATHER ITEM   OBSERVED TIME   RECORD YEAR NORMAL DEPARTURE LAST
                VALUE   (LST)  VALUE       VALUE  FROM      YEAR
                                                  NORMAL
..................................................................
TEMPERATURE (F)
 YESTERDAY
  MAXIMUM         83   1246 PM  98    1972  84     -1       83
  MINIMUM         66    532 AM  57    1968  65      1       65
  AVERAGE         75                        74      1       74

PRECIPITATION (IN)
  YESTERDAY        0.00          0.00 2016   0.00   0.00     0.00
                                      2015
                                      2014
  MONTH TO DATE    T                         0.02  -0.02     0.00
  SINCE OCT 1     19.98                     12.07   7.91     4.99
  SINCE JAN 1     14.78                      8.49   6.29     3.99

SNOWFALL (IN)
  YESTERDAY        0.0
  MONTH TO DATE    0.0
  SINCE JUN 1      0.0
  SINCE JUL 1      0.0

DEGREE DAYS
 HEATING
  YESTERDAY        0                         0      0        0
  MONTH TO DATE    0                         0      0        0
  SINCE JUN 1      2                         6     -4        0
  SINCE JUL 1      0                         0      0        0

 COOLING
  YESTERDAY       10                         9      1        9
  MONTH TO DATE  227                       198     29      221
  SINCE JUN 1    701                       573    128      724
  SINCE JAN 1    861                       676    185      861
..................................................................


WIND (MPH)
  HIGHEST WIND SPEED    16   HIGHEST WIND DIRECTION    NW (300)
  HIGHEST GUST SPEED    20   HIGHEST GUST DIRECTION    NW (310)
  AVERAGE WIND SPEED     6.6


SKY COVER
  POSSIBLE SUNSHINE  MM
  AVERAGE SKY COVER 0.0


WEATHER CONDITIONS
 THE FOLLOWING WEATHER WAS RECORDED YESTERDAY.
  NO SIGNIFICANT WEATHER WAS OBSERVED.


RELATIVE HUMIDITY (PERCENT)
 HIGHEST    87           100 AM
 LOWEST     51           100 PM
 AVERAGE    69

..........................................................


THE LONG BEACH AIRPORT CA CLIMATE NORMALS FOR TODAY
                         NORMAL    RECORD    YEAR
 MAXIMUM TEMPERATURE (F)   84       102      1968
 MINIMUM TEMPERATURE (F)   65        57      1978
                                             1968


SUNRISE AND SUNSET
AUGUST 23 2017........SUNRISE   620 AM PDT   SUNSET   729 PM PDT
AUGUST 24 2017........SUNRISE   621 AM PDT   SUNSET   728 PM PDT


-  INDICATES NEGATIVE NUMBERS.
R  INDICATES RECORD WAS SET OR TIED.
MM INDICATES DATA IS MISSING.
T  INDICATES TRACE AMOUNT.




$$
