000
CDUS46 KLOX 050902
CLILGB


CLIMATE REPORT
NATIONAL WEATHER SERVICE LOS ANGELES/OXNARD CA
102 AM PST FRI FEB 5 2016


...................................

...THE LONG BEACH AIRPORT CA CLIMATE SUMMARY FOR FEBRUARY 4 2016...

CLIMATE NORMAL PERIOD 1981 TO 2010
CLIMATE RECORD PERIOD 1958 TO 2016


WEATHER ITEM   OBSERVED TIME   RECORD YEAR NORMAL DEPARTURE LAST
                VALUE   (LST)  VALUE       VALUE  FROM      YEAR
                                                  NORMAL
..................................................................
TEMPERATURE (F)
 YESTERDAY
  MAXIMUM         71    332 PM  87    2001  67      4       70
  MINIMUM         43    656 AM  37    1979  47     -4       55
  AVERAGE         57                        57      0       63

PRECIPITATION (IN)
  YESTERDAY        0.00          0.69 1975   0.10  -0.10     0.00
  MONTH TO DATE    T                         0.38  -0.38     0.00
  SINCE OCT 1      3.29                      6.56  -3.27     6.13
  SINCE JAN 1      2.29                      2.98  -0.69     0.87

SNOWFALL (IN)
  YESTERDAY        0.0
  MONTH TO DATE    0.0
  SINCE DEC 1      0.0
  SINCE JUL 1      0.0

DEGREE DAYS
 HEATING
  YESTERDAY        8                         8      0        2
  MONTH TO DATE   49                        32     17       13
  SINCE DEC 1    515                       562    -47      327
  SINCE JUL 1    607                       711   -104      363

 COOLING
  YESTERDAY        0                         0      0        0
  MONTH TO DATE    0                         0      0        0
  SINCE DEC 1      6                         4      2       13
  SINCE JAN 1      0                         3     -3        8
..................................................................


WIND (MPH)
  HIGHEST WIND SPEED    15   HIGHEST WIND DIRECTION    NW (300)
  HIGHEST GUST SPEED    18   HIGHEST GUST DIRECTION     W (290)
  AVERAGE WIND SPEED     5.1


SKY COVER
  POSSIBLE SUNSHINE  MM
  AVERAGE SKY COVER 0.0


WEATHER CONDITIONS
 THE FOLLOWING WEATHER WAS RECORDED YESTERDAY.
  NO SIGNIFICANT WEATHER WAS OBSERVED.


RELATIVE HUMIDITY (PERCENT)
 HIGHEST    71          1200 AM
 LOWEST     18           200 PM
 AVERAGE    45

..........................................................


THE LONG BEACH AIRPORT CA CLIMATE NORMALS FOR TODAY
                         NORMAL    RECORD    YEAR
 MAXIMUM TEMPERATURE (F)   67        85      2007
                                             1963
 MINIMUM TEMPERATURE (F)   47        36      1985


SUNRISE AND SUNSET
FEBRUARY  5 2016......SUNRISE   647 AM PST   SUNSET   527 PM PST
FEBRUARY  6 2016......SUNRISE   646 AM PST   SUNSET   528 PM PST


-  INDICATES NEGATIVE NUMBERS.
R  INDICATES RECORD WAS SET OR TIED.
MM INDICATES DATA IS MISSING.
T  INDICATES TRACE AMOUNT.




$$
