000
CDUS46 KLOX 180900
CLILGB


CLIMATE REPORT
NATIONAL WEATHER SERVICE LOS ANGELES/OXNARD CA
200 AM PDT WED OCT 18 2017


...................................

...THE LONG BEACH AIRPORT CA CLIMATE SUMMARY FOR OCTOBER 17 2017...

CLIMATE NORMAL PERIOD 1981 TO 2010
CLIMATE RECORD PERIOD 1958 TO 2017


WEATHER ITEM   OBSERVED TIME   RECORD YEAR NORMAL DEPARTURE LAST
                VALUE   (LST)  VALUE       VALUE  FROM      YEAR
                                                  NORMAL
..................................................................
TEMPERATURE (F)
 YESTERDAY
  MAXIMUM         91   1109 AM 101    1958  77     14       72
  MINIMUM         62    445 AM  49    1965  58      4       61
  AVERAGE         77                        68      9       67

PRECIPITATION (IN)
  YESTERDAY        0.00          0.56 2004   0.02  -0.02     0.29
  MONTH TO DATE    0.00                      0.28  -0.28     0.29
  SINCE OCT 1      0.00                      0.28  -0.28     0.29
  SINCE JAN 1     14.90                      8.96   5.94     4.28

SNOWFALL (IN)
  YESTERDAY        0.0
  MONTH TO DATE    0.0
  SINCE SEP 1      0.0
  SINCE JUL 1      0.0

DEGREE DAYS
 HEATING
  YESTERDAY        0                         1     -1        0
  MONTH TO DATE    0                         1     -1        1
  SINCE SEP 1      0                         2     -2        1
  SINCE JUL 1      0                         2     -2        1

 COOLING
  YESTERDAY       12                         3      9        2
  MONTH TO DATE  120                        70     50       82
  SINCE SEP 1    386                       301     85      345
  SINCE JAN 1   1352                      1069    283     1289
..................................................................


WIND (MPH)
  HIGHEST WIND SPEED    17   HIGHEST WIND DIRECTION     W (290)
  HIGHEST GUST SPEED    19   HIGHEST GUST DIRECTION     W (290)
  AVERAGE WIND SPEED     4.4


SKY COVER
  POSSIBLE SUNSHINE  MM
  AVERAGE SKY COVER 0.0


WEATHER CONDITIONS
 THE FOLLOWING WEATHER WAS RECORDED YESTERDAY.
  NO SIGNIFICANT WEATHER WAS OBSERVED.


RELATIVE HUMIDITY (PERCENT)
 HIGHEST    73          1100 PM
 LOWEST     15          1100 AM
 AVERAGE    44

..........................................................


THE LONG BEACH AIRPORT CA CLIMATE NORMALS FOR TODAY
                         NORMAL    RECORD    YEAR
 MAXIMUM TEMPERATURE (F)   77        95      1966
 MINIMUM TEMPERATURE (F)   58        47      1980


SUNRISE AND SUNSET
OCTOBER 18 2017.......SUNRISE   700 AM PDT   SUNSET   615 PM PDT
OCTOBER 19 2017.......SUNRISE   701 AM PDT   SUNSET   613 PM PDT


-  INDICATES NEGATIVE NUMBERS.
R  INDICATES RECORD WAS SET OR TIED.
MM INDICATES DATA IS MISSING.
T  INDICATES TRACE AMOUNT.




$$
