000
CDUS46 KLOX 090904
CLILGB


CLIMATE REPORT
NATIONAL WEATHER SERVICE LOS ANGELES/OXNARD CA
103 AM PST FRI DEC 9 2016


...................................

...THE LONG BEACH AIRPORT CA CLIMATE SUMMARY FOR DECEMBER 8 2016...

CLIMATE NORMAL PERIOD 1981 TO 2010
CLIMATE RECORD PERIOD 1958 TO 2016


WEATHER ITEM   OBSERVED TIME   RECORD YEAR NORMAL DEPARTURE LAST
                VALUE   (LST)  VALUE       VALUE  FROM      YEAR
                                                  NORMAL
..................................................................
TEMPERATURE (F)
 YESTERDAY
  MAXIMUM         67    209 PM  85    1975  67      0       81
  MINIMUM         49    507 AM  31    1978  46      3       50
  AVERAGE         58                        57      1       66

PRECIPITATION (IN)
  YESTERDAY        0.00          0.30 1984   0.06  -0.06     0.00
  MONTH TO DATE    0.00                      0.41  -0.41     0.00
  SINCE OCT 1      1.61                      2.04  -0.43     0.10
  SINCE JAN 1      5.60                     10.72  -5.12     4.19

SNOWFALL (IN)
  YESTERDAY        0.0
  MONTH TO DATE    0.0
  SINCE DEC 1      0.0
  SINCE JUL 1      0.0

DEGREE DAYS
 HEATING
  YESTERDAY        7                         8     -1        0
  MONTH TO DATE   65                        63      2       13
  SINCE DEC 1     65                        63      2       13
  SINCE JUL 1    145                       212    -67      105

 COOLING
  YESTERDAY        0                         0      0        1
  MONTH TO DATE    0                         0      0        6
  SINCE DEC 1      0                         0      0        6
  SINCE JAN 1   1446                      1125    321     2008
..................................................................


WIND (MPH)
  HIGHEST WIND SPEED    13   HIGHEST WIND DIRECTION     W (280)
  HIGHEST GUST SPEED    16   HIGHEST GUST DIRECTION     W (290)
  AVERAGE WIND SPEED     3.1


SKY COVER
  POSSIBLE SUNSHINE  MM
  AVERAGE SKY COVER 0.1


WEATHER CONDITIONS
 THE FOLLOWING WEATHER WAS RECORDED YESTERDAY.
  FOG
  HAZE


RELATIVE HUMIDITY (PERCENT)
 HIGHEST    93           500 AM
 LOWEST     42           200 PM
 AVERAGE    68

..........................................................


THE LONG BEACH AIRPORT CA CLIMATE NORMALS FOR TODAY
                         NORMAL    RECORD    YEAR
 MAXIMUM TEMPERATURE (F)   67        84      1975
                                             1973
 MINIMUM TEMPERATURE (F)   46        33      1978
                                             1972
                                             1960


SUNRISE AND SUNSET
DECEMBER  9 2016......SUNRISE   646 AM PST   SUNSET   444 PM PST
DECEMBER 10 2016......SUNRISE   647 AM PST   SUNSET   444 PM PST


-  INDICATES NEGATIVE NUMBERS.
R  INDICATES RECORD WAS SET OR TIED.
MM INDICATES DATA IS MISSING.
T  INDICATES TRACE AMOUNT.




$$
