000
CDHW41 PHFO 290252
CLILIH


CLIMATE REPORT
NATIONAL WEATHER SERVICE HONOLULU HI
442 PM HST WED SEP 28 2016


...................................

...THE LIHUE HI CLIMATE SUMMARY FOR SEPTEMBER 28 2016...
VALID TODAY AS OF 0400 PM LOCAL TIME.

CLIMATE NORMAL PERIOD 1981 TO 2010
CLIMATE RECORD PERIOD 1946 TO 2016


WEATHER ITEM   OBSERVED TIME   RECORD YEAR NORMAL DEPARTURE LAST
                VALUE   (LST)  VALUE       VALUE  FROM      YEAR
                                                  NORMAL
..................................................................
TEMPERATURE (F)
 TODAY
  MAXIMUM         86    321 PM  88    1981  85      1       83
                                      1959
  MINIMUM         77    555 AM  66    1970  74      3       76
  AVERAGE         82                        79      3       80

PRECIPITATION (IN)
  TODAY            T             1.31 1994   0.09  -0.09      T
  MONTH TO DATE    0.49                      1.94  -1.45     4.78
  SINCE SEP 1      0.49                      1.94  -1.45     4.78
  SINCE JAN 1     11.23                     23.39 -12.16    21.93

SNOWFALL (IN)
  TODAY            0.0
  MONTH TO DATE    0.0
  SINCE SEP 1      0.0
  SINCE JUL 1      0.0
  SNOW DEPTH       0

DEGREE DAYS
 HEATING
  TODAY            0                         0      0        0
  MONTH TO DATE    0                         0      0        0
  SINCE SEP 1      0                         0      0        0
  SINCE JUL 1      0                         0      0        0

 COOLING
  TODAY           17                        14      3       15
  MONTH TO DATE  469                       407     62      443
  SINCE SEP 1    469                       407     62      443
  SINCE JAN 1   3128                      2933    195     3221
..................................................................


WIND (MPH)
  HIGHEST WIND SPEED    17   HIGHEST WIND DIRECTION    NE (50)
  HIGHEST GUST SPEED    22   HIGHEST GUST DIRECTION    NE (50)
  AVERAGE WIND SPEED    14.5


SKY COVER
  POSSIBLE SUNSHINE  MM
  AVERAGE SKY COVER 0.2


WEATHER CONDITIONS
 THE FOLLOWING WEATHER WAS RECORDED TODAY.
  LIGHT RAIN


RELATIVE HUMIDITY (PERCENT)
 HIGHEST    74           400 AM
 LOWEST     59          1000 AM
 AVERAGE    67

..........................................................


THE LIHUE HI CLIMATE NORMALS FOR TOMORROW
                         NORMAL    RECORD    YEAR
 MAXIMUM TEMPERATURE (F)   85        88      1981
                                             1960
 MINIMUM TEMPERATURE (F)   74        65      1952


SUNRISE AND SUNSET
SEPTEMBER 28 2016.....SUNRISE   628 AM HST   SUNSET   627 PM HST
SEPTEMBER 29 2016.....SUNRISE   628 AM HST   SUNSET   626 PM HST


-  INDICATES NEGATIVE NUMBERS.
R  INDICATES RECORD WAS SET OR TIED.
MM INDICATES DATA IS MISSING.
T  INDICATES TRACE AMOUNT.




$$
