000
CDHW41 PHFO 270243
CLILIH


CLIMATE REPORT
NATIONAL WEATHER SERVICE HONOLULU HI
441 PM HST SUN MAR 26 2017


...................................

...THE LIHUE HI CLIMATE SUMMARY FOR MARCH 26 2017...
VALID TODAY AS OF 0400 PM LOCAL TIME.

CLIMATE NORMAL PERIOD 1981 TO 2010
CLIMATE RECORD PERIOD 1946 TO 2017


WEATHER ITEM   OBSERVED TIME   RECORD YEAR NORMAL DEPARTURE LAST
                VALUE   (LST)  VALUE       VALUE  FROM      YEAR
                                                  NORMAL
..................................................................
TEMPERATURE (F)
 TODAY
  MAXIMUM         81    145 PM  86    1981  79      2       79
  MINIMUM         73    658 AM  56    1996  68      5       64
                                      1965
                                      1955
  AVERAGE         77                        73      4       72

PRECIPITATION (IN)
  TODAY            T             4.55 2006   0.15  -0.15     0.00
  MONTH TO DATE    4.07                      3.91   0.16     2.59
  SINCE MAR 1      4.07                      3.91   0.16     2.59
  SINCE JAN 1     10.55                     10.82  -0.27     3.76

SNOWFALL (IN)
  TODAY            0.0
  MONTH TO DATE    0.0
  SINCE MAR 1      0.0
  SINCE JUL 1      0.0
  SNOW DEPTH       0

DEGREE DAYS
 HEATING
  TODAY            0                         0      0        0
  MONTH TO DATE    0                         0      0        0
  SINCE MAR 1      0                         0      0        0
  SINCE JUL 1      0                         0      0        0

 COOLING
  TODAY           12                         8      4        7
  MONTH TO DATE  220                       196     24      197
  SINCE MAR 1    220                       196     24      197
  SINCE JAN 1    661                       591     70      652
..................................................................


WIND (MPH)
  HIGHEST WIND SPEED    20   HIGHEST WIND DIRECTION     E (70)
  HIGHEST GUST SPEED    23   HIGHEST GUST DIRECTION    NE (60)
  AVERAGE WIND SPEED    13.2


SKY COVER
  POSSIBLE SUNSHINE  MM
  AVERAGE SKY COVER 0.6


WEATHER CONDITIONS
 THE FOLLOWING WEATHER WAS RECORDED TODAY.
  NO SIGNIFICANT WEATHER WAS OBSERVED.


RELATIVE HUMIDITY (PERCENT)
 HIGHEST    84          1200 AM
 LOWEST     62           100 PM
 AVERAGE    73

..........................................................


THE LIHUE HI CLIMATE NORMALS FOR TOMORROW
                         NORMAL    RECORD    YEAR
 MAXIMUM TEMPERATURE (F)   79        86      1981
 MINIMUM TEMPERATURE (F)   68        57      1996
                                             1965


SUNRISE AND SUNSET
MARCH 26 2017.........SUNRISE   635 AM HST   SUNSET   651 PM HST
MARCH 27 2017.........SUNRISE   634 AM HST   SUNSET   651 PM HST


-  INDICATES NEGATIVE NUMBERS.
R  INDICATES RECORD WAS SET OR TIED.
MM INDICATES DATA IS MISSING.
T  INDICATES TRACE AMOUNT.




$$
