000
CDHW41 PHFO 281245
CLILIH


CLIMATE REPORT
NATIONAL WEATHER SERVICE HONOLULU HI
245 AM HST MON JUL 28 2014


...................................

...THE LIHUE HI CLIMATE SUMMARY FOR JULY 27 2014...

CLIMATE NORMAL PERIOD 1981 TO 2010
CLIMATE RECORD PERIOD 1946 TO 2014


WEATHER ITEM   OBSERVED TIME   RECORD YEAR NORMAL DEPARTURE LAST
                VALUE   (LST)  VALUE       VALUE  FROM      YEAR
                                                  NORMAL
..................................................................
TEMPERATURE (F)
 YESTERDAY
  MAXIMUM         86    206 PM  88    1981  84      2       83
                                      1969
  MINIMUM         72    641 AM  67    1955  74     -2       73
  AVERAGE         79                        79      0       78

PRECIPITATION (IN)
  YESTERDAY        T             0.27 1990   0.07  -0.07     0.03
  MONTH TO DATE    1.44                      1.59  -0.15     0.66
  SINCE JUN 1      4.57                      3.20   1.37     1.36
  SINCE JAN 1     20.36                     19.04   1.32    16.16

SNOWFALL (IN)
  YESTERDAY        0.0
  MONTH TO DATE    0.0
  SINCE JUN 1      0.0
  SINCE JUL 1      0.0
  SNOW DEPTH       0

DEGREE DAYS
 HEATING
  YESTERDAY        0                         0      0        0
  MONTH TO DATE    0                         0      0        0
  SINCE JUN 1      0                         0      0        0
  SINCE JUL 1      0                         0      0        0

 COOLING
  YESTERDAY       14                        14      0       13
  MONTH TO DATE  397                       378     19      324
  SINCE JUN 1    777                       772      5      706
  SINCE JAN 1   1998                      2011    -13     1788
..................................................................


WIND (MPH)
  HIGHEST WIND SPEED    16   HIGHEST WIND DIRECTION     E (70)
  HIGHEST GUST SPEED    20   HIGHEST GUST DIRECTION     E (80)
  AVERAGE WIND SPEED     9.8


SKY COVER
  POSSIBLE SUNSHINE  MM
  AVERAGE SKY COVER 0.6


WEATHER CONDITIONS
 THE FOLLOWING WEATHER WAS RECORDED YESTERDAY.
  LIGHT RAIN


RELATIVE HUMIDITY (PERCENT)
 HIGHEST    87          1200 AM
 LOWEST     65          1100 AM
 AVERAGE    76

..........................................................


THE LIHUE HI CLIMATE NORMALS FOR TODAY
                         NORMAL    RECORD    YEAR
 MAXIMUM TEMPERATURE (F)   84        88      1982
 MINIMUM TEMPERATURE (F)   74        68      1965


SUNRISE AND SUNSET
JULY 28 2014..........SUNRISE   608 AM HST   SUNSET   719 PM HST
JULY 29 2014..........SUNRISE   609 AM HST   SUNSET   719 PM HST


-  INDICATES NEGATIVE NUMBERS.
R  INDICATES RECORD WAS SET OR TIED.
MM INDICATES DATA IS MISSING.
T  INDICATES TRACE AMOUNT.




$$
