000
CDHW41 PHFO 300241
CLILIH


CLIMATE REPORT
NATIONAL WEATHER SERVICE HONOLULU HI
440 PM HST MON MAY 29 2017


...................................

...THE LIHUE HI CLIMATE SUMMARY FOR MAY 29 2017...
VALID TODAY AS OF 0400 PM LOCAL TIME.

CLIMATE NORMAL PERIOD 1981 TO 2010
CLIMATE RECORD PERIOD 1946 TO 2017


WEATHER ITEM   OBSERVED TIME   RECORD YEAR NORMAL DEPARTURE LAST
                VALUE   (LST)  VALUE       VALUE  FROM      YEAR
                                                  NORMAL
..................................................................
TEMPERATURE (F)
 TODAY
  MAXIMUM         84    241 PM  86    2013  82      2       80
  MINIMUM         69    610 AM  65    1983  72     -3       67
                                      1978
  AVERAGE         77                        77      0       74

PRECIPITATION (IN)
  TODAY            0.00          0.47 1986   0.06  -0.06     0.28
  MONTH TO DATE    1.44                      1.98  -0.54     1.46
  SINCE MAR 1      7.94                      8.84  -0.90     4.92
  SINCE JAN 1     14.42                     15.75  -1.33     6.09

SNOWFALL (IN)
  TODAY            0.0
  MONTH TO DATE    0.0
  SINCE MAR 1      0.0
  SINCE JUL 1      0.0
  SNOW DEPTH      MM

DEGREE DAYS
 HEATING
  TODAY            0                         0      0        0
  MONTH TO DATE    0                         0      0        0
  SINCE MAR 1      0                         0      0        0
  SINCE JUL 1      0                         0      0        0

 COOLING
  TODAY           12                        12      0        9
  MONTH TO DATE  378                       312     66      360
  SINCE MAR 1    999                       821    178      928
  SINCE JAN 1   1440                      1216    224     1383
..................................................................


WIND (MPH)
  HIGHEST WIND SPEED    10   HIGHEST WIND DIRECTION    NE (60)
  HIGHEST GUST SPEED    13   HIGHEST GUST DIRECTION     E (70)
  AVERAGE WIND SPEED    MM


SKY COVER
  POSSIBLE SUNSHINE  MM
  AVERAGE SKY COVER  MM


WEATHER CONDITIONS
 THE FOLLOWING WEATHER WAS RECORDED TODAY.
  NO SIGNIFICANT WEATHER WAS OBSERVED.


RELATIVE HUMIDITY (PERCENT)
 HIGHEST    MM
 LOWEST     MM
 AVERAGE    MM

..........................................................


THE LIHUE HI CLIMATE NORMALS FOR TOMORROW
                         NORMAL    RECORD    YEAR
 MAXIMUM TEMPERATURE (F)   82        85      2001
                                             1996
                                             1969
 MINIMUM TEMPERATURE (F)   72        65      1957


SUNRISE AND SUNSET
MAY 29 2017...........SUNRISE   554 AM HST   SUNSET   716 PM HST
MAY 30 2017...........SUNRISE   554 AM HST   SUNSET   716 PM HST


-  INDICATES NEGATIVE NUMBERS.
R  INDICATES RECORD WAS SET OR TIED.
MM INDICATES DATA IS MISSING.
T  INDICATES TRACE AMOUNT.




$$
