000
CDHW41 PHFO 171245
CLILIH


CLIMATE REPORT
NATIONAL WEATHER SERVICE HONOLULU HI
245 AM HST THU APR 17 2014


...................................

...THE LIHUE HI CLIMATE SUMMARY FOR APRIL 16 2014...

CLIMATE NORMAL PERIOD 1981 TO 2010
CLIMATE RECORD PERIOD 1946 TO 2014


WEATHER ITEM   OBSERVED TIME   RECORD YEAR NORMAL DEPARTURE LAST
                VALUE   (LST)  VALUE       VALUE  FROM      YEAR
                                                  NORMAL
..................................................................
TEMPERATURE (F)
 YESTERDAY
  MAXIMUM         80   1257 PM  87    1961  79      1       81
  MINIMUM         69    230 AM  60    1979  69      0       67
                                      1965
                                      1959
  AVERAGE         75                        74      1       74

PRECIPITATION (IN)
  YESTERDAY        0.01          1.81 1972   0.07  -0.06     0.00
  MONTH TO DATE    0.26                      1.40  -1.14     1.55
  SINCE MAR 1      2.19                      6.01  -3.82     5.84
  SINCE JAN 1     12.59                     12.92  -0.33    12.72

SNOWFALL (IN)
  YESTERDAY        0.0
  MONTH TO DATE    0.0
  SINCE MAR 1      0.0
  SINCE JUL 1      0.0
  SNOW DEPTH       0

DEGREE DAYS
 HEATING
  YESTERDAY        0                         0      0        0
  MONTH TO DATE    0                         0      0        0
  SINCE MAR 1      0                         0      0        0
  SINCE JUL 1      0                         0      0        0

 COOLING
  YESTERDAY       10                         9      1        9
  MONTH TO DATE  148                       143      5      118
  SINCE MAR 1    359                       382    -23      271
  SINCE JAN 1    735                       777    -42      658
..................................................................


WIND (MPH)
  HIGHEST WIND SPEED    24   HIGHEST WIND DIRECTION    NE (40)
  HIGHEST GUST SPEED    30   HIGHEST GUST DIRECTION    NE (60)
  AVERAGE WIND SPEED    17.5


SKY COVER
  POSSIBLE SUNSHINE  MM
  AVERAGE SKY COVER 0.7


WEATHER CONDITIONS
 THE FOLLOWING WEATHER WAS RECORDED YESTERDAY.
  LIGHT RAIN
  FOG


RELATIVE HUMIDITY (PERCENT)
 HIGHEST    90           200 AM
 LOWEST     67          1100 AM
 AVERAGE    79

..........................................................


THE LIHUE HI CLIMATE NORMALS FOR TODAY
                         NORMAL    RECORD    YEAR
 MAXIMUM TEMPERATURE (F)   79        85      1981
 MINIMUM TEMPERATURE (F)   69        58      1967


SUNRISE AND SUNSET
APRIL 17 2014.........SUNRISE   616 AM HST   SUNSET   658 PM HST
APRIL 18 2014.........SUNRISE   615 AM HST   SUNSET   658 PM HST


-  INDICATES NEGATIVE NUMBERS.
R  INDICATES RECORD WAS SET OR TIED.
MM INDICATES DATA IS MISSING.
T  INDICATES TRACE AMOUNT.




$$
