000
CDHW41 PHFO 281245
CLILIH


CLIMATE REPORT
NATIONAL WEATHER SERVICE HONOLULU HI
245 AM HST FRI NOV 28 2014


...................................

...THE LIHUE HI CLIMATE SUMMARY FOR NOVEMBER 27 2014...

CLIMATE NORMAL PERIOD 1981 TO 2010
CLIMATE RECORD PERIOD 1946 TO 2014


WEATHER ITEM   OBSERVED TIME   RECORD YEAR NORMAL DEPARTURE LAST
                VALUE   (LST)  VALUE       VALUE  FROM      YEAR
                                                  NORMAL
..................................................................
TEMPERATURE (F)
 YESTERDAY
  MAXIMUM         81   1251 PM  85    1980  80      1       81
                                      1977
  MINIMUM         72   1011 PM  60    1972  70      2       67
  AVERAGE         77                        75      2       74

PRECIPITATION (IN)
  YESTERDAY        T             3.63 1954   0.14  -0.14     0.00
  MONTH TO DATE    2.09                      4.00  -1.91     3.18
  SINCE SEP 1      6.23                      9.94  -3.71    13.53
  SINCE JAN 1     30.40                     31.39  -0.99    30.74

SNOWFALL (IN)
  YESTERDAY        0.0
  MONTH TO DATE    0.0
  SINCE SEP 1      0.0
  SINCE JUL 1      0.0
  SNOW DEPTH       0

DEGREE DAYS
 HEATING
  YESTERDAY        0                         0      0        0
  MONTH TO DATE    0                         0      0        0
  SINCE SEP 1      0                         0      0        0
  SINCE JUL 1      0                         0      0        0

 COOLING
  YESTERDAY       12                        10      2        9
  MONTH TO DATE  311                       296     15      261
  SINCE SEP 1   1267                      1137    130     1111
  SINCE JAN 1   3785                      3663    122     3407
..................................................................


WIND (MPH)
  HIGHEST WIND SPEED    26   HIGHEST WIND DIRECTION    NE (50)
  HIGHEST GUST SPEED    30   HIGHEST GUST DIRECTION    NE (60)
  AVERAGE WIND SPEED    20.1


SKY COVER
  POSSIBLE SUNSHINE  MM
  AVERAGE SKY COVER 0.7


WEATHER CONDITIONS
 THE FOLLOWING WEATHER WAS RECORDED YESTERDAY.
  NO SIGNIFICANT WEATHER WAS OBSERVED.


RELATIVE HUMIDITY (PERCENT)
 HIGHEST    73          1000 PM
 LOWEST     49          1200 PM
 AVERAGE    61

..........................................................


THE LIHUE HI CLIMATE NORMALS FOR TODAY
                         NORMAL    RECORD    YEAR
 MAXIMUM TEMPERATURE (F)   80        86      1980
 MINIMUM TEMPERATURE (F)   70        61      1972


SUNRISE AND SUNSET
NOVEMBER 28 2014......SUNRISE   658 AM HST   SUNSET   553 PM HST
NOVEMBER 29 2014......SUNRISE   658 AM HST   SUNSET   553 PM HST


-  INDICATES NEGATIVE NUMBERS.
R  INDICATES RECORD WAS SET OR TIED.
MM INDICATES DATA IS MISSING.
T  INDICATES TRACE AMOUNT.




$$
