000
CDUS44 KLZK 230635
CLILIT


CLIMATE REPORT
NATIONAL WEATHER SERVICE LITTLE ROCK AR
1233 AM CST THU NOV 23 2017


...................................

...THE LITTLE ROCK ADAMS FIELD CLIMATE SUMMARY FOR NOVEMBER 22 2017...

CLIMATE NORMAL PERIOD 1981 TO 2010
CLIMATE RECORD PERIOD 1874 TO 2017


WEATHER ITEM   OBSERVED TIME   RECORD YEAR NORMAL DEPARTURE LAST
                VALUE   (LST)  VALUE       VALUE  FROM      YEAR
                                                  NORMAL
..................................................................
TEMPERATURE (F)
 YESTERDAY
  MAXIMUM         51    347 PM  77    1999  60     -9       64
  MINIMUM         30   1155 PM  17    1964  40    -10       39
  AVERAGE         41                        50     -9       52

PRECIPITATION (IN)
  YESTERDAY        0.00          3.97 1961   0.18  -0.18     0.03
  MONTH TO DATE    0.42                      3.78  -3.36     0.14
  SINCE SEP 1      2.24                     11.87  -9.63     3.36
  SINCE JAN 1     39.53                     43.28  -3.75    49.31

SNOWFALL (IN)
  YESTERDAY        0.0           2.9  1929   0.0    0.0      0.0
  MONTH TO DATE    0.0                       0.0    0.0      0.0
  SINCE SEP 1      T                         0.0    0.0      0.0
  SINCE JUL 1      T                         0.0    0.0      0.0
  SNOW DEPTH       0

DEGREE DAYS
 HEATING
  YESTERDAY       24                        15      9       13
  MONTH TO DATE  227                       248    -21      176
  SINCE SEP 1    372                       380     -8      209
  SINCE JUL 1    372                       380     -8      209

 COOLING
  YESTERDAY        0                         0      0        0
  MONTH TO DATE   34                         9     25       16
  SINCE SEP 1    460                       402     58      597
  SINCE JAN 1   2028                      2203   -175     2650
..................................................................


WIND (MPH)
  HIGHEST WIND SPEED    17   HIGHEST WIND DIRECTION     N (10)
  HIGHEST GUST SPEED    23   HIGHEST GUST DIRECTION     N (10)
  AVERAGE WIND SPEED     7.0


SKY COVER
  POSSIBLE SUNSHINE  MM
  AVERAGE SKY COVER 0.1


WEATHER CONDITIONS
 THE FOLLOWING WEATHER WAS RECORDED YESTERDAY.
  NO SIGNIFICANT WEATHER WAS OBSERVED.


RELATIVE HUMIDITY (PERCENT)
 HIGHEST    85          1100 PM
 LOWEST     27           400 PM
 AVERAGE    56

..........................................................


THE LITTLE ROCK ADAMS FIELD CLIMATE NORMALS FOR TODAY
                         NORMAL    RECORD    YEAR
 MAXIMUM TEMPERATURE (F)   60        78      2005
 MINIMUM TEMPERATURE (F)   40        17      1964


SUNRISE AND SUNSET
NOVEMBER 23 2017......SUNRISE   651 AM CST   SUNSET   500 PM CST
NOVEMBER 24 2017......SUNRISE   652 AM CST   SUNSET   459 PM CST


-  INDICATES NEGATIVE NUMBERS.
R  INDICATES RECORD WAS SET OR TIED.
MM INDICATES DATA IS MISSING.
T  INDICATES TRACE AMOUNT.




$$
