000
CDUS44 KLZK 230636
CLILIT


CLIMATE REPORT
NATIONAL WEATHER SERVICE LITTLE ROCK AR
135 AM CDT SUN APR 23 2017


...................................

...THE LITTLE ROCK ADAMS FIELD CLIMATE SUMMARY FOR APRIL 22 2017...

CLIMATE NORMAL PERIOD 1981 TO 2010
CLIMATE RECORD PERIOD 1874 TO 2017


WEATHER ITEM   OBSERVED TIME   RECORD YEAR NORMAL DEPARTURE LAST
                VALUE   (LST)  VALUE       VALUE  FROM      YEAR
                                                  NORMAL
..................................................................
TEMPERATURE (F)
 YESTERDAY
  MAXIMUM         60    233 PM  92    1955  75    -15       80
  MINIMUM         50   1144 PM  38    1927  53     -3       53
  AVERAGE         55                        64     -9       67

PRECIPITATION (IN)
  YESTERDAY        0.46          2.47 1985   0.18   0.28     0.00
  MONTH TO DATE    3.28                      3.70  -0.42     1.95
  SINCE MAR 1      7.15                      8.38  -1.23    14.28
  SINCE JAN 1     12.15                     15.59  -3.44    19.97

SNOWFALL (IN)
  YESTERDAY        0.0          MM      MM   0.0    0.0      0.0
  MONTH TO DATE    0.0                       0.0    0.0      0.0
  SINCE MAR 1      0.0                       0.4   -0.4      0.0
  SINCE JUL 1      0.2                       3.5   -3.3      5.7
  SNOW DEPTH       0

DEGREE DAYS
 HEATING
  YESTERDAY       10                         3      7        0
  MONTH TO DATE   51                       125    -74       70
  SINCE MAR 1    331                       500   -169      294
  SINCE JUL 1   2245                      3013   -768     2183

 COOLING
  YESTERDAY        0                         2     -2        2
  MONTH TO DATE   60                        34     26       21
  SINCE MAR 1     81                        48     33       42
  SINCE JAN 1     93                        50     43       48
..................................................................


WIND (MPH)
  HIGHEST WIND SPEED    28   HIGHEST WIND DIRECTION     N (360)
  HIGHEST GUST SPEED    37   HIGHEST GUST DIRECTION     N (360)
  AVERAGE WIND SPEED     9.8


SKY COVER
  POSSIBLE SUNSHINE  MM
  AVERAGE SKY COVER 1.0


WEATHER CONDITIONS
 THE FOLLOWING WEATHER WAS RECORDED YESTERDAY.
  THUNDERSTORM
  HEAVY RAIN
  RAIN
  LIGHT RAIN
  FOG


RELATIVE HUMIDITY (PERCENT)
 HIGHEST   100           100 AM
 LOWEST     86          1200 PM
 AVERAGE    93

..........................................................


THE LITTLE ROCK ADAMS FIELD CLIMATE NORMALS FOR TODAY
                         NORMAL    RECORD    YEAR
 MAXIMUM TEMPERATURE (F)   75        90      2009
 MINIMUM TEMPERATURE (F)   53        40      1982


SUNRISE AND SUNSET
APRIL 23 2017.........SUNRISE   627 AM CDT   SUNSET   748 PM CDT
APRIL 24 2017.........SUNRISE   626 AM CDT   SUNSET   749 PM CDT


-  INDICATES NEGATIVE NUMBERS.
R  INDICATES RECORD WAS SET OR TIED.
MM INDICATES DATA IS MISSING.
T  INDICATES TRACE AMOUNT.




$$
