554
CDUS44 KLZK 252100
CLILIT


CLIMATE REPORT
NATIONAL WEATHER SERVICE LITTLE ROCK AR
400 PM CDT THU MAY 25 2017


...................................

...THE LITTLE ROCK ADAMS FIELD CLIMATE SUMMARY FOR MAY 25 2017...
VALID TODAY AS OF 0400 PM LOCAL TIME.

CLIMATE NORMAL PERIOD 1981 TO 2010
CLIMATE RECORD PERIOD 1874 TO 2017


WEATHER ITEM   OBSERVED TIME   RECORD YEAR NORMAL DEPARTURE LAST
                VALUE   (LST)  VALUE       VALUE  FROM      YEAR
                                                  NORMAL
..................................................................
TEMPERATURE (F)
 TODAY
  MAXIMUM         79    253 PM  94    1978  84     -5       85
                                      1964
                                      1962
  MINIMUM         50    521 AM  46    1925  64    -14       66
  AVERAGE         65                        74     -9       76

PRECIPITATION (IN)
  TODAY            0.00          1.90 1981   0.13  -0.13     0.09
  MONTH TO DATE    4.59                      4.05   0.54     2.17
  SINCE MAR 1     18.59                     13.87   4.72    22.23
  SINCE JAN 1     23.59                     21.08   2.51    27.92

SNOWFALL (IN)
  TODAY            0.0          MM      MM   0.0    0.0      0.0
  MONTH TO DATE    0.0                       0.0    0.0      0.0
  SINCE MAR 1      0.0                       0.4   -0.4      0.0
  SINCE JUL 1      0.2                       3.5   -3.3      5.7
  SNOW DEPTH       0

DEGREE DAYS
 HEATING
  TODAY            0                         0      0        0
  MONTH TO DATE   26                        18      8        8
  SINCE MAR 1    380                       537   -157      302
  SINCE JUL 1   2294                      3050   -756     2191

 COOLING
  TODAY            0                         9     -9       11
  MONTH TO DATE   97                       150    -53      109
  SINCE MAR 1    192                       220    -28      198
  SINCE JAN 1    204                       222    -18      204
..................................................................


WIND (MPH)
  HIGHEST WIND SPEED    16   HIGHEST WIND DIRECTION     S (200)
  HIGHEST GUST SPEED    23   HIGHEST GUST DIRECTION     S (190)
  AVERAGE WIND SPEED     5.7


SKY COVER
  POSSIBLE SUNSHINE  MM
  AVERAGE SKY COVER 0.1


WEATHER CONDITIONS
 THE FOLLOWING WEATHER WAS RECORDED TODAY.
  NO SIGNIFICANT WEATHER WAS OBSERVED.


RELATIVE HUMIDITY (PERCENT)
 HIGHEST   100          1200 AM
 LOWEST     42           200 PM
 AVERAGE    71

..........................................................


THE LITTLE ROCK ADAMS FIELD CLIMATE NORMALS FOR TOMORROW
                         NORMAL    RECORD    YEAR
 MAXIMUM TEMPERATURE (F)   84        98      1964
 MINIMUM TEMPERATURE (F)   64        48      1901


SUNRISE AND SUNSET
MAY 25 2017...........SUNRISE   600 AM CDT   SUNSET   813 PM CDT
MAY 26 2017...........SUNRISE   559 AM CDT   SUNSET   813 PM CDT


-  INDICATES NEGATIVE NUMBERS.
R  INDICATES RECORD WAS SET OR TIED.
MM INDICATES DATA IS MISSING.
T  INDICATES TRACE AMOUNT.




$$
