000
CDUS44 KLZK 312121
CLILIT


CLIMATE REPORT
NATIONAL WEATHER SERVICE LITTLE ROCK AR
420 PM CDT TUE MAY 31 2016


...................................

...THE LITTLE ROCK ADAMS FIELD CLIMATE SUMMARY FOR MAY 31 2016...
VALID TODAY AS OF 0400 PM LOCAL TIME.

CLIMATE NORMAL PERIOD 1981 TO 2010
CLIMATE RECORD PERIOD 1874 TO 2016


WEATHER ITEM   OBSERVED TIME   RECORD YEAR NORMAL DEPARTURE LAST
                VALUE   (LST)  VALUE       VALUE  FROM      YEAR
                                                  NORMAL
..................................................................
TEMPERATURE (F)
 TODAY
  MAXIMUM         85    303 PM  98    1998  85      0       75
  MINIMUM         66    524 AM  44    1984  66      0       66
  AVERAGE         76                        76      0       71

PRECIPITATION (IN)
  TODAY            0.00          2.78 1974   0.14  -0.14     0.32
  MONTH TO DATE    3.44                      4.87  -1.43     9.45
  SINCE MAR 1     23.50                     14.69   8.81    22.98
  SINCE JAN 1     29.19                     21.90   7.29    29.79

SNOWFALL (IN)
  TODAY            0.0          MM      MM   0.0    0.0      0.0
  MONTH TO DATE    0.0                       0.0    0.0      0.0
  SINCE MAR 1      0.0                       0.4   -0.4      5.7
  SINCE JUL 1      5.7                       3.5    2.2     11.1
  SNOW DEPTH       0

DEGREE DAYS
 HEATING
  TODAY            0                         0      0        0
  MONTH TO DATE    8                        18    -10       11
  SINCE MAR 1    302                       539   -237      483
  SINCE JUL 1   2191                      3052   -861     3129

 COOLING
  TODAY           11                        11      0        6
  MONTH TO DATE  179                       209    -30      240
  SINCE MAR 1    268                       279    -11      330
  SINCE JAN 1    274                       281     -7      330
..................................................................


WIND (MPH)
  HIGHEST WIND SPEED     8   HIGHEST WIND DIRECTION     E (70)
  HIGHEST GUST SPEED    MM   HIGHEST GUST DIRECTION    MM
  AVERAGE WIND SPEED     4.0


SKY COVER
  POSSIBLE SUNSHINE  MM
  AVERAGE SKY COVER 0.7


WEATHER CONDITIONS
 THE FOLLOWING WEATHER WAS RECORDED TODAY.
  NO SIGNIFICANT WEATHER WAS OBSERVED.


RELATIVE HUMIDITY (PERCENT)
 HIGHEST    93          1200 AM
 LOWEST     61           300 PM
 AVERAGE    77

..........................................................


THE LITTLE ROCK ADAMS FIELD CLIMATE NORMALS FOR TOMORROW
                         NORMAL    RECORD    YEAR
 MAXIMUM TEMPERATURE (F)   86        96      1951
 MINIMUM TEMPERATURE (F)   66        49      1984
                                             1966


SUNRISE AND SUNSET
MAY 31 2016...........SUNRISE   557 AM CDT   SUNSET   817 PM CDT
JUNE  1 2016..........SUNRISE   557 AM CDT   SUNSET   817 PM CDT


-  INDICATES NEGATIVE NUMBERS.
R  INDICATES RECORD WAS SET OR TIED.
MM INDICATES DATA IS MISSING.
T  INDICATES TRACE AMOUNT.




$$
