000
CDUS44 KLZK 281005
CLILIT


CLIMATE REPORT
NATIONAL WEATHER SERVICE LITTLE ROCK AR
404 AM CST WED JAN 28 2015


...................................

...THE LITTLE ROCK ADAMS FIELD CLIMATE SUMMARY FOR JANUARY 27 2015...

CLIMATE NORMAL PERIOD 1981 TO 2010
CLIMATE RECORD PERIOD 1874 TO 2015


WEATHER ITEM   OBSERVED TIME   RECORD YEAR NORMAL DEPARTURE LAST
                VALUE   (LST)  VALUE       VALUE  FROM      YEAR
                                                  NORMAL
..................................................................
TEMPERATURE (F)
 YESTERDAY
  MAXIMUM         68    426 PM  80    1975  51     17       48
  MINIMUM         39    711 AM   8    1963  31      8       24
  AVERAGE         54                        41     13       36

PRECIPITATION (IN)
  YESTERDAY        0.00          1.94 1957   0.11  -0.11     0.00
  MONTH TO DATE    2.97                      3.10  -0.13     2.34
  SINCE DEC 1      6.13                      8.07  -1.94     9.28
  SINCE JAN 1      2.97                      3.10  -0.13     2.34

SNOWFALL (IN)
  YESTERDAY        0.0           6.5  2000   0.1   -0.1      0.0
  MONTH TO DATE    T                         1.4   -1.4       T
  SINCE DEC 1      T                         1.6   -1.6      1.3
  SINCE JUL 1      0.1                       1.6   -1.5      1.3
  SNOW DEPTH       0

DEGREE DAYS
 HEATING
  YESTERDAY       11                        24    -13       29
  MONTH TO DATE  653                       648      5      709
  SINCE DEC 1   1258                      1331    -73     1395
  SINCE JUL 1   1829                      1845    -16     1979

 COOLING
  YESTERDAY        0                         0      0        0
  MONTH TO DATE    0                         0      0        0
  SINCE DEC 1      0                         2     -2        5
  SINCE JAN 1      0                         0      0        0
..................................................................


WIND (MPH)
  HIGHEST WIND SPEED    14   HIGHEST WIND DIRECTION     N (20)
  HIGHEST GUST SPEED    17   HIGHEST GUST DIRECTION     N (10)
  AVERAGE WIND SPEED     5.5


SKY COVER
  POSSIBLE SUNSHINE  MM
  AVERAGE SKY COVER 0.0


WEATHER CONDITIONS
 THE FOLLOWING WEATHER WAS RECORDED YESTERDAY.
  NO SIGNIFICANT WEATHER WAS OBSERVED.


RELATIVE HUMIDITY (PERCENT)
 HIGHEST    79           700 AM
 LOWEST     24           200 PM
 AVERAGE    52

..........................................................


THE LITTLE ROCK ADAMS FIELD CLIMATE NORMALS FOR TODAY
                         NORMAL    RECORD    YEAR
 MAXIMUM TEMPERATURE (F)   52        78      1975
 MINIMUM TEMPERATURE (F)   31         8      1963


SUNRISE AND SUNSET
JANUARY 28 2015.......SUNRISE   710 AM CST   SUNSET   534 PM CST
JANUARY 29 2015.......SUNRISE   709 AM CST   SUNSET   535 PM CST


-  INDICATES NEGATIVE NUMBERS.
R  INDICATES RECORD WAS SET OR TIED.
MM INDICATES DATA IS MISSING.
T  INDICATES TRACE AMOUNT.




$$
