681
CDUS45 KPIH 260732
CLILLJ


CLIMATE REPORT
NATIONAL WEATHER SERVICE POCATELLO ID
132 AM MDT SUN MAR 26 2017


...................................

...THE CHALLIS ID CLIMATE SUMMARY FOR MARCH 25 2017...

CLIMATE NORMAL PERIOD 1981 TO 2010
CLIMATE RECORD PERIOD 1898 TO 2017


WEATHER ITEM   OBSERVED TIME   RECORD YEAR NORMAL DEPARTURE LAST
                VALUE   (LST)  VALUE       VALUE  FROM      YEAR
                                                  NORMAL
..................................................................
TEMPERATURE (F)
 YESTERDAY
  MAXIMUM         53    334 PM  74    1939  52      1       39
  MINIMUM         33   1159 PM   9    2013  26      7       24
  AVERAGE         43                        39      4       32

PRECIPITATION (IN)
  YESTERDAY        0.00          0.30 1931   0.02  -0.02      T
  MONTH TO DATE    0.11                      0.56  -0.45     0.49
  SINCE OCT 1      6.00                      3.62   2.38     3.48
  SINCE JAN 1      2.59                      1.69   0.90     1.14

SNOWFALL (IN)
  YESTERDAY       MM
  MONTH TO DATE   MM
  SINCE MAR 1     MM
  SINCE JUL 1     MM
  SNOW DEPTH      MM

DEGREE DAYS
 HEATING
  YESTERDAY       22                        26     -4       33
  MONTH TO DATE  603                       745   -142      676
  SINCE MAR 1    603                       745   -142      676
  SINCE JUL 1   7048                      6794    254     6611

 COOLING
  YESTERDAY        0                         0      0        0
  MONTH TO DATE    0                         0      0        0
  SINCE MAR 1      0                         0      0        0
  SINCE JAN 1      0                         0      0        0
..................................................................


WIND (MPH)
  HIGHEST WIND SPEED    18   HIGHEST WIND DIRECTION     W (280)
  HIGHEST GUST SPEED    23   HIGHEST GUST DIRECTION     W (280)
  AVERAGE WIND SPEED     6.0


SKY COVER
  POSSIBLE SUNSHINE  MM
  AVERAGE SKY COVER 0.3


WEATHER CONDITIONS
 THE FOLLOWING WEATHER WAS RECORDED YESTERDAY.
  NO SIGNIFICANT WEATHER WAS OBSERVED.


RELATIVE HUMIDITY (PERCENT)
 HIGHEST    82           500 AM
 LOWEST     24           300 PM
 AVERAGE    53

..........................................................


THE CHALLIS ID CLIMATE NORMALS FOR TODAY
                         NORMAL    RECORD    YEAR
 MAXIMUM TEMPERATURE (F)   52        67      1966
 MINIMUM TEMPERATURE (F)   27         2      1917


SUNRISE AND SUNSET
MARCH 26 2017.........SUNRISE   728 AM MDT   SUNSET   757 PM MDT
MARCH 27 2017.........SUNRISE   726 AM MDT   SUNSET   759 PM MDT


-  INDICATES NEGATIVE NUMBERS.
R  INDICATES RECORD WAS SET OR TIED.
MM INDICATES DATA IS MISSING.
T  INDICATES TRACE AMOUNT.




$$
