000
CDUS45 KPIH 180737
CLILLJ


CLIMATE REPORT
NATIONAL WEATHER SERVICE POCATELLO ID
1234 AM MST MON DEC 18 2017


...................................

...THE CHALLIS ID CLIMATE SUMMARY FOR DECEMBER 17 2017...

CLIMATE NORMAL PERIOD 1981 TO 2010
CLIMATE RECORD PERIOD 1898 TO 2017


WEATHER ITEM   OBSERVED TIME   RECORD YEAR NORMAL DEPARTURE LAST
                VALUE   (LST)  VALUE       VALUE  FROM      YEAR
                                                  NORMAL
..................................................................
TEMPERATURE (F)
 YESTERDAY
  MAXIMUM         26   1152 PM  54    1939  27     -1        4
  MINIMUM          4    636 AM -22    1914   8     -4      -21
  AVERAGE         15                        17     -2       -8

PRECIPITATION (IN)
  YESTERDAY        0.00          0.26 2012   0.02  -0.02     0.00
  MONTH TO DATE    0.11                      0.42  -0.31     0.89
  SINCE OCT 1      1.07                      1.61  -0.54     2.97
  SINCE JAN 1      8.15                      9.74  -1.59     6.95

SNOWFALL (IN)
  YESTERDAY       MM
  MONTH TO DATE   MM
  SINCE DEC 1     MM
  SINCE JUL 1     MM
  SNOW DEPTH      MM

DEGREE DAYS
 HEATING
  YESTERDAY       50                        48      2       73
  MONTH TO DATE  747                       779    -32      835
  SINCE DEC 1    747                       779    -32      835
  SINCE JUL 1   2653                      2822   -169     2622

 COOLING
  YESTERDAY        0                         0      0        0
  MONTH TO DATE    0                         0      0        0
  SINCE DEC 1      0                         0      0        0
  SINCE JAN 1    378                       248    130      277
..................................................................


WIND (MPH)
  HIGHEST WIND SPEED     6   HIGHEST WIND DIRECTION     N (10)
  HIGHEST GUST SPEED     8   HIGHEST GUST DIRECTION     N (350)
  AVERAGE WIND SPEED     1.9


SKY COVER
  POSSIBLE SUNSHINE  MM
  AVERAGE SKY COVER 0.7


WEATHER CONDITIONS
 THE FOLLOWING WEATHER WAS RECORDED YESTERDAY.
  NO SIGNIFICANT WEATHER WAS OBSERVED.


RELATIVE HUMIDITY (PERCENT)
 HIGHEST    88           300 AM
 LOWEST     50           300 PM
 AVERAGE    69

..........................................................


THE CHALLIS ID CLIMATE NORMALS FOR TODAY
                         NORMAL    RECORD    YEAR
 MAXIMUM TEMPERATURE (F)   27        53      1917
 MINIMUM TEMPERATURE (F)    8       -23      2016


SUNRISE AND SUNSET
DECEMBER 18 2017......SUNRISE   809 AM MST   SUNSET   459 PM MST
DECEMBER 19 2017......SUNRISE   809 AM MST   SUNSET   459 PM MST


-  INDICATES NEGATIVE NUMBERS.
R  INDICATES RECORD WAS SET OR TIED.
MM INDICATES DATA IS MISSING.
T  INDICATES TRACE AMOUNT.




$$
