000
CDUS45 KPIH 020731
CLILLJ


CLIMATE REPORT
NATIONAL WEATHER SERVICE POCATELLO ID
1230 AM MST MON MAR 2 2015


...................................

...THE CHALLIS ID CLIMATE SUMMARY FOR MARCH 1 2015...

CLIMATE NORMAL PERIOD 1981 TO 2010
CLIMATE RECORD PERIOD 1898 TO 2015


WEATHER ITEM   OBSERVED TIME   RECORD YEAR NORMAL DEPARTURE LAST
                VALUE   (LST)  VALUE       VALUE  FROM      YEAR
                                                  NORMAL
..................................................................
TEMPERATURE (F)
 YESTERDAY
  MAXIMUM         40    505 PM  60    1992  42     -2       36
  MINIMUM         11    735 AM -16    1922  19     -8        7
  AVERAGE         26                        30     -4       22

PRECIPITATION (IN)
  YESTERDAY        0.00          0.49 1970   0.02  -0.02     0.18
  MONTH TO DATE    0.00                      0.02  -0.02     0.18
  SINCE OCT 1      2.37                      3.08  -0.71     2.00
  SINCE JAN 1      0.58                      1.15  -0.57     1.27

SNOWFALL (IN)
  YESTERDAY       MM
  MONTH TO DATE   MM
  SINCE MAR 1     MM
  SINCE JUL 1     MM
  SNOW DEPTH      MM

DEGREE DAYS
 HEATING
  YESTERDAY       39                        35      4       43
  MONTH TO DATE   39                        35      4       43
  SINCE MAR 1     39                        35      4       43
  SINCE JUL 1   5177                      6084   -907     5792

 COOLING
  YESTERDAY        0                         0      0        0
  MONTH TO DATE    0                         0      0        0
  SINCE MAR 1      0                         0      0        0
  SINCE JAN 1      0                         0      0        0
..................................................................


WIND (MPH)
  HIGHEST WIND SPEED    10   HIGHEST WIND DIRECTION    NW (320)
  HIGHEST GUST SPEED    11   HIGHEST GUST DIRECTION    NW (320)
  AVERAGE WIND SPEED     3.5


SKY COVER
  POSSIBLE SUNSHINE  MM
  AVERAGE SKY COVER 0.0


WEATHER CONDITIONS
 THE FOLLOWING WEATHER WAS RECORDED YESTERDAY.
  NO SIGNIFICANT WEATHER WAS OBSERVED.


RELATIVE HUMIDITY (PERCENT)
 HIGHEST    73           600 AM
 LOWEST     23           500 PM
 AVERAGE    48

..........................................................


THE CHALLIS ID CLIMATE NORMALS FOR TODAY
                         NORMAL    RECORD    YEAR
 MAXIMUM TEMPERATURE (F)   42        75      1943
 MINIMUM TEMPERATURE (F)   19       -13      1960


SUNRISE AND SUNSET
MARCH  2 2015.........SUNRISE   713 AM MST   SUNSET   626 PM MST
MARCH  3 2015.........SUNRISE   711 AM MST   SUNSET   627 PM MST


-  INDICATES NEGATIVE NUMBERS.
R  INDICATES RECORD WAS SET OR TIED.
MM INDICATES DATA IS MISSING.
T  INDICATES TRACE AMOUNT.




$$
