000
CDUS45 KPIH 300752
CLILLJ


CLIMATE REPORT
NATIONAL WEATHER SERVICE POCATELLO ID
150 AM MDT FRI SEP 30 2016


...................................

...THE CHALLIS ID CLIMATE SUMMARY FOR SEPTEMBER 29 2016...

CLIMATE NORMAL PERIOD 1981 TO 2010
CLIMATE RECORD PERIOD 1898 TO 2016


WEATHER ITEM   OBSERVED TIME   RECORD YEAR NORMAL DEPARTURE LAST
                VALUE   (LST)  VALUE       VALUE  FROM      YEAR
                                                  NORMAL
..................................................................
TEMPERATURE (F)
 YESTERDAY
  MAXIMUM         75    212 PM  87    1967  67      8       79
  MINIMUM         39    636 AM  21    1985  35      4       38
  AVERAGE         57                        51      6       59

PRECIPITATION (IN)
  YESTERDAY        0.01          0.39 1982   0.01   0.00     0.00
  MONTH TO DATE    0.40                      0.72  -0.32     0.89
  SINCE OCT 1      6.22                     10.04  -3.82     6.67
  SINCE JAN 1      3.88                      8.11  -4.23     4.88

SNOWFALL (IN)
  YESTERDAY       MM
  MONTH TO DATE   MM
  SINCE SEP 1     MM
  SINCE JUL 1     MM
  SNOW DEPTH      MM

DEGREE DAYS
 HEATING
  YESTERDAY        8                        14     -6        6
  MONTH TO DATE  265                       263      2      173
  SINCE SEP 1    265                       263      2      173
  SINCE JUL 1    327                       336     -9      236

 COOLING
  YESTERDAY        0                         0      0        0
  MONTH TO DATE    4                         4      0        8
  SINCE SEP 1      4                         4      0        8
  SINCE JAN 1    277                       246     31      315
..................................................................


WIND (MPH)
  HIGHEST WIND SPEED    20   HIGHEST WIND DIRECTION    NW (330)
  HIGHEST GUST SPEED    25   HIGHEST GUST DIRECTION    NW (330)
  AVERAGE WIND SPEED     3.6


SKY COVER
  POSSIBLE SUNSHINE  MM
  AVERAGE SKY COVER 0.2


WEATHER CONDITIONS
 THE FOLLOWING WEATHER WAS RECORDED YESTERDAY.
  THUNDERSTORM
  LIGHT RAIN


RELATIVE HUMIDITY (PERCENT)
 HIGHEST    83           900 PM
 LOWEST     29           200 PM
 AVERAGE    56

..........................................................


THE CHALLIS ID CLIMATE NORMALS FOR TODAY
                         NORMAL    RECORD    YEAR
 MAXIMUM TEMPERATURE (F)   67        86      2011
 MINIMUM TEMPERATURE (F)   35        24      2007


SUNRISE AND SUNSET
SEPTEMBER 30 2016.....SUNRISE   734 AM MDT   SUNSET   718 PM MDT
OCTOBER  1 2016.......SUNRISE   735 AM MDT   SUNSET   716 PM MDT


-  INDICATES NEGATIVE NUMBERS.
R  INDICATES RECORD WAS SET OR TIED.
MM INDICATES DATA IS MISSING.
T  INDICATES TRACE AMOUNT.




$$
