000
CDUS45 KPIH 180731
CLILLJ


CLIMATE REPORT
NATIONAL WEATHER SERVICE POCATELLO ID
1229 AM MST WED JAN 18 2017


...................................

...THE CHALLIS ID CLIMATE SUMMARY FOR JANUARY 17 2017...

CLIMATE NORMAL PERIOD 1981 TO 2010
CLIMATE RECORD PERIOD 1898 TO 2017


WEATHER ITEM   OBSERVED TIME   RECORD YEAR NORMAL DEPARTURE LAST
                VALUE   (LST)  VALUE       VALUE  FROM      YEAR
                                                  NORMAL
..................................................................
TEMPERATURE (F)
 YESTERDAY
  MAXIMUM          1    311 PM  55    1961  30    -29       25
  MINIMUM        -19    516 AM -26    1930   9    -28        8
  AVERAGE         -9                        19    -28       17

PRECIPITATION (IN)
  YESTERDAY        T             0.22 1923   0.02  -0.02     0.00
  MONTH TO DATE    1.31                      0.32   0.99     0.31
  SINCE OCT 1      4.72                      2.25   2.47     2.65
  SINCE JAN 1      1.31                      0.32   0.99     0.31

SNOWFALL (IN)
  YESTERDAY       MM
  MONTH TO DATE   MM
  SINCE DEC 1     MM
  SINCE JUL 1     MM
  SNOW DEPTH      MM

DEGREE DAYS
 HEATING
  YESTERDAY       74                        46     28       48
  MONTH TO DATE 1165                       796    369      889
  SINCE DEC 1   2843                      2249    594     2319
  SINCE JUL 1   4630                      4292    338     4185

 COOLING
  YESTERDAY        0                         0      0        0
  MONTH TO DATE    0                         0      0        0
  SINCE DEC 1      0                         0      0        0
  SINCE JAN 1      0                         0      0        0
..................................................................


WIND (MPH)
  HIGHEST WIND SPEED     7   HIGHEST WIND DIRECTION    SE (150)
  HIGHEST GUST SPEED     8   HIGHEST GUST DIRECTION    SW (210)
  AVERAGE WIND SPEED     2.5


SKY COVER
  POSSIBLE SUNSHINE  MM
  AVERAGE SKY COVER 0.0


WEATHER CONDITIONS
 THE FOLLOWING WEATHER WAS RECORDED YESTERDAY.
  FOG
  HAZE


RELATIVE HUMIDITY (PERCENT)
 HIGHEST    92           900 PM
 LOWEST     65           200 PM
 AVERAGE    79

..........................................................


THE CHALLIS ID CLIMATE NORMALS FOR TODAY
                         NORMAL    RECORD    YEAR
 MAXIMUM TEMPERATURE (F)   30        52      1920
 MINIMUM TEMPERATURE (F)    9       -22      1930


SUNRISE AND SUNSET
JANUARY 18 2017.......SUNRISE   808 AM MST   SUNSET   527 PM MST
JANUARY 19 2017.......SUNRISE   807 AM MST   SUNSET   529 PM MST


-  INDICATES NEGATIVE NUMBERS.
R  INDICATES RECORD WAS SET OR TIED.
MM INDICATES DATA IS MISSING.
T  INDICATES TRACE AMOUNT.




$$
