000
CDUS45 KPIH 200733
CLILLJ


CLIMATE REPORT
NATIONAL WEATHER SERVICE POCATELLO ID
1231 AM MST SAT DEC 20 2014


...................................

...THE CHALLIS ID CLIMATE SUMMARY FOR DECEMBER 19 2014...

CLIMATE NORMAL PERIOD 1981 TO 2010
CLIMATE RECORD PERIOD 1898 TO 2014


WEATHER ITEM   OBSERVED TIME   RECORD YEAR NORMAL DEPARTURE LAST
                VALUE   (LST)  VALUE       VALUE  FROM      YEAR
                                                  NORMAL
..................................................................
TEMPERATURE (F)
 YESTERDAY
  MAXIMUM         33    450 PM  58    1917  27      6       32
  MINIMUM         24   1044 PM -29    1924   7     17       10
  AVERAGE         29                        17     12       21

PRECIPITATION (IN)
  YESTERDAY        0.01          0.36 2010   0.02  -0.01      T
  MONTH TO DATE    0.28                      0.46  -0.18     0.18
  SINCE OCT 1      1.37                      1.65  -0.28     0.63
  SINCE JAN 1      7.30                      9.78  -2.48     4.83

SNOWFALL (IN)
  YESTERDAY       MM
  MONTH TO DATE   MM
  SINCE DEC 1     MM
  SINCE JUL 1     MM
  SNOW DEPTH      MM

DEGREE DAYS
 HEATING
  YESTERDAY       36                        48    -12       44
  MONTH TO DATE  671                       875   -204     1000
  SINCE DEC 1    671                       875   -204     1000
  SINCE JUL 1   2505                      2918   -413     2926

 COOLING
  YESTERDAY        0                         0      0        0
  MONTH TO DATE    0                         0      0        0
  SINCE DEC 1      0                         0      0        0
  SINCE JAN 1    310                       248     62      420
..................................................................


WIND (MPH)
  HIGHEST WIND SPEED     6   HIGHEST WIND DIRECTION     S (190)
  HIGHEST GUST SPEED     7   HIGHEST GUST DIRECTION    NE (50)
  AVERAGE WIND SPEED     1.4


SKY COVER
  POSSIBLE SUNSHINE  MM
  AVERAGE SKY COVER 0.9


WEATHER CONDITIONS
 THE FOLLOWING WEATHER WAS RECORDED YESTERDAY.
  LIGHT SNOW
  FOG


RELATIVE HUMIDITY (PERCENT)
 HIGHEST   100           900 PM
 LOWEST     78           200 PM
 AVERAGE    89

..........................................................


THE CHALLIS ID CLIMATE NORMALS FOR TODAY
                         NORMAL    RECORD    YEAR
 MAXIMUM TEMPERATURE (F)   27        55      1917
 MINIMUM TEMPERATURE (F)    7       -26      1924


SUNRISE AND SUNSET
DECEMBER 20 2014......SUNRISE   810 AM MST   SUNSET   459 PM MST
DECEMBER 21 2014......SUNRISE   810 AM MST   SUNSET   500 PM MST


-  INDICATES NEGATIVE NUMBERS.
R  INDICATES RECORD WAS SET OR TIED.
MM INDICATES DATA IS MISSING.
T  INDICATES TRACE AMOUNT.




$$
