254
CDUS46 KMFR 230835
CLILMT


CLIMATE REPORT
NATIONAL WEATHER SERVICE MEDFORD, OR
135 AM PDT MON OCT 23 2017


...................................

...THE KLAMATH FALLS OR CLIMATE SUMMARY FOR OCTOBER 22 2017...

CLIMATE NORMAL PERIOD 1981 TO 2010
CLIMATE RECORD PERIOD 1928 TO 2017


WEATHER ITEM   OBSERVED TIME   RECORD YEAR NORMAL DEPARTURE LAST
                VALUE   (LST)  VALUE       VALUE  FROM      YEAR
                                                  NORMAL
..................................................................
TEMPERATURE (F)
 YESTERDAY
  MAXIMUM         60    302 PM  75    2003  60      0       58
                                      1965
  MINIMUM         39   1159 PM  16    1961  30      9       28
  AVERAGE         50                        45      5       43

PRECIPITATION (IN)
  YESTERDAY        0.00          1.02 1931   0.04  -0.04     0.00
  MONTH TO DATE    0.47                      0.49  -0.02     1.54
  SINCE OCT 1      0.47                      0.49  -0.02     1.54
  SINCE JAN 1      8.33                     10.76  -2.43     8.77

SNOWFALL (IN)
  YESTERDAY       MM                        MM     MM       MM
  MONTH TO DATE   MM                        MM     MM       MM
  SINCE JUL 1     MM                        MM     MM       MM
  SNOW DEPTH      MM

DEGREE DAYS
 HEATING
  YESTERDAY       15                        20     -5       22
  MONTH TO DATE  452                       359     93      415
  SINCE SEP 1    688                       596     92      682
  SINCE JUL 1    692                       715    -23      789

 COOLING
  YESTERDAY        0                         0      0        0
  MONTH TO DATE    0                         0      0        0
  SINCE SEP 1     66                        10     56        0
  SINCE JAN 1    420                       169    251      215
..................................................................


WIND (MPH)
  HIGHEST WIND SPEED    21   HIGHEST WIND DIRECTION     W (250)
  HIGHEST GUST SPEED    26   HIGHEST GUST DIRECTION    SW (230)
  AVERAGE WIND SPEED     9.3


SKY COVER
  POSSIBLE SUNSHINE  MM
  AVERAGE SKY COVER 0.7


WEATHER CONDITIONS
 THE FOLLOWING WEATHER WAS RECORDED YESTERDAY.
  FOG


RELATIVE HUMIDITY (PERCENT)
 HIGHEST    93          1000 PM
 LOWEST     53           100 PM

..........................................................


THE KLAMATH FALLS OR CLIMATE NORMALS FOR TODAY
                         NORMAL    RECORD    YEAR
 MAXIMUM TEMPERATURE (F)   59        76      1999
 MINIMUM TEMPERATURE (F)   30        19      2001


SUNRISE AND SUNSET
OCTOBER 23 2017.......SUNRISE   729 AM PDT   SUNSET   612 PM PDT
OCTOBER 24 2017.......SUNRISE   731 AM PDT   SUNSET   611 PM PDT


-  INDICATES NEGATIVE NUMBERS.
R  INDICATES RECORD WAS SET OR TIED.
MM INDICATES DATA IS MISSING.
T  INDICATES TRACE AMOUNT.




$$
