000
CDUS46 KMFR 250836
CLILMT


CLIMATE REPORT
NATIONAL WEATHER SERVICE MEDFORD, OR
135 AM PDT SAT MAR 25 2017


...................................

...THE KLAMATH FALLS OR CLIMATE SUMMARY FOR MARCH 24 2017...

CLIMATE NORMAL PERIOD 1981 TO 2010
CLIMATE RECORD PERIOD 1928 TO 2017


WEATHER ITEM   OBSERVED TIME   RECORD YEAR NORMAL DEPARTURE LAST
                VALUE   (LST)  VALUE       VALUE  FROM      YEAR
                                                  NORMAL
..................................................................
TEMPERATURE (F)
 YESTERDAY
  MAXIMUM         48    434 PM  75    1960  52     -4       53
  MINIMUM         30   1144 PM  19    2014  27      3       33
                                      1988
  AVERAGE         39                        39      0       43

PRECIPITATION (IN)
  YESTERDAY        0.07          0.59 1993   0.04   0.03     0.01
  MONTH TO DATE    1.34                      0.93   0.41     1.81
  SINCE OCT 1      9.31                      9.39  -0.08     8.87
  SINCE JAN 1      4.56                      4.70  -0.14     4.34

SNOWFALL (IN)
  YESTERDAY       MM                        MM     MM       MM
  MONTH TO DATE   MM                        MM     MM       MM
  SINCE JUL 1     MM                        MM     MM       MM
  SNOW DEPTH      MM

DEGREE DAYS
 HEATING
  YESTERDAY       26                        26      0       22
  MONTH TO DATE  542                       644   -102      560
  SINCE MAR 1    542                       644   -102      560
  SINCE JUL 1   5380                      5485   -105     5050

 COOLING
  YESTERDAY        0                         0      0        0
  MONTH TO DATE    0                         0      0        0
  SINCE MAR 1      0                         0      0        0
  SINCE JAN 1      0                         0      0        0
..................................................................


WIND (MPH)
  HIGHEST WIND SPEED    32   HIGHEST WIND DIRECTION     S (180)
  HIGHEST GUST SPEED    40   HIGHEST GUST DIRECTION     S (160)
  AVERAGE WIND SPEED    12.3


SKY COVER
  POSSIBLE SUNSHINE  MM
  AVERAGE SKY COVER 0.8


WEATHER CONDITIONS
 THE FOLLOWING WEATHER WAS RECORDED YESTERDAY.
  LIGHT RAIN
  FOG


RELATIVE HUMIDITY (PERCENT)
 HIGHEST    92          1200 PM
 LOWEST     64           400 AM

..........................................................


THE KLAMATH FALLS OR CLIMATE NORMALS FOR TODAY
                         NORMAL    RECORD    YEAR
 MAXIMUM TEMPERATURE (F)   52        71      1997
 MINIMUM TEMPERATURE (F)   27        19      2002
                                             1964


SUNRISE AND SUNSET
MARCH 25 2017.........SUNRISE   701 AM PDT   SUNSET   725 PM PDT
MARCH 26 2017.........SUNRISE   659 AM PDT   SUNSET   726 PM PDT


-  INDICATES NEGATIVE NUMBERS.
R  INDICATES RECORD WAS SET OR TIED.
MM INDICATES DATA IS MISSING.
T  INDICATES TRACE AMOUNT.




$$
