000
CDUS46 KMFR 040836
CLILMT


CLIMATE REPORT
NATIONAL WEATHER SERVICE MEDFORD, OR
136 AM PDT WED MAY 4 2016


...................................

...THE KLAMATH FALLS OR CLIMATE SUMMARY FOR MAY 3 2016...

CLIMATE NORMAL PERIOD 1981 TO 2010
CLIMATE RECORD PERIOD 1928 TO 2016


WEATHER ITEM   OBSERVED TIME   RECORD YEAR NORMAL DEPARTURE LAST
                VALUE   (LST)  VALUE       VALUE  FROM      YEAR
                                                  NORMAL
..................................................................
TEMPERATURE (F)
 YESTERDAY
  MAXIMUM         67    255 PM  82    1992  62      5       75
  MINIMUM         45    242 AM  23    1996  34     11       34
  AVERAGE         56                        48      8       55

PRECIPITATION (IN)
  YESTERDAY        0.02          0.58 1986   0.07  -0.05     0.00
  MONTH TO DATE    0.02                      0.21  -0.19     0.00
  SINCE OCT 1      9.61                     11.31  -1.70    10.06
  SINCE JAN 1      5.08                      6.62  -1.54     3.60

SNOWFALL (IN)
  YESTERDAY       MM                        MM     MM       MM
  MONTH TO DATE   MM                        MM     MM       MM
  SINCE JUL 1     MM                        MM     MM       MM
  SNOW DEPTH      MM

DEGREE DAYS
 HEATING
  YESTERDAY        9                        17     -8       10
  MONTH TO DATE   31                        52    -21       30
  SINCE MAR 1   1256                      1530   -274     1320
  SINCE JUL 1   5746                      6371   -625     4894

 COOLING
  YESTERDAY        0                         0      0        0
  MONTH TO DATE    0                         0      0        0
  SINCE MAR 1      0                         0      0        0
  SINCE JAN 1      0                         0      0        0
..................................................................


WIND (MPH)
  HIGHEST WIND SPEED    25   HIGHEST WIND DIRECTION     S (170)
  HIGHEST GUST SPEED    38   HIGHEST GUST DIRECTION     S (170)
  AVERAGE WIND SPEED     4.6


SKY COVER
  POSSIBLE SUNSHINE  MM
  AVERAGE SKY COVER 0.7


WEATHER CONDITIONS
 THE FOLLOWING WEATHER WAS RECORDED YESTERDAY.
  LIGHT RAIN


RELATIVE HUMIDITY (PERCENT)
 HIGHEST    77           600 AM
 LOWEST     34           300 PM

..........................................................


THE KLAMATH FALLS OR CLIMATE NORMALS FOR TODAY
                         NORMAL    RECORD    YEAR
 MAXIMUM TEMPERATURE (F)   62        84      1992
 MINIMUM TEMPERATURE (F)   34        22      2010


SUNRISE AND SUNSET
MAY  4 2016...........SUNRISE   558 AM PDT   SUNSET   810 PM PDT
MAY  5 2016...........SUNRISE   557 AM PDT   SUNSET   811 PM PDT


-  INDICATES NEGATIVE NUMBERS.
R  INDICATES RECORD WAS SET OR TIED.
MM INDICATES DATA IS MISSING.
T  INDICATES TRACE AMOUNT.




$$
