000
CDUS46 KMFR 290055
CLILMT


CLIMATE REPORT
NATIONAL WEATHER SERVICE MEDFORD, OR
555 PM PDT SUN AUG 28 2016


...................................

...THE KLAMATH FALLS OR CLIMATE SUMMARY FOR AUGUST 28 2016...
VALID TODAY AS OF 0500 PM LOCAL TIME.

CLIMATE NORMAL PERIOD 1981 TO 2010
CLIMATE RECORD PERIOD 1928 TO 2016


WEATHER ITEM   OBSERVED TIME   RECORD YEAR NORMAL DEPARTURE LAST
                VALUE   (LST)  VALUE       VALUE  FROM      YEAR
                                                  NORMAL
..................................................................
TEMPERATURE (F)
 TODAY
  MAXIMUM         87    352 PM  94    1998  81      6       85
  MINIMUM         44    529 AM  37    1960  44      0       51
  AVERAGE         66                        62      4       68

PRECIPITATION (IN)
  TODAY            T             0.20 1979   0.02  -0.02     0.00
  MONTH TO DATE    T                         0.35  -0.35     0.42
  SINCE OCT 1     11.64                     14.35  -2.71    12.82
  SINCE JAN 1      7.11                      9.66  -2.55     6.36

SNOWFALL (IN)
  TODAY           MM                        MM     MM       MM
  MONTH TO DATE   MM                        MM     MM       MM
  SINCE JUL 1     MM                        MM     MM       MM
  SNOW DEPTH      MM

DEGREE DAYS
 HEATING
  TODAY            0                         4     -4        0
  MONTH TO DATE   27                        56    -29       17
  SINCE JUN 1    267                       323    -56       87
  SINCE JUL 1     99                       106     -7       35

 COOLING
  TODAY            1                         1      0        3
  MONTH TO DATE   87                        60     27       68
  SINCE JUN 1    215                       153     62      287
  SINCE JAN 1    215                       154     61      290
..................................................................


WIND (MPH)
  HIGHEST WIND SPEED     9   HIGHEST WIND DIRECTION     E (100)
  HIGHEST GUST SPEED    13   HIGHEST GUST DIRECTION     E (110)
  AVERAGE WIND SPEED     2.4


SKY COVER
  POSSIBLE SUNSHINE  MM
  AVERAGE SKY COVER 0.0


WEATHER CONDITIONS
 THE FOLLOWING WEATHER WAS RECORDED TODAY.
  NO SIGNIFICANT WEATHER WAS OBSERVED.


RELATIVE HUMIDITY (PERCENT)
 HIGHEST    89           600 AM
 LOWEST     18           400 PM

..........................................................


THE KLAMATH FALLS OR CLIMATE NORMALS FOR TOMORROW
                         NORMAL    RECORD    YEAR
 MAXIMUM TEMPERATURE (F)   80        95      1996
 MINIMUM TEMPERATURE (F)   44        34      2010
                                             1964


SUNRISE AND SUNSET
AUGUST 28 2016........SUNRISE   629 AM PDT   SUNSET   746 PM PDT
AUGUST 29 2016........SUNRISE   630 AM PDT   SUNSET   745 PM PDT


-  INDICATES NEGATIVE NUMBERS.
R  INDICATES RECORD WAS SET OR TIED.
MM INDICATES DATA IS MISSING.
T  INDICATES TRACE AMOUNT.




$$
