000
CDUS46 KMFR 030845
CLILMT


CLIMATE REPORT
NATIONAL WEATHER SERVICE MEDFORD, OR
1245 AM PST TUE MAR 3 2015


...................................

...THE KLAMATH FALLS OR CLIMATE SUMMARY FOR MARCH 2 2015...

CLIMATE NORMAL PERIOD 1981 TO 2010
CLIMATE RECORD PERIOD 1928 TO 2015


WEATHER ITEM   OBSERVED TIME   RECORD YEAR NORMAL DEPARTURE LAST
                VALUE   (LST)  VALUE       VALUE  FROM      YEAR
                                                  NORMAL
..................................................................
TEMPERATURE (F)
 YESTERDAY
  MAXIMUM         49    209 PM  65    1994  48      1       57
  MINIMUM         24    603 AM   2    2012  26     -2       36
  AVERAGE         37                        37      0       47

PRECIPITATION (IN)
  YESTERDAY        0.00          1.11 1972   0.06  -0.06      T
  MONTH TO DATE    0.00                      0.12  -0.12     0.01
  SINCE OCT 1      8.63                      8.58   0.05     3.29
  SINCE JAN 1      2.17                      3.89  -1.72     2.66

SNOWFALL (IN)
  YESTERDAY       MM                        MM     MM       MM
  MONTH TO DATE   MM                        MM     MM       MM
  SINCE JUL 1     MM                        MM     MM        0.0
  SNOW DEPTH      MM

DEGREE DAYS
 HEATING
  YESTERDAY       28                        28      0       18
  MONTH TO DATE   60                        56      4       38
  SINCE MAR 1     60                        56      4       38
  SINCE JUL 1   3634                      4897  -1263     4821

 COOLING
  YESTERDAY        0                         0      0        0
  MONTH TO DATE    0                         0      0        0
  SINCE MAR 1      0                         0      0        0
  SINCE JAN 1      0                         0      0        0
..................................................................


WIND (MPH)
  HIGHEST WIND SPEED    18   HIGHEST WIND DIRECTION     W (280)
  HIGHEST GUST SPEED    22   HIGHEST GUST DIRECTION    NW (320)
  AVERAGE WIND SPEED     5.0


SKY COVER
  POSSIBLE SUNSHINE  MM
  AVERAGE SKY COVER 0.3


WEATHER CONDITIONS
 THE FOLLOWING WEATHER WAS RECORDED YESTERDAY.
  NO SIGNIFICANT WEATHER WAS OBSERVED.


RELATIVE HUMIDITY (PERCENT)
 HIGHEST    81          1200 AM
 LOWEST     29           200 PM

..........................................................


THE KLAMATH FALLS OR CLIMATE NORMALS FOR TODAY
                         NORMAL    RECORD    YEAR
 MAXIMUM TEMPERATURE (F)   49        65      1986
 MINIMUM TEMPERATURE (F)   26        10      1989


SUNRISE AND SUNSET
MARCH  3 2015.........SUNRISE   639 AM PST   SUNSET   559 PM PST
MARCH  4 2015.........SUNRISE   637 AM PST   SUNSET   600 PM PST


-  INDICATES NEGATIVE NUMBERS.
R  INDICATES RECORD WAS SET OR TIED.
MM INDICATES DATA IS MISSING.
T  INDICATES TRACE AMOUNT.




$$
