000
CDUS46 KMFR 030042
CLILMT


CLIMATE REPORT
NATIONAL WEATHER SERVICE MEDFORD, OR
542 PM PDT SUN AUG 2 2015


...................................

...THE KLAMATH FALLS OR CLIMATE SUMMARY FOR AUGUST 2 2015...
VALID TODAY AS OF 0500 PM LOCAL TIME.

CLIMATE NORMAL PERIOD 1981 TO 2010
CLIMATE RECORD PERIOD 1928 TO 2015


WEATHER ITEM   OBSERVED TIME   RECORD YEAR NORMAL DEPARTURE LAST
                VALUE   (LST)  VALUE       VALUE  FROM      YEAR
                                                  NORMAL
..................................................................
TEMPERATURE (F)
 TODAY
  MAXIMUM         82    250 PM  94    1977  86     -4       91
  MINIMUM         64    243 AM  34    2013  49     15       55
  AVERAGE         73                        67      6       73

PRECIPITATION (IN)
  TODAY            T             0.10 2003   0.01  -0.01     0.00
                                      1958
  MONTH TO DATE    T                         0.02  -0.02     0.00
  SINCE OCT 1     12.40                     14.02  -1.62     7.22
  SINCE JAN 1      5.94                      9.33  -3.39     6.59

SNOWFALL (IN)
  TODAY           MM                        MM     MM       MM
  MONTH TO DATE   MM                        MM     MM       MM
  SINCE JUL 1     MM                        MM     MM       MM
  SNOW DEPTH      MM

DEGREE DAYS
 HEATING
  TODAY            0                         1     -1        0
  MONTH TO DATE    0                         2     -2        0
  SINCE JUN 1     70                       269   -199      185
  SINCE JUL 1     18                        52    -34       10

 COOLING
  TODAY            8                         3      5        8
  MONTH TO DATE   20                         6     14       18
  SINCE JUN 1    239                        99    140      246
  SINCE JAN 1    242                       100    142      246
..................................................................


WIND (MPH)
  HIGHEST WIND SPEED    17   HIGHEST WIND DIRECTION     W (290)
  HIGHEST GUST SPEED    21   HIGHEST GUST DIRECTION     W (280)
  AVERAGE WIND SPEED     5.7


SKY COVER
  POSSIBLE SUNSHINE  MM
  AVERAGE SKY COVER 0.5


WEATHER CONDITIONS
 THE FOLLOWING WEATHER WAS RECORDED TODAY.
  HAZE


RELATIVE HUMIDITY (PERCENT)
 HIGHEST    63           500 AM
 LOWEST     33           400 PM

..........................................................


THE KLAMATH FALLS OR CLIMATE NORMALS FOR TOMORROW
                         NORMAL    RECORD    YEAR
 MAXIMUM TEMPERATURE (F)   86       100      1961
 MINIMUM TEMPERATURE (F)   49        36      1956


SUNRISE AND SUNSET
AUGUST  2 2015........SUNRISE   601 AM PDT   SUNSET   825 PM PDT
AUGUST  3 2015........SUNRISE   602 AM PDT   SUNSET   824 PM PDT


-  INDICATES NEGATIVE NUMBERS.
R  INDICATES RECORD WAS SET OR TIED.
MM INDICATES DATA IS MISSING.
T  INDICATES TRACE AMOUNT.




$$
