000
CDUS46 KMFR 040840
CLILMT


CLIMATE REPORT
NATIONAL WEATHER SERVICE MEDFORD, OR
139 AM PDT SAT JUL 4 2015


...................................

...THE KLAMATH FALLS OR CLIMATE SUMMARY FOR JULY 3 2015...

CLIMATE NORMAL PERIOD 1981 TO 2010
CLIMATE RECORD PERIOD 1928 TO 2015


WEATHER ITEM   OBSERVED TIME   RECORD YEAR NORMAL DEPARTURE LAST
                VALUE   (LST)  VALUE       VALUE  FROM      YEAR
                                                  NORMAL
..................................................................
TEMPERATURE (F)
 YESTERDAY
  MAXIMUM         96R   251 PM  96    2013  81     15       90
  MINIMUM         60    514 AM  31    1976  47     13       50
  AVERAGE         78                        64     14       70

PRECIPITATION (IN)
  YESTERDAY        0.00          0.19 1939   0.02  -0.02     0.00
  MONTH TO DATE    0.00                      0.08  -0.08      T
  SINCE OCT 1     11.88                     13.60  -1.72     7.13
  SINCE JAN 1      5.42                      8.91  -3.49     6.50

SNOWFALL (IN)
  YESTERDAY       MM                        MM     MM       MM
  MONTH TO DATE   MM                        MM     MM       MM
  SINCE JUL 1     MM                        MM     MM       MM
  SNOW DEPTH      MM

DEGREE DAYS
 HEATING
  YESTERDAY        0                         3     -3        0
  MONTH TO DATE    0                         9     -9        0
  SINCE JUN 1     52                       226   -174      175
  SINCE JUL 1      0                         9     -9        0

 COOLING
  YESTERDAY       13                         1     12        5
  MONTH TO DATE   40                         3     37       27
  SINCE JUN 1    131                        14    117       34
  SINCE JAN 1    134                        15    119       34
..................................................................


WIND (MPH)
  HIGHEST WIND SPEED    20   HIGHEST WIND DIRECTION    NW (330)
  HIGHEST GUST SPEED    25   HIGHEST GUST DIRECTION    NW (330)
  AVERAGE WIND SPEED     6.7


SKY COVER
  POSSIBLE SUNSHINE  MM
  AVERAGE SKY COVER 0.1


WEATHER CONDITIONS
 THE FOLLOWING WEATHER WAS RECORDED YESTERDAY.
  NO SIGNIFICANT WEATHER WAS OBSERVED.


RELATIVE HUMIDITY (PERCENT)
 HIGHEST    78           300 AM
 LOWEST     14           400 PM

..........................................................


THE KLAMATH FALLS OR CLIMATE NORMALS FOR TODAY
                         NORMAL    RECORD    YEAR
 MAXIMUM TEMPERATURE (F)   81        95      2007
                                             2001
                                             1981
 MINIMUM TEMPERATURE (F)   47        34      1999


SUNRISE AND SUNSET
JULY  4 2015..........SUNRISE   536 AM PDT   SUNSET   846 PM PDT
JULY  5 2015..........SUNRISE   537 AM PDT   SUNSET   846 PM PDT


-  INDICATES NEGATIVE NUMBERS.
R  INDICATES RECORD WAS SET OR TIED.
MM INDICATES DATA IS MISSING.
T  INDICATES TRACE AMOUNT.




$$
