000
CDUS46 KMFR 290841
CLILMT


CLIMATE REPORT
NATIONAL WEATHER SERVICE MEDFORD, OR
140 AM PDT THU SEP 29 2016


...................................

...THE KLAMATH FALLS OR CLIMATE SUMMARY FOR SEPTEMBER 28 2016...

CLIMATE NORMAL PERIOD 1981 TO 2010
CLIMATE RECORD PERIOD 1928 TO 2016


WEATHER ITEM   OBSERVED TIME   RECORD YEAR NORMAL DEPARTURE LAST
                VALUE   (LST)  VALUE       VALUE  FROM      YEAR
                                                  NORMAL
..................................................................
TEMPERATURE (F)
 YESTERDAY
  MAXIMUM         85    322 PM  88    1967  72     13       81
  MINIMUM         40    630 AM  26    1986  35      5       38
  AVERAGE         63                        54      9       60

PRECIPITATION (IN)
  YESTERDAY        0.00          0.51 1962   0.01  -0.01     0.00
  MONTH TO DATE    0.12                      0.51  -0.39     0.08
  SINCE OCT 1     11.76                     14.94  -3.18    12.90
  SINCE JAN 1      7.23                     10.25  -3.02     6.44

SNOWFALL (IN)
  YESTERDAY       MM                        MM     MM       MM
  MONTH TO DATE   MM                        MM     MM       MM
  SINCE JUL 1     MM                        MM     MM       MM
  SNOW DEPTH      MM

DEGREE DAYS
 HEATING
  YESTERDAY        2                        11     -9        5
  MONTH TO DATE  248                       212     36      214
  SINCE SEP 1    248                       212     36      214
  SINCE JUL 1    355                       331     24      266

 COOLING
  YESTERDAY        0                         0      0        0
  MONTH TO DATE    0                         9     -9       16
  SINCE SEP 1      0                         9     -9       16
  SINCE JAN 1    215                       168     47      306
..................................................................


WIND (MPH)
  HIGHEST WIND SPEED    13   HIGHEST WIND DIRECTION    NW (320)
  HIGHEST GUST SPEED    15   HIGHEST GUST DIRECTION    NW (300)
  AVERAGE WIND SPEED     3.5


SKY COVER
  POSSIBLE SUNSHINE  MM
  AVERAGE SKY COVER 0.0


WEATHER CONDITIONS
 THE FOLLOWING WEATHER WAS RECORDED YESTERDAY.
  NO SIGNIFICANT WEATHER WAS OBSERVED.


RELATIVE HUMIDITY (PERCENT)
 HIGHEST    92           600 AM
 LOWEST     19           400 PM

..........................................................


THE KLAMATH FALLS OR CLIMATE NORMALS FOR TODAY
                         NORMAL    RECORD    YEAR
 MAXIMUM TEMPERATURE (F)   72        87      2010
                                             1996
 MINIMUM TEMPERATURE (F)   35        24      2007


SUNRISE AND SUNSET
SEPTEMBER 29 2016.....SUNRISE   702 AM PDT   SUNSET   651 PM PDT
SEPTEMBER 30 2016.....SUNRISE   703 AM PDT   SUNSET   649 PM PDT


-  INDICATES NEGATIVE NUMBERS.
R  INDICATES RECORD WAS SET OR TIED.
MM INDICATES DATA IS MISSING.
T  INDICATES TRACE AMOUNT.




$$
