000
CDUS46 KMFR 190836
CLILMT


CLIMATE REPORT
NATIONAL WEATHER SERVICE MEDFORD, OR
1236 AM PST THU JAN 19 2017


...................................

...THE KLAMATH FALLS OR CLIMATE SUMMARY FOR JANUARY 18 2017...

CLIMATE NORMAL PERIOD 1981 TO 2010
CLIMATE RECORD PERIOD 1928 TO 2017


WEATHER ITEM   OBSERVED TIME   RECORD YEAR NORMAL DEPARTURE LAST
                VALUE   (LST)  VALUE       VALUE  FROM      YEAR
                                                  NORMAL
..................................................................
TEMPERATURE (F)
 YESTERDAY
  MAXIMUM         39    746 PM  56    1981  40     -1       42
  MINIMUM         33   1159 PM  -8    1988  21     12       22
  AVERAGE         36                        30      6       32

PRECIPITATION (IN)
  YESTERDAY        0.05          0.77 1953   0.05   0.00     0.04
  MONTH TO DATE    1.29                      1.33  -0.04     1.27
  SINCE OCT 1      6.04                      6.02   0.02     5.80
  SINCE JAN 1      1.29                      1.33  -0.04     1.27

SNOWFALL (IN)
  YESTERDAY       MM                        MM     MM       MM
  MONTH TO DATE   MM                        MM     MM       MM
  SINCE JUL 1     MM                        MM     MM       MM
  SNOW DEPTH      MM

DEGREE DAYS
 HEATING
  YESTERDAY       29                        35     -6       33
  MONTH TO DATE  777                       636    141      687
  SINCE DEC 1   1895                      1735    160     1785
  SINCE JUL 1   3555                      3537     18     3373

 COOLING
  YESTERDAY        0                         0      0        0
  MONTH TO DATE    0                         0      0        0
  SINCE DEC 1      0                         0      0        0
  SINCE JAN 1      0                         0      0        0
..................................................................


WIND (MPH)
  HIGHEST WIND SPEED    36   HIGHEST WIND DIRECTION     S (180)
  HIGHEST GUST SPEED    45   HIGHEST GUST DIRECTION     S (180)
  AVERAGE WIND SPEED    18.6


SKY COVER
  POSSIBLE SUNSHINE  MM
  AVERAGE SKY COVER 1.0


WEATHER CONDITIONS
 THE FOLLOWING WEATHER WAS RECORDED YESTERDAY.
  LIGHT RAIN
  LIGHT SNOW
  FOG


RELATIVE HUMIDITY (PERCENT)
 HIGHEST    96          1100 PM
 LOWEST     70           300 AM

..........................................................


THE KLAMATH FALLS OR CLIMATE NORMALS FOR TODAY
                         NORMAL    RECORD    YEAR
 MAXIMUM TEMPERATURE (F)   40        53      1986
 MINIMUM TEMPERATURE (F)   21        -6      1988


SUNRISE AND SUNSET
JANUARY 19 2017.......SUNRISE   730 AM PST   SUNSET   506 PM PST
JANUARY 20 2017.......SUNRISE   730 AM PST   SUNSET   507 PM PST


-  INDICATES NEGATIVE NUMBERS.
R  INDICATES RECORD WAS SET OR TIED.
MM INDICATES DATA IS MISSING.
T  INDICATES TRACE AMOUNT.




$$
