000
CDUS46 KMFR 310037
CLILMT


CLIMATE REPORT
NATIONAL WEATHER SERVICE MEDFORD, OR
437 PM PST FRI JAN 30 2015


...................................

...THE KLAMATH FALLS OR CLIMATE SUMMARY FOR JANUARY 30 2015...
VALID TODAY AS OF 0400 PM LOCAL TIME.

CLIMATE NORMAL PERIOD 1981 TO 2010
CLIMATE RECORD PERIOD 1928 TO 2015


WEATHER ITEM   OBSERVED TIME   RECORD YEAR NORMAL DEPARTURE LAST
                VALUE   (LST)  VALUE       VALUE  FROM      YEAR
                                                  NORMAL
..................................................................
TEMPERATURE (F)
 TODAY
  MAXIMUM         56R   323 PM  56    1992  41     15       40
  MINIMUM         28    510 AM  -7    1957  22      6       24
  AVERAGE         42                        32     10       32

PRECIPITATION (IN)
  TODAY            0.00          0.64 1963   0.04  -0.04     0.00
  MONTH TO DATE    0.40                      1.82  -1.42     0.31
  SINCE OCT 1      6.86                      6.51   0.35     0.94
  SINCE JAN 1      0.40                      1.82  -1.42     0.31

SNOWFALL (IN)
  TODAY           MM                        MM     MM       MM
  MONTH TO DATE   MM                        MM     MM       MM
  SINCE JUL 1     MM                        MM     MM        0.0
  SNOW DEPTH      MM

DEGREE DAYS
 HEATING
  TODAY           23                        34    -11       33
  MONTH TO DATE  831                      1047   -216      941
  SINCE DEC 1   1482                      2146   -664     2243
  SINCE JUL 1   2872                      3948  -1076     3979

 COOLING
  TODAY            0                         0      0        0
  MONTH TO DATE    0                         0      0        0
  SINCE DEC 1      0                         0      0        0
  SINCE JAN 1      0                         0      0        0
..................................................................


WIND (MPH)
  HIGHEST WIND SPEED    18   HIGHEST WIND DIRECTION    NW (330)
  HIGHEST GUST SPEED    23   HIGHEST GUST DIRECTION     E (70)
  AVERAGE WIND SPEED     9.0


SKY COVER
  POSSIBLE SUNSHINE  MM
  AVERAGE SKY COVER 0.0


WEATHER CONDITIONS
 THE FOLLOWING WEATHER WAS RECORDED TODAY.
  NO SIGNIFICANT WEATHER WAS OBSERVED.


RELATIVE HUMIDITY (PERCENT)
 HIGHEST    92           500 AM
 LOWEST     38           300 PM

..........................................................


THE KLAMATH FALLS OR CLIMATE NORMALS FOR TOMORROW
                         NORMAL    RECORD    YEAR
 MAXIMUM TEMPERATURE (F)   42        59      2003
 MINIMUM TEMPERATURE (F)   22       -14      1950


SUNRISE AND SUNSET
JANUARY 30 2015.......SUNRISE   722 AM PST   SUNSET   519 PM PST
JANUARY 31 2015.......SUNRISE   721 AM PST   SUNSET   520 PM PST


-  INDICATES NEGATIVE NUMBERS.
R  INDICATES RECORD WAS SET OR TIED.
MM INDICATES DATA IS MISSING.
T  INDICATES TRACE AMOUNT.




$$
