000
CDUS45 KRIW 290744
CLILND


CLIMATE REPORT
NATIONAL WEATHER SERVICE RIVERTON WY
133 AM MDT FRI JUL 29 2016


...................................

...THE LANDER WY CLIMATE SUMMARY FOR JULY 28 2016...

CLIMATE NORMAL PERIOD 1981 TO 2010
CLIMATE RECORD PERIOD 1891 TO 2016


WEATHER ITEM   OBSERVED TIME   RECORD YEAR NORMAL DEPARTURE LAST
                VALUE   (LST)  VALUE       VALUE  FROM      YEAR
                                                  NORMAL
..................................................................
TEMPERATURE (F)
 YESTERDAY
  MAXIMUM         86    339 PM  99    2006  88     -2       76
  MINIMUM         61    603 AM  39    2015  57      4       39
  AVERAGE         74                        72      2       58

PRECIPITATION (IN)
  YESTERDAY        0.00          0.95 1997   0.03  -0.03     0.00
  MONTH TO DATE    T                         0.68  -0.68     0.50
  SINCE JUN 1      0.57                      1.95  -1.38     1.30
  SINCE JAN 1     15.72                      8.17   7.55    11.82

SNOWFALL (IN)
  YESTERDAY        0.0                       0.0    0.0      0.0
  MONTH TO DATE    0.0                       0.0    0.0      0.0
  SINCE JUN 1      0.0                       0.1   -0.1      0.0
  SINCE JUL 1      0.0                       0.0    0.0      0.0
  SNOW DEPTH       0

DEGREE DAYS
 HEATING
  YESTERDAY        0                         0      0        7
  MONTH TO DATE    4                        11     -7       17
  SINCE JUN 1     26                       137   -111       48
  SINCE JUL 1      4                        11     -7       17

 COOLING
  YESTERDAY        9                         8      1        0
  MONTH TO DATE  213                       188     25      122
  SINCE JUN 1    341                       252     89      232
  SINCE JAN 1    341                       257     84      232
..................................................................


WIND (MPH)
  HIGHEST WIND SPEED    14   HIGHEST WIND DIRECTION     N (20)
  HIGHEST GUST SPEED    18   HIGHEST GUST DIRECTION    NE (50)
  AVERAGE WIND SPEED     6.8


SKY COVER
  POSSIBLE SUNSHINE  MM
  AVERAGE SKY COVER 0.1


WEATHER CONDITIONS
 THE FOLLOWING WEATHER WAS RECORDED YESTERDAY.
  NO SIGNIFICANT WEATHER WAS OBSERVED.


RELATIVE HUMIDITY (PERCENT)
 HIGHEST    64           600 AM
 LOWEST     25           300 PM
 AVERAGE    45

..........................................................


THE LANDER WY CLIMATE NORMALS FOR TODAY
                         NORMAL    RECORD    YEAR
 MAXIMUM TEMPERATURE (F)   88       101      2006
 MINIMUM TEMPERATURE (F)   57        43      1909
                                             1892


SUNRISE AND SUNSET
JULY 29 2016..........SUNRISE   604 AM MDT   SUNSET   838 PM MDT
JULY 30 2016..........SUNRISE   605 AM MDT   SUNSET   837 PM MDT


-  INDICATES NEGATIVE NUMBERS.
R  INDICATES RECORD WAS SET OR TIED.
MM INDICATES DATA IS MISSING.
T  INDICATES TRACE AMOUNT.




$$
