000
CDUS45 KRIW 190032
CLILND


CLIMATE REPORT
NATIONAL WEATHER SERVICE RIVERTON WY
530 PM MST SAT NOV 18 2017


...................................

...THE LANDER WY CLIMATE SUMMARY FOR NOVEMBER 18 2017...
VALID TODAY AS OF 0500 PM LOCAL TIME.

CLIMATE NORMAL PERIOD 1981 TO 2010
CLIMATE RECORD PERIOD 1891 TO 2017


WEATHER ITEM   OBSERVED TIME   RECORD YEAR NORMAL DEPARTURE LAST
                VALUE   (LST)  VALUE       VALUE  FROM      YEAR
                                                  NORMAL
..................................................................
TEMPERATURE (F)
 TODAY
  MAXIMUM         45        MM  65    1995  41      4       24
  MINIMUM         16        MM  -5    1980  18     -2       10
                                      1893
  AVERAGE         31                        30      1       17

PRECIPITATION (IN)
  TODAY            0.00          0.66 1953   0.03  -0.03     0.00
  MONTH TO DATE    0.40                      0.55  -0.15     1.11
  SINCE SEP 1      1.73                      2.89  -1.16     3.77
  SINCE JAN 1     14.91                     11.77   3.14    20.01

SNOWFALL (IN)
  TODAY            0.0                       0.5   -0.5      0.0
  MONTH TO DATE    3.5                       7.8   -4.3     13.5
  SINCE SEP 1      8.0                      20.3  -12.3     13.5
  SINCE JUL 1      8.0                      20.3  -12.3     13.5
  SNOW DEPTH       0

DEGREE DAYS
 HEATING
  TODAY           34                        35     -1       48
  MONTH TO DATE  527                       548    -21      381
  SINCE SEP 1   1301                      1369    -68     1044
  SINCE JUL 1   1301                      1409   -108     1096

 COOLING
  TODAY            0                         0      0        0
  MONTH TO DATE    0                         0      0        0
  SINCE SEP 1      0                        27    -27       34
  SINCE JAN 1    292                       472   -180      562
..................................................................


WIND (MPH)
  HIGHEST WIND SPEED    13   HIGHEST WIND DIRECTION    SW (240)
  HIGHEST GUST SPEED    MM   HIGHEST GUST DIRECTION    MM
  AVERAGE WIND SPEED     5.6


SKY COVER
  POSSIBLE SUNSHINE  MM
  AVERAGE SKY COVER 0.0


WEATHER CONDITIONS
 THE FOLLOWING WEATHER WAS RECORDED TODAY.
  NO SIGNIFICANT WEATHER WAS OBSERVED.


RELATIVE HUMIDITY (PERCENT)
 HIGHEST    67           700 AM
 LOWEST     18           300 PM
 AVERAGE    43

..........................................................


THE LANDER WY CLIMATE NORMALS FOR TOMORROW
                         NORMAL    RECORD    YEAR
 MAXIMUM TEMPERATURE (F)   41        70      1897
 MINIMUM TEMPERATURE (F)   18        -7      1985


SUNRISE AND SUNSET
NOVEMBER 18 2017......SUNRISE   711 AM MST   SUNSET   449 PM MST
NOVEMBER 19 2017......SUNRISE   712 AM MST   SUNSET   448 PM MST


-  INDICATES NEGATIVE NUMBERS.
R  INDICATES RECORD WAS SET OR TIED.
MM INDICATES DATA IS MISSING.
T  INDICATES TRACE AMOUNT.




$$
