000
CDUS45 KRIW 290732
CLILND


CLIMATE REPORT
NATIONAL WEATHER SERVICE RIVERTON WY
132 AM MDT MON AUG 29 2016


...................................

...THE LANDER WY CLIMATE SUMMARY FOR AUGUST 28 2016...

CLIMATE NORMAL PERIOD 1981 TO 2010
CLIMATE RECORD PERIOD 1891 TO 2016


WEATHER ITEM   OBSERVED TIME   RECORD YEAR NORMAL DEPARTURE LAST
                VALUE   (LST)  VALUE       VALUE  FROM      YEAR
                                                  NORMAL
..................................................................
TEMPERATURE (F)
 YESTERDAY
  MAXIMUM         88    327 PM  94    2012  82      6       86
  MINIMUM         52    635 AM  36    1911  52      0       48
  AVERAGE         70                        67      3       67

PRECIPITATION (IN)
  YESTERDAY        0.00          0.51 1892   0.02  -0.02     0.00
  MONTH TO DATE    0.52                      0.56  -0.04     0.58
  SINCE JUN 1      1.09                      2.61  -1.52     1.88
  SINCE JAN 1     16.24                      8.83   7.41    12.40

SNOWFALL (IN)
  YESTERDAY        0.0                       0.0    0.0      0.0
  MONTH TO DATE    0.0                       0.0    0.0      0.0
  SINCE JUN 1      0.0                       0.1   -0.1      0.0
  SINCE JUL 1      0.0                       0.0    0.0      0.0
  SNOW DEPTH       0

DEGREE DAYS
 HEATING
  YESTERDAY        0                         2     -2        0
  MONTH TO DATE   48                        17     31       22
  SINCE JUN 1     74                       159    -85       71
  SINCE JUL 1     52                        33     19       40

 COOLING
  YESTERDAY        5                         3      2        2
  MONTH TO DATE  137                       157    -20      162
  SINCE JUN 1    509                       429     80      408
  SINCE JAN 1    509                       434     75      408
..................................................................


WIND (MPH)
  HIGHEST WIND SPEED    18   HIGHEST WIND DIRECTION    SW (240)
  HIGHEST GUST SPEED    24   HIGHEST GUST DIRECTION     W (250)
  AVERAGE WIND SPEED     6.1


SKY COVER
  POSSIBLE SUNSHINE  MM
  AVERAGE SKY COVER 0.0


WEATHER CONDITIONS
 THE FOLLOWING WEATHER WAS RECORDED YESTERDAY.
  NO SIGNIFICANT WEATHER WAS OBSERVED.


RELATIVE HUMIDITY (PERCENT)
 HIGHEST    41           500 AM
 LOWEST     12           200 PM
 AVERAGE    27

..........................................................


THE LANDER WY CLIMATE NORMALS FOR TODAY
                         NORMAL    RECORD    YEAR
 MAXIMUM TEMPERATURE (F)   81        96      2012
 MINIMUM TEMPERATURE (F)   51        33      1892


SUNRISE AND SUNSET
AUGUST 29 2016........SUNRISE   637 AM MDT   SUNSET   754 PM MDT
AUGUST 30 2016........SUNRISE   638 AM MDT   SUNSET   752 PM MDT


-  INDICATES NEGATIVE NUMBERS.
R  INDICATES RECORD WAS SET OR TIED.
MM INDICATES DATA IS MISSING.
T  INDICATES TRACE AMOUNT.




$$
