000
CDUS45 KRIW 240737
CLILND


CLIMATE REPORT
NATIONAL WEATHER SERVICE RIVERTON WY
133 AM MDT FRI OCT 24 2014


...................................

...THE LANDER WY CLIMATE SUMMARY FOR OCTOBER 23 2014...

CLIMATE NORMAL PERIOD 1981 TO 2010
CLIMATE RECORD PERIOD 1891 TO 2014


WEATHER ITEM   OBSERVED TIME   RECORD YEAR NORMAL DEPARTURE LAST
                VALUE   (LST)  VALUE       VALUE  FROM      YEAR
                                                  NORMAL
..................................................................
TEMPERATURE (F)
 YESTERDAY
  MAXIMUM         65    309 PM  76    2003  56      9       62
  MINIMUM         34    458 AM   8    1916  30      4       34
                                      1906
  AVERAGE         50                        43      7       48

PRECIPITATION (IN)
  YESTERDAY        0.00          2.01 1923   0.03  -0.03     0.00
  MONTH TO DATE    0.50                      0.99  -0.49     2.28
  SINCE SEP 1      2.29                      2.04   0.25     6.06
  SINCE JAN 1      9.31                     10.92  -1.61    13.92

SNOWFALL (IN)
  YESTERDAY        0.0                       0.3   -0.3      0.0
  MONTH TO DATE    T                         6.8   -6.8     14.9
  SINCE SEP 1      T                         9.5   -9.5     19.0
  SINCE JUL 1      T                         9.5   -9.5     19.0
  SNOW DEPTH       0

DEGREE DAYS
 HEATING
  YESTERDAY       15                        22     -7       17
  MONTH TO DATE  294                       411   -117      548
  SINCE SEP 1    447                       630   -183      740
  SINCE JUL 1    491                       670   -179      740

 COOLING
  YESTERDAY        0                         0      0        0
  MONTH TO DATE    0                         0      0        0
  SINCE SEP 1     39                        27     12       65
  SINCE JAN 1    445                       472    -27      743
..................................................................


WIND (MPH)
  HIGHEST WIND SPEED    16   HIGHEST WIND DIRECTION     W (280)
  HIGHEST GUST SPEED    20   HIGHEST GUST DIRECTION     W (280)
  AVERAGE WIND SPEED     3.5


SKY COVER
  POSSIBLE SUNSHINE  MM
  AVERAGE SKY COVER 0.0


WEATHER CONDITIONS
 THE FOLLOWING WEATHER WAS RECORDED YESTERDAY.
  NO SIGNIFICANT WEATHER WAS OBSERVED.


RELATIVE HUMIDITY (PERCENT)
 HIGHEST    59           500 AM
 LOWEST     25          1200 PM
 AVERAGE    42

..........................................................


THE LANDER WY CLIMATE NORMALS FOR TODAY
                         NORMAL    RECORD    YEAR
 MAXIMUM TEMPERATURE (F)   55        74      1965
                                             1937
 MINIMUM TEMPERATURE (F)   30         3      1916


SUNRISE AND SUNSET
OCTOBER 24 2014.......SUNRISE   739 AM MDT   SUNSET   618 PM MDT
OCTOBER 25 2014.......SUNRISE   740 AM MDT   SUNSET   617 PM MDT


-  INDICATES NEGATIVE NUMBERS.
R  INDICATES RECORD WAS SET OR TIED.
MM INDICATES DATA IS MISSING.
T  INDICATES TRACE AMOUNT.




$$
