000
CDUS45 KRIW 130739
CLILND


CLIMATE REPORT
NATIONAL WEATHER SERVICE RIVERTON WY
1230 AM MST SAT FEB 13 2016


...................................

...THE LANDER WY CLIMATE SUMMARY FOR FEBRUARY 12 2016...

CLIMATE NORMAL PERIOD 1981 TO 2010
CLIMATE RECORD PERIOD 1891 TO 2016


WEATHER ITEM   OBSERVED TIME   RECORD YEAR NORMAL DEPARTURE LAST
                VALUE   (LST)  VALUE       VALUE  FROM      YEAR
                                                  NORMAL
..................................................................
TEMPERATURE (F)
 YESTERDAY
  MAXIMUM         44    450 PM  62    2015  35      9       62
  MINIMUM         26    709 AM -30    1905  13     13       31
                                      1899
  AVERAGE         35                        24     11       47

PRECIPITATION (IN)
  YESTERDAY        0.00          0.65 1941   0.02  -0.02     0.00
  MONTH TO DATE    0.43                      0.21   0.22     0.37
  SINCE DEC 1      1.33                      1.20   0.13     2.19
  SINCE JAN 1      0.85                      0.62   0.23     0.37

SNOWFALL (IN)
  YESTERDAY        0.0                       0.3   -0.3      0.0
  MONTH TO DATE    3.9                       4.0   -0.1      3.4
  SINCE DEC 1     18.0                      21.7   -3.7     24.8
  SINCE JUL 1     37.0                      47.3  -10.3     33.7
  SNOW DEPTH       4

DEGREE DAYS
 HEATING
  YESTERDAY       30                        41    -11       18
  MONTH TO DATE  474                       504    -30      328
  SINCE DEC 1   3193                      3221    -28     2926
  SINCE JUL 1   4705                      5094   -389     4467

 COOLING
  YESTERDAY        0                         0      0        0
  MONTH TO DATE    0                         0      0        0
  SINCE DEC 1      0                         0      0        0
  SINCE JAN 1      0                         0      0        0
..................................................................


WIND (MPH)
  HIGHEST WIND SPEED    12   HIGHEST WIND DIRECTION     W (260)
  HIGHEST GUST SPEED    12   HIGHEST GUST DIRECTION     W (280)
  AVERAGE WIND SPEED     3.5


SKY COVER
  POSSIBLE SUNSHINE  MM
  AVERAGE SKY COVER 0.1


WEATHER CONDITIONS
 THE FOLLOWING WEATHER WAS RECORDED YESTERDAY.
  NO SIGNIFICANT WEATHER WAS OBSERVED.


RELATIVE HUMIDITY (PERCENT)
 HIGHEST    78           600 AM
 LOWEST     54          1200 AM
 AVERAGE    66

..........................................................


THE LANDER WY CLIMATE NORMALS FOR TODAY
                         NORMAL    RECORD    YEAR
 MAXIMUM TEMPERATURE (F)   36        61      2015
 MINIMUM TEMPERATURE (F)   13       -28      1949


SUNRISE AND SUNSET
FEBRUARY 13 2016......SUNRISE   715 AM MST   SUNSET   543 PM MST
FEBRUARY 14 2016......SUNRISE   714 AM MST   SUNSET   545 PM MST


-  INDICATES NEGATIVE NUMBERS.
R  INDICATES RECORD WAS SET OR TIED.
MM INDICATES DATA IS MISSING.
T  INDICATES TRACE AMOUNT.




$$
