000
CDUS45 KRIW 280740
CLILND


CLIMATE REPORT
NATIONAL WEATHER SERVICE RIVERTON WY
128 AM MDT SAT MAY 28 2016


...................................

...THE LANDER WY CLIMATE SUMMARY FOR MAY 27 2016...

CLIMATE NORMAL PERIOD 1981 TO 2010
CLIMATE RECORD PERIOD 1891 TO 2016


WEATHER ITEM   OBSERVED TIME   RECORD YEAR NORMAL DEPARTURE LAST
                VALUE   (LST)  VALUE       VALUE  FROM      YEAR
                                                  NORMAL
..................................................................
TEMPERATURE (F)
 YESTERDAY
  MAXIMUM         69    405 PM  90    1969  70     -1       70
  MINIMUM         42    511 AM  27    1893  43     -1       44
  AVERAGE         56                        57     -1       57

PRECIPITATION (IN)
  YESTERDAY        0.01          0.71 1947   0.06  -0.05     0.10
  MONTH TO DATE    5.03                      1.95   3.08     5.94
  SINCE MAR 1     14.23                      4.98   9.25     8.80
  SINCE JAN 1     15.15                      5.97   9.18    10.36

SNOWFALL (IN)
  YESTERDAY        0.0                       0.0    0.0      0.0
  MONTH TO DATE    T                         4.7   -4.7      0.8
  SINCE MAR 1     38.2                      37.6    0.6     20.0
  SINCE JUL 1     75.2                      91.2  -16.0     73.9
  SNOW DEPTH       0

DEGREE DAYS
 HEATING
  YESTERDAY        9                         9      0        8
  MONTH TO DATE  386                       336     50      430
  SINCE MAR 1   1812                      1886    -74     1788
  SINCE JUL 1   6963                      7590   -627     6912

 COOLING
  YESTERDAY        0                         0      0        0
  MONTH TO DATE    0                         0      0        0
  SINCE MAR 1      0                         0      0        0
  SINCE JAN 1      0                         0      0        0
..................................................................


WIND (MPH)
  HIGHEST WIND SPEED    20   HIGHEST WIND DIRECTION     N (350)
  HIGHEST GUST SPEED    26   HIGHEST GUST DIRECTION     N (340)
  AVERAGE WIND SPEED     5.3


SKY COVER
  POSSIBLE SUNSHINE  MM
  AVERAGE SKY COVER 0.4


WEATHER CONDITIONS
 THE FOLLOWING WEATHER WAS RECORDED YESTERDAY.
  THUNDERSTORM
  LIGHT RAIN


RELATIVE HUMIDITY (PERCENT)
 HIGHEST    82           200 AM
 LOWEST     28           400 PM
 AVERAGE    55

..........................................................


THE LANDER WY CLIMATE NORMALS FOR TODAY
                         NORMAL    RECORD    YEAR
 MAXIMUM TEMPERATURE (F)   70        90      2003
 MINIMUM TEMPERATURE (F)   43        27      1947


SUNRISE AND SUNSET
MAY 28 2016...........SUNRISE   541 AM MDT   SUNSET   844 PM MDT
MAY 29 2016...........SUNRISE   540 AM MDT   SUNSET   845 PM MDT


-  INDICATES NEGATIVE NUMBERS.
R  INDICATES RECORD WAS SET OR TIED.
MM INDICATES DATA IS MISSING.
T  INDICATES TRACE AMOUNT.




$$
