000
CDUS45 KRIW 230037
CLILND


CLIMATE REPORT
NATIONAL WEATHER SERVICE RIVERTON WY
636 PM MDT FRI SEP 22 2017


...................................

...THE LANDER WY CLIMATE SUMMARY FOR SEPTEMBER 22 2017...
VALID TODAY AS OF 0500 PM LOCAL TIME.

CLIMATE NORMAL PERIOD 1981 TO 2010
CLIMATE RECORD PERIOD 1891 TO 2017


WEATHER ITEM   OBSERVED TIME   RECORD YEAR NORMAL DEPARTURE LAST
                VALUE   (LST)  VALUE       VALUE  FROM      YEAR
                                                  NORMAL
..................................................................
TEMPERATURE (F)
 TODAY
  MAXIMUM         MM        MM  90    1958  69     MM       59
  MINIMUM         MM        MM   7    1895  42     MM       45
  AVERAGE         MM                        56     MM       52

PRECIPITATION (IN)
  TODAY           MM             1.20 1910   0.05  MM        0.20
  MONTH TO DATE    0.00                      0.69  -0.69     0.78
  SINCE SEP 1      0.00                      0.69  -0.69     0.78
  SINCE JAN 1     13.18                      9.57   3.61    17.02

SNOWFALL (IN)
  TODAY           MM                         0.2   MM        0.0
  MONTH TO DATE    0.0                       1.4   -1.4      0.0
  SINCE SEP 1      0.0                       1.4   -1.4      0.0
  SINCE JUL 1      0.0                       1.4   -1.4      0.0
  SNOW DEPTH       0

DEGREE DAYS
 HEATING
  TODAY           MM                        10     MM       13
  MONTH TO DATE   MM                       125     MM      123
  SINCE SEP 1     MM                       125     MM      123
  SINCE JUL 1      0                       165   -165      175

 COOLING
  TODAY           MM                         0     MM        0
  MONTH TO DATE   MM                        26     MM       34
  SINCE SEP 1     MM                        26     MM       34
  SINCE JAN 1    292                       471   -179      562
..................................................................


WIND (MPH)
  HIGHEST WIND SPEED    MM   HIGHEST WIND DIRECTION    MM
  HIGHEST GUST SPEED    MM   HIGHEST GUST DIRECTION    MM
  AVERAGE WIND SPEED    MM


SKY COVER
  POSSIBLE SUNSHINE  MM
  AVERAGE SKY COVER 0.0


WEATHER CONDITIONS
 THE FOLLOWING WEATHER WAS RECORDED TODAY.
  NO SIGNIFICANT WEATHER WAS OBSERVED.


RELATIVE HUMIDITY (PERCENT)
 HIGHEST    MM
 LOWEST     MM
 AVERAGE    MM

..........................................................


THE LANDER WY CLIMATE NORMALS FOR TOMORROW
                         NORMAL    RECORD    YEAR
 MAXIMUM TEMPERATURE (F)   69        89      1905
 MINIMUM TEMPERATURE (F)   41        19      1895


SUNRISE AND SUNSET
SEPTEMBER 22 2017.....SUNRISE   703 AM MDT   SUNSET   712 PM MDT
SEPTEMBER 23 2017.....SUNRISE   704 AM MDT   SUNSET   710 PM MDT


-  INDICATES NEGATIVE NUMBERS.
R  INDICATES RECORD WAS SET OR TIED.
MM INDICATES DATA IS MISSING.
T  INDICATES TRACE AMOUNT.




$$
