000
CDUS45 KRIW 260757
CLILND


CLIMATE REPORT
NATIONAL WEATHER SERVICE RIVERTON WY
1245 AM MST WED NOV 26 2014


...................................

...THE LANDER WY CLIMATE SUMMARY FOR NOVEMBER 25 2014...

CLIMATE NORMAL PERIOD 1981 TO 2010
CLIMATE RECORD PERIOD 1891 TO 2014


WEATHER ITEM   OBSERVED TIME   RECORD YEAR NORMAL DEPARTURE LAST
                VALUE   (LST)  VALUE       VALUE  FROM      YEAR
                                                  NORMAL
..................................................................
TEMPERATURE (F)
 YESTERDAY
  MAXIMUM         46    313 PM  67    1949  37      9       43
  MINIMUM         20   1235 AM -15    1993  15      5       17
                                      1918
  AVERAGE         33                        26      7       30

PRECIPITATION (IN)
  YESTERDAY        0.02          0.56 1983   0.03  -0.01     0.00
  MONTH TO DATE    0.57                      0.74  -0.17     0.13
  SINCE SEP 1      2.86                      3.08  -0.22     6.99
  SINCE JAN 1      9.88                     11.96  -2.08    14.85

SNOWFALL (IN)
  YESTERDAY        0.3                       0.5   -0.2      0.0
  MONTH TO DATE    8.8                      10.9   -2.1      3.5
  SINCE SEP 1      8.8                      23.4  -14.6     29.5
  SINCE JUL 1      8.8                      23.4  -14.6     29.5
  SNOW DEPTH       0

DEGREE DAYS
 HEATING
  YESTERDAY       32                        39     -7       35
  MONTH TO DATE  805                       810     -5      789
  SINCE SEP 1   1383                      1631   -248     1734
  SINCE JUL 1   1427                      1671   -244     1734

 COOLING
  YESTERDAY        0                         0      0        0
  MONTH TO DATE    0                         0      0        0
  SINCE SEP 1     39                        27     12       65
  SINCE JAN 1    445                       472    -27      743
..................................................................


WIND (MPH)
  HIGHEST WIND SPEED    14   HIGHEST WIND DIRECTION     W (250)
  HIGHEST GUST SPEED    16   HIGHEST GUST DIRECTION    NE (40)
  AVERAGE WIND SPEED     5.5


SKY COVER
  POSSIBLE SUNSHINE  MM
  AVERAGE SKY COVER 0.4


WEATHER CONDITIONS
 THE FOLLOWING WEATHER WAS RECORDED YESTERDAY.
  LIGHT SNOW
  FOG


RELATIVE HUMIDITY (PERCENT)
 HIGHEST    72           700 PM
 LOWEST     37           300 PM
 AVERAGE    55

..........................................................


THE LANDER WY CLIMATE NORMALS FOR TODAY
                         NORMAL    RECORD    YEAR
 MAXIMUM TEMPERATURE (F)   36        62      1949
                                             1933
                                             1914
 MINIMUM TEMPERATURE (F)   14       -13      1918


SUNRISE AND SUNSET
NOVEMBER 26 2014......SUNRISE   720 AM MST   SUNSET   444 PM MST
NOVEMBER 27 2014......SUNRISE   721 AM MST   SUNSET   443 PM MST


-  INDICATES NEGATIVE NUMBERS.
R  INDICATES RECORD WAS SET OR TIED.
MM INDICATES DATA IS MISSING.
T  INDICATES TRACE AMOUNT.




$$
