000
CDUS45 KRIW 010739
CLILND


CLIMATE REPORT
NATIONAL WEATHER SERVICE RIVERTON WY
136 AM MDT WED JUL 1 2015


...................................

...THE LANDER WY CLIMATE SUMMARY FOR JUNE 30 2015...

CLIMATE NORMAL PERIOD 1981 TO 2010
CLIMATE RECORD PERIOD 1891 TO 2015


WEATHER ITEM   OBSERVED TIME   RECORD YEAR NORMAL DEPARTURE LAST
                VALUE   (LST)  VALUE       VALUE  FROM      YEAR
                                                  NORMAL
..................................................................
TEMPERATURE (F)
 YESTERDAY
  MAXIMUM         92    204 PM  99    1990  83      9       79
  MINIMUM         64   1119 PM  35    1968  53     11       48
  AVERAGE         78                        68     10       64

PRECIPITATION (IN)
  YESTERDAY        0.01          0.36 1984   0.02  -0.01     0.00
  MONTH TO DATE    0.80                      1.27  -0.47     0.60
  SINCE JUN 1      0.80                      1.27  -0.47     0.60
  SINCE JAN 1     11.32                      7.49   3.83     4.79

SNOWFALL (IN)
  YESTERDAY        0.0                       0.0    0.0      0.0
  MONTH TO DATE    0.0                       0.1   -0.1      0.0
  SINCE JUN 1      0.0                       0.1   -0.1      0.0
  SINCE JUL 1     73.9                      91.4  -17.5     75.7
  SNOW DEPTH       0

DEGREE DAYS
 HEATING
  YESTERDAY        0                         2     -2        1
  MONTH TO DATE   31                       127    -96      136
  SINCE JUN 1     31                       126    -95      136
  SINCE JUL 1   6968                      7748   -780     7720

 COOLING
  YESTERDAY       13                         5      8        0
  MONTH TO DATE  110                        64     46       23
  SINCE JUN 1    110                        64     46       23
  SINCE JAN 1    110                        69     41       41
..................................................................


WIND (MPH)
  HIGHEST WIND SPEED    23   HIGHEST WIND DIRECTION    SW (210)
  HIGHEST GUST SPEED    30   HIGHEST GUST DIRECTION    SW (210)
  AVERAGE WIND SPEED     6.2


SKY COVER
  POSSIBLE SUNSHINE  MM
  AVERAGE SKY COVER 0.1


WEATHER CONDITIONS
 THE FOLLOWING WEATHER WAS RECORDED YESTERDAY.
  THUNDERSTORM
  LIGHT RAIN


RELATIVE HUMIDITY (PERCENT)
 HIGHEST    73          1100 PM
 LOWEST     24           100 PM
 AVERAGE    49

..........................................................


THE LANDER WY CLIMATE NORMALS FOR TODAY
                         NORMAL    RECORD    YEAR
 MAXIMUM TEMPERATURE (F)   84        99      2012
 MINIMUM TEMPERATURE (F)   53        37      1945


SUNRISE AND SUNSET
JULY  1 2015..........SUNRISE   540 AM MDT   SUNSET   857 PM MDT
JULY  2 2015..........SUNRISE   541 AM MDT   SUNSET   857 PM MDT


-  INDICATES NEGATIVE NUMBERS.
R  INDICATES RECORD WAS SET OR TIED.
MM INDICATES DATA IS MISSING.
T  INDICATES TRACE AMOUNT.




$$
