000
CDUS45 KRIW 230737
CLILND


CLIMATE REPORT
NATIONAL WEATHER SERVICE RIVERTON WY
129 AM MDT TUE SEP 23 2014


...................................

...THE LANDER WY CLIMATE SUMMARY FOR SEPTEMBER 22 2014...

CLIMATE NORMAL PERIOD 1981 TO 2010
CLIMATE RECORD PERIOD 1891 TO 2014


WEATHER ITEM   OBSERVED TIME   RECORD YEAR NORMAL DEPARTURE LAST
                VALUE   (LST)  VALUE       VALUE  FROM      YEAR
                                                  NORMAL
..................................................................
TEMPERATURE (F)
 YESTERDAY
  MAXIMUM         78    215 PM  90    1958  69      9       68
  MINIMUM         50    613 AM   7    1895  42      8       52
  AVERAGE         64                        56      8       60

PRECIPITATION (IN)
  YESTERDAY        0.01          1.20 1910   0.05  -0.04      T
  MONTH TO DATE    0.18                      0.69  -0.51     2.20
  SINCE SEP 1      0.18                      0.69  -0.51     2.20
  SINCE JAN 1      7.20                      9.57  -2.37    10.06

SNOWFALL (IN)
  YESTERDAY        0.0                       0.2   -0.2      0.0
  MONTH TO DATE    T                         1.4   -1.4      0.0
  SINCE SEP 1      T                         1.4   -1.4      0.0
  SINCE JUL 1      T                         1.4   -1.4      0.0
  SNOW DEPTH       0

DEGREE DAYS
 HEATING
  YESTERDAY        1                        10     -9        5
  MONTH TO DATE  109                       125    -16       73
  SINCE SEP 1    109                       125    -16       73
  SINCE JUL 1    153                       165    -12       73

 COOLING
  YESTERDAY        0                         0      0        0
  MONTH TO DATE   23                        26     -3       65
  SINCE SEP 1     23                        26     -3       65
  SINCE JAN 1    429                       471    -42      743
..................................................................


WIND (MPH)
  HIGHEST WIND SPEED    17   HIGHEST WIND DIRECTION     W (290)
  HIGHEST GUST SPEED    23   HIGHEST GUST DIRECTION     W (270)
  AVERAGE WIND SPEED     4.5


SKY COVER
  POSSIBLE SUNSHINE  MM
  AVERAGE SKY COVER 0.3


WEATHER CONDITIONS
 THE FOLLOWING WEATHER WAS RECORDED YESTERDAY.
  LIGHT RAIN


RELATIVE HUMIDITY (PERCENT)
 HIGHEST    75          1000 AM
 LOWEST     25           200 PM
 AVERAGE    50

..........................................................


THE LANDER WY CLIMATE NORMALS FOR TODAY
                         NORMAL    RECORD    YEAR
 MAXIMUM TEMPERATURE (F)   69        89      1905
 MINIMUM TEMPERATURE (F)   41        19      1895


SUNRISE AND SUNSET
SEPTEMBER 23 2014.....SUNRISE   703 AM MDT   SUNSET   710 PM MDT
SEPTEMBER 24 2014.....SUNRISE   704 AM MDT   SUNSET   709 PM MDT


-  INDICATES NEGATIVE NUMBERS.
R  INDICATES RECORD WAS SET OR TIED.
MM INDICATES DATA IS MISSING.
T  INDICATES TRACE AMOUNT.




$$
