000
CDUS43 KOAX 230650
CLILNK


CLIMATE REPORT
NATIONAL WEATHER SERVICE OMAHA NEBRASKA
1249 AM CST MON JAN 23 2017


...................................

...THE LINCOLN, NEBRASKA CLIMATE SUMMARY FOR JANUARY 22 2017...

CLIMATE NORMAL PERIOD 1981 TO 2010
CLIMATE RECORD PERIOD 1887 TO 2017


WEATHER ITEM   OBSERVED TIME   RECORD YEAR NORMAL DEPARTURE LAST
                VALUE   (LST)  VALUE       VALUE  FROM      YEAR
                                                  NORMAL
..................................................................
TEMPERATURE (F)
 YESTERDAY
  MAXIMUM         41    310 PM  60    2009  36      5       27
  MINIMUM         23   1152 PM -14    1930  14      9       22
  AVERAGE         32                        25      7       25

PRECIPITATION (IN)
  YESTERDAY        0.00          0.64 1982   0.02  -0.02     0.00
  MONTH TO DATE    1.00                      0.43   0.57     0.63
  SINCE DEC 1      2.62                      1.38   1.24     5.05
  SINCE JAN 1      1.00                      0.43   0.57     0.63

SNOWFALL (IN)
  YESTERDAY        0.0                       0.2   -0.2      0.0
  MONTH TO DATE    2.0                       3.6   -1.6      2.7
  SINCE JUL 1      3.7                      12.3   -8.6     10.1
  SNOW DEPTH       0

DEGREE DAYS
 HEATING
  YESTERDAY       33                        40     -7       40
  MONTH TO DATE  870                       896    -26      896
  SINCE DEC 1   2053                      2080    -27     1860
  SINCE JUL 1   2861                      3341   -480     2760

 COOLING
  YESTERDAY        0                         0      0        0
  MONTH TO DATE    0                         0      0        0
  SINCE DEC 1      0                         0      0        0
  SINCE JAN 1      0                         0      0        0
..................................................................


WIND (MPH)
  HIGHEST WIND SPEED    18   HIGHEST WIND DIRECTION     N (350)
  HIGHEST GUST SPEED    23   HIGHEST GUST DIRECTION    NW (320)
  AVERAGE WIND SPEED     6.9


SKY COVER
  POSSIBLE SUNSHINE  MM
  AVERAGE SKY COVER 0.4


WEATHER CONDITIONS
 THE FOLLOWING WEATHER WAS RECORDED YESTERDAY.
  FOG


RELATIVE HUMIDITY (PERCENT)
 HIGHEST   100           200 AM
 LOWEST     76          1200 PM
 AVERAGE    88

..........................................................


THE LINCOLN, NEBRASKA CLIMATE NORMALS FOR TODAY
                         NORMAL    RECORD    YEAR
 MAXIMUM TEMPERATURE (F)   36        68      1981
 MINIMUM TEMPERATURE (F)   14       -20      1948


SUNRISE AND SUNSET
JANUARY 23 2017.......SUNRISE   745 AM CST   SUNSET   534 PM CST
JANUARY 24 2017.......SUNRISE   744 AM CST   SUNSET   535 PM CST


-  INDICATES NEGATIVE NUMBERS.
R  INDICATES RECORD WAS SET OR TIED.
MM INDICATES DATA IS MISSING.
T  INDICATES TRACE AMOUNT.




$$
