000
CDUS43 KOAX 300627
CLILNK


CLIMATE REPORT
NATIONAL WEATHER SERVICE OMAHA NEBRASKA
125 AM CDT SAT APR 30 2016


...................................

...THE LINCOLN, NEBRASKA CLIMATE SUMMARY FOR APRIL 29 2016...

CLIMATE NORMAL PERIOD 1981 TO 2010
CLIMATE RECORD PERIOD 1887 TO 2016


WEATHER ITEM   OBSERVED TIME   RECORD YEAR NORMAL DEPARTURE LAST
                VALUE   (LST)  VALUE       VALUE  FROM      YEAR
                                                  NORMAL
..................................................................
TEMPERATURE (F)
 YESTERDAY
  MAXIMUM         49    445 PM  93    1987  69    -20       73
  MINIMUM         45    657 AM  27    1903  44      1       37
  AVERAGE         47                        56     -9       55

PRECIPITATION (IN)
  YESTERDAY        0.02          1.85 1903   0.11  -0.09     0.00
  MONTH TO DATE    3.62                      2.59   1.03     1.99
  SINCE MAR 1      4.55                      4.52   0.03     2.76
  SINCE JAN 1      6.14                      5.93   0.21     4.60

SNOWFALL (IN)
  YESTERDAY        0.0                       0.0    0.0      0.0
  MONTH TO DATE    0.0                       1.4   -1.4      0.0
  SINCE JUL 1     20.5                      25.9   -5.4     21.9
  SNOW DEPTH       0

DEGREE DAYS
 HEATING
  YESTERDAY       18                         9      9       10
  MONTH TO DATE  283                       407   -124      320
  SINCE MAR 1    821                      1180   -359      988
  SINCE JUL 1   4738                      5883  -1145     5675

 COOLING
  YESTERDAY        0                         1     -1        0
  MONTH TO DATE    8                        12     -4        3
  SINCE MAR 1      9                        13     -4        5
  SINCE JAN 1      9                        13     -4        5
..................................................................


WIND (MPH)
  HIGHEST WIND SPEED    26   HIGHEST WIND DIRECTION     E (70)
  HIGHEST GUST SPEED    32   HIGHEST GUST DIRECTION     E (80)
  AVERAGE WIND SPEED    13.5


SKY COVER
  POSSIBLE SUNSHINE  MM
  AVERAGE SKY COVER 1.0


WEATHER CONDITIONS
 THE FOLLOWING WEATHER WAS RECORDED YESTERDAY.
  LIGHT RAIN
  FOG
  HAZE


RELATIVE HUMIDITY (PERCENT)
 HIGHEST    86          1200 AM
 LOWEST     71           800 AM
 AVERAGE    79

..........................................................


THE LINCOLN, NEBRASKA CLIMATE NORMALS FOR TODAY
                         NORMAL    RECORD    YEAR
 MAXIMUM TEMPERATURE (F)   69        90      1992
                                             1965
 MINIMUM TEMPERATURE (F)   45        25      1907
                                             1903


SUNRISE AND SUNSET
APRIL 30 2016.........SUNRISE   626 AM CDT   SUNSET   823 PM CDT
MAY  1 2016...........SUNRISE   625 AM CDT   SUNSET   824 PM CDT


-  INDICATES NEGATIVE NUMBERS.
R  INDICATES RECORD WAS SET OR TIED.
MM INDICATES DATA IS MISSING.
T  INDICATES TRACE AMOUNT.




$$
