000
CDUS43 KOAX 220630
CLILNK


CLIMATE REPORT
NATIONAL WEATHER SERVICE OMAHA NEBRASKA
128 AM CDT TUE AUG 22 2017


...................................

...THE LINCOLN, NEBRASKA CLIMATE SUMMARY FOR AUGUST 21 2017...

CLIMATE NORMAL PERIOD 1981 TO 2010
CLIMATE RECORD PERIOD 1887 TO 2017


WEATHER ITEM   OBSERVED TIME   RECORD YEAR NORMAL DEPARTURE LAST
                VALUE   (LST)  VALUE       VALUE  FROM      YEAR
                                                  NORMAL
..................................................................
TEMPERATURE (F)
 YESTERDAY
  MAXIMUM         85    507 PM 104    1929  86     -1       82
  MINIMUM         67   1154 PM  47    1994  63      4       52
                                      1890
  AVERAGE         76                        75      1       67

PRECIPITATION (IN)
  YESTERDAY        T             2.41 2002   0.12  -0.12     0.00
  MONTH TO DATE    3.29                      2.32   0.97     3.07
  SINCE JUN 1     16.63                     10.07   6.56     8.32
  SINCE JAN 1     29.74                     20.41   9.33    20.63

SNOWFALL (IN)
  YESTERDAY        0.0                       0.0    0.0      0.0
  MONTH TO DATE    0.0                       0.0    0.0      0.0
  SINCE JUL 1      0.0                       0.0    0.0      0.0
  SNOW DEPTH       0

DEGREE DAYS
 HEATING
  YESTERDAY        0                         0      0        0
  MONTH TO DATE    0                         0      0        0
  SINCE JUN 1      2                        17    -15        0
  SINCE JUL 1      0                         1     -1        0

 COOLING
  YESTERDAY       11                        10      1        2
  MONTH TO DATE  151                       236    -85      249
  SINCE JUN 1    893                       868     25     1071
  SINCE JAN 1    976                       947     29     1142
..................................................................


WIND (MPH)
  HIGHEST WIND SPEED    36   HIGHEST WIND DIRECTION     N (350)
  HIGHEST GUST SPEED    44   HIGHEST GUST DIRECTION    NE (030)
  AVERAGE WIND SPEED    11.6


SKY COVER
  POSSIBLE SUNSHINE  MM
  AVERAGE SKY COVER 0.2


WEATHER CONDITIONS
 THE FOLLOWING WEATHER WAS RECORDED YESTERDAY.
  THUNDERSTORM
  LIGHT RAIN


RELATIVE HUMIDITY (PERCENT)
 HIGHEST    93          1100 PM
 LOWEST     65           200 PM
 AVERAGE    79

..........................................................


THE LINCOLN, NEBRASKA CLIMATE NORMALS FOR TODAY
                         NORMAL    RECORD    YEAR
 MAXIMUM TEMPERATURE (F)   86       103      1948
 MINIMUM TEMPERATURE (F)   63        46      1923


SUNRISE AND SUNSET
AUGUST 22 2017........SUNRISE   644 AM CDT   SUNSET   815 PM CDT
AUGUST 23 2017........SUNRISE   645 AM CDT   SUNSET   813 PM CDT


-  INDICATES NEGATIVE NUMBERS.
R  INDICATES RECORD WAS SET OR TIED.
MM INDICATES DATA IS MISSING.
T  INDICATES TRACE AMOUNT.




$$
