000
CDUS43 KOAX 292136
CLILNK


CLIMATE REPORT
NATIONAL WEATHER SERVICE OMAHA NEBRASKA
434 PM CDT SUN MAR 29 2015


...................................

...THE LINCOLN, NEBRASKA CLIMATE SUMMARY FOR MARCH 29 2015...
VALID TODAY AS OF 0400 PM LOCAL TIME.

CLIMATE NORMAL PERIOD 1981 TO 2010
CLIMATE RECORD PERIOD 1887 TO 2015


WEATHER ITEM   OBSERVED TIME   RECORD YEAR NORMAL DEPARTURE LAST
                VALUE   (LST)  VALUE       VALUE  FROM      YEAR
                                                  NORMAL
..................................................................
TEMPERATURE (F)
 TODAY
  MAXIMUM         63    259 PM  89    1986  58      5       61
  MINIMUM         41    612 AM  12    1969  32      9       20
  AVERAGE         52                        45      7       41

PRECIPITATION (IN)
  TODAY            0.00          1.34 1976   0.08  -0.08     0.00
  MONTH TO DATE    0.77                      1.76  -0.99     0.13
  SINCE MAR 1      0.77                      1.76  -0.99     0.13
  SINCE JAN 1      2.61                      3.17  -0.56     0.99

SNOWFALL (IN)
  TODAY            0.0                       0.1   -0.1      0.0
  MONTH TO DATE    0.5                       4.5   -4.0      0.7
  SINCE JUL 1     21.9                      24.2   -2.3     17.7
  SNOW DEPTH       0

DEGREE DAYS
 HEATING
  TODAY           13                        20     -7       24
  MONTH TO DATE  647                       733    -86      841
  SINCE MAR 1    647                       733    -86      841
  SINCE JUL 1   5334                      5436   -102     5958

 COOLING
  TODAY            0                         0      0        0
  MONTH TO DATE    2                         0      2        0
  SINCE MAR 1      2                         0      2        0
  SINCE JAN 1      2                         0      2        0
..................................................................


WIND (MPH)
  HIGHEST WIND SPEED    35   HIGHEST WIND DIRECTION    NW (310)
  HIGHEST GUST SPEED    49   HIGHEST GUST DIRECTION    NW (320)
  AVERAGE WIND SPEED    17.2


SKY COVER
  POSSIBLE SUNSHINE  MM
  AVERAGE SKY COVER 0.2


WEATHER CONDITIONS
 THE FOLLOWING WEATHER WAS RECORDED TODAY.
  FOG
  HAZE


RELATIVE HUMIDITY (PERCENT)
 HIGHEST    82           600 AM
 LOWEST     30           300 PM
 AVERAGE    56

..........................................................


THE LINCOLN, NEBRASKA CLIMATE NORMALS FOR TOMORROW
                         NORMAL    RECORD    YEAR
 MAXIMUM TEMPERATURE (F)   58        88      1917
 MINIMUM TEMPERATURE (F)   33        10      1987


SUNRISE AND SUNSET
MARCH 29 2015.........SUNRISE   716 AM CDT   SUNSET   748 PM CDT
MARCH 30 2015.........SUNRISE   714 AM CDT   SUNSET   750 PM CDT


-  INDICATES NEGATIVE NUMBERS.
R  INDICATES RECORD WAS SET OR TIED.
MM INDICATES DATA IS MISSING.
T  INDICATES TRACE AMOUNT.




$$
