000
CDUS43 KOAX 282243
CLILNK


CLIMATE REPORT
NATIONAL WEATHER SERVICE OMAHA NEBRASKA
441 PM CST SUN DEC 28 2014


...................................

...THE LINCOLN, NEBRASKA CLIMATE SUMMARY FOR DECEMBER 28 2014...
VALID TODAY AS OF 400 PM LOCAL TIME.

CLIMATE NORMAL PERIOD 1981 TO 2010
CLIMATE RECORD PERIOD 1887 TO 2014


WEATHER ITEM   OBSERVED TIME   RECORD YEAR NORMAL DEPARTURE LAST
                VALUE   (LST)  VALUE       VALUE  FROM      YEAR
                                                  NORMAL
..................................................................
TEMPERATURE (F)
 TODAY
  MAXIMUM         35    346 PM  66    1984  35      0       60
  MINIMUM         12    714 AM -14    1887  14     -2       18
  AVERAGE         24                        25     -1       39

PRECIPITATION (IN)
  TODAY            0.00          0.33 1972   0.02  -0.02     0.00
  MONTH TO DATE    1.18                      0.88   0.30     0.22
  SINCE DEC 1      1.18                      0.88   0.30     0.22
  SINCE JAN 1     34.70                     28.88   5.82    26.71

SNOWFALL (IN)
  TODAY            0.0                       0.2   -0.2      0.0
  MONTH TO DATE    0.7                       5.4   -4.7      5.7
  SINCE JUL 1      3.7                       8.2   -4.5      5.9
  SNOW DEPTH       T

DEGREE DAYS
 HEATING
  TODAY           41                        40      1       26
  MONTH TO DATE  864                      1063   -199     1186
  SINCE DEC 1    864                      1063   -199     1186
  SINCE JUL 1   2173                      2324   -151     2483

 COOLING
  TODAY            0                         0      0        0
  MONTH TO DATE    0                         0      0        0
  SINCE DEC 1      0                         0      0        0
  SINCE JAN 1   1237                      1173     64     1236
..................................................................


WIND (MPH)
  HIGHEST WIND SPEED     9   HIGHEST WIND DIRECTION    SW (240)
  HIGHEST GUST SPEED    11   HIGHEST GUST DIRECTION     W (250)
  AVERAGE WIND SPEED     3.8


SKY COVER
  POSSIBLE SUNSHINE  MM
  AVERAGE SKY COVER 0.0


WEATHER CONDITIONS
 THE FOLLOWING WEATHER WAS RECORDED TODAY.
  NO SIGNIFICANT WEATHER WAS OBSERVED.


RELATIVE HUMIDITY (PERCENT)
 HIGHEST    88           200 AM
 LOWEST     51           200 PM
 AVERAGE    70

..........................................................


THE LINCOLN, NEBRASKA CLIMATE NORMALS FOR TOMORROW
                         NORMAL    RECORD    YEAR
 MAXIMUM TEMPERATURE (F)   35        64      1999
 MINIMUM TEMPERATURE (F)   14       -18      1917


SUNRISE AND SUNSET
DECEMBER 28 2014......SUNRISE   751 AM CST   SUNSET   507 PM CST
DECEMBER 29 2014......SUNRISE   751 AM CST   SUNSET   507 PM CST


-  INDICATES NEGATIVE NUMBERS.
R  INDICATES RECORD WAS SET OR TIED.
MM INDICATES DATA IS MISSING.
T  INDICATES TRACE AMOUNT.




$$

KLISH
