000
CDUS43 KOAX 290639
CLILNK


CLIMATE REPORT
NATIONAL WEATHER SERVICE OMAHA NEBRASKA
126 AM CDT SAT APR 29 2017


...................................

...THE LINCOLN, NEBRASKA CLIMATE SUMMARY FOR APRIL 28 2017...

CLIMATE NORMAL PERIOD 1981 TO 2010
CLIMATE RECORD PERIOD 1887 TO 2017


WEATHER ITEM   OBSERVED TIME   RECORD YEAR NORMAL DEPARTURE LAST
                VALUE   (LST)  VALUE       VALUE  FROM      YEAR
                                                  NORMAL
..................................................................
TEMPERATURE (F)
 YESTERDAY
  MAXIMUM         51   1232 AM  97    1910  69    -18       53
  MINIMUM         40    816 PM  30    2008  44     -4       47
                                      1979
                                      1961
  AVERAGE         46                        56    -10       50

PRECIPITATION (IN)
  YESTERDAY        0.47          2.34 1974   0.11   0.36      T
  MONTH TO DATE    2.11                      2.48  -0.37     3.60
  SINCE MAR 1      3.73                      4.41  -0.68     4.53
  SINCE JAN 1      5.38                      5.82  -0.44     6.12

SNOWFALL (IN)
  YESTERDAY        0.0                       0.0    0.0      0.0
  MONTH TO DATE    0.0                       1.4   -1.4      0.0
  SINCE JUL 1      7.5                      25.9  -18.4     20.5
  SNOW DEPTH       0

DEGREE DAYS
 HEATING
  YESTERDAY       19                        10      9       15
  MONTH TO DATE  304                       398    -94      265
  SINCE MAR 1    958                      1171   -213      803
  SINCE JUL 1   4841                      5874  -1033     4720

 COOLING
  YESTERDAY        0                         1     -1        0
  MONTH TO DATE   12                        11      1        8
  SINCE MAR 1     13                        12      1        9
  SINCE JAN 1     13                        12      1        9
..................................................................


WIND (MPH)
  HIGHEST WIND SPEED    23   HIGHEST WIND DIRECTION    NE (50)
  HIGHEST GUST SPEED    29   HIGHEST GUST DIRECTION    NE (60)
  AVERAGE WIND SPEED    14.1


SKY COVER
  POSSIBLE SUNSHINE  MM
  AVERAGE SKY COVER 1.0


WEATHER CONDITIONS
 THE FOLLOWING WEATHER WAS RECORDED YESTERDAY.
  RAIN
  LIGHT RAIN
  FOG


RELATIVE HUMIDITY (PERCENT)
 HIGHEST   100           800 PM
 LOWEST     74          1200 AM
 AVERAGE    87

..........................................................


THE LINCOLN, NEBRASKA CLIMATE NORMALS FOR TODAY
                         NORMAL    RECORD    YEAR
 MAXIMUM TEMPERATURE (F)   69        93      1987
 MINIMUM TEMPERATURE (F)   44        27      1903


SUNRISE AND SUNSET
APRIL 29 2017.........SUNRISE   628 AM CDT   SUNSET   822 PM CDT
APRIL 30 2017.........SUNRISE   626 AM CDT   SUNSET   823 PM CDT


-  INDICATES NEGATIVE NUMBERS.
R  INDICATES RECORD WAS SET OR TIED.
MM INDICATES DATA IS MISSING.
T  INDICATES TRACE AMOUNT.




$$
