000
CDUS43 KOAX 270625
CLILNK


CLIMATE REPORT
NATIONAL WEATHER SERVICE OMAHA NEBRASKA
123 AM CDT WED AUG 27 2014


...................................

...THE LINCOLN, NEBRASKA CLIMATE SUMMARY FOR AUGUST 26 2014...

CLIMATE NORMAL PERIOD 1981 TO 2010
CLIMATE RECORD PERIOD 1887 TO 2014


WEATHER ITEM   OBSERVED TIME   RECORD YEAR NORMAL DEPARTURE LAST
                VALUE   (LST)  VALUE       VALUE  FROM      YEAR
                                                  NORMAL
..................................................................
TEMPERATURE (F)
 YESTERDAY
  MAXIMUM         81    346 PM 105    1926  85     -4       97
  MINIMUM         63    326 AM  48    1988  62      1       75
                                      1910
  AVERAGE         72                        74     -2       86

PRECIPITATION (IN)
  YESTERDAY        1.45          1.72 1996   0.12   1.33     0.00
  MONTH TO DATE    3.52                      2.91   0.61     1.11
  SINCE JUN 1      9.93                     10.66  -0.73     4.60
  SINCE JAN 1     19.68                     21.00  -1.32    20.45

SNOWFALL (IN)
  YESTERDAY        0.0                       0.0    0.0      0.0
  MONTH TO DATE    0.0                       0.0    0.0      0.0
  SINCE JUL 1      0.0                       0.0    0.0      0.0
  SNOW DEPTH       0

DEGREE DAYS
 HEATING
  YESTERDAY        0                         0      0        0
  MONTH TO DATE    0                         0      0        0
  SINCE JUN 1      4                        17    -13       23
  SINCE JUL 1      2                         1      1        3

 COOLING
  YESTERDAY        7                         9     -2       21
  MONTH TO DATE  303                       283     20      258
  SINCE JUN 1    902                       915    -13      835
  SINCE JAN 1   1062                       994     68      922
..................................................................


WIND (MPH)
  HIGHEST WIND SPEED    41   HIGHEST WIND DIRECTION     N (020)
  HIGHEST GUST SPEED    53   HIGHEST GUST DIRECTION     N (020)
  AVERAGE WIND SPEED     8.1


SKY COVER
  POSSIBLE SUNSHINE  MM
  AVERAGE SKY COVER 0.5


WEATHER CONDITIONS
 THE FOLLOWING WEATHER WAS RECORDED YESTERDAY.
  THUNDERSTORM
  HEAVY RAIN
  RAIN
  LIGHT RAIN
  FOG


RELATIVE HUMIDITY (PERCENT)
 HIGHEST    93           500 AM
 LOWEST     62           400 PM
 AVERAGE    78

..........................................................


THE LINCOLN, NEBRASKA CLIMATE NORMALS FOR TODAY
                         NORMAL    RECORD    YEAR
 MAXIMUM TEMPERATURE (F)   85       104      1913
 MINIMUM TEMPERATURE (F)   62        47      1906


SUNRISE AND SUNSET
AUGUST 27 2014........SUNRISE   649 AM CDT   SUNSET   807 PM CDT
AUGUST 28 2014........SUNRISE   650 AM CDT   SUNSET   806 PM CDT


-  INDICATES NEGATIVE NUMBERS.
R  INDICATES RECORD WAS SET OR TIED.
MM INDICATES DATA IS MISSING.
T  INDICATES TRACE AMOUNT.




$$
