000
CDUS43 KOAX 180632
CLILNK


CLIMATE REPORT
NATIONAL WEATHER SERVICE OMAHA NEBRASKA
1230 AM CST MON DEC 18 2017


...................................

...THE LINCOLN, NEBRASKA CLIMATE SUMMARY FOR DECEMBER 17 2017...

CLIMATE NORMAL PERIOD 1981 TO 2010
CLIMATE RECORD PERIOD 1887 TO 2017


WEATHER ITEM   OBSERVED TIME   RECORD YEAR NORMAL DEPARTURE LAST
                VALUE   (LST)  VALUE       VALUE  FROM      YEAR
                                                  NORMAL
..................................................................
TEMPERATURE (F)
 YESTERDAY
  MAXIMUM         43    242 PM  71    1939  36      7       22
  MINIMUM         25   1120 PM -17    1981  16      9       -6
  AVERAGE         34                        26      8        8

PRECIPITATION (IN)
  YESTERDAY        0.12          0.45 1897   0.03   0.09     0.04
  MONTH TO DATE    0.12                      0.57  -0.45     0.58
  SINCE DEC 1      0.12                      0.57  -0.45     0.58
  SINCE JAN 1     36.77                     28.57   8.20    27.86

SNOWFALL (IN)
  YESTERDAY        0.1                       0.2   -0.1      0.2
  MONTH TO DATE    0.1                       3.2   -3.1      1.7
  SINCE JUL 1      0.1                       6.0   -5.9      1.7
  SNOW DEPTH       0

DEGREE DAYS
 HEATING
  YESTERDAY       31                        39     -8       57
  MONTH TO DATE  473                       626   -153      703
  SINCE DEC 1    473                       626   -153      703
  SINCE JUL 1   1526                      1887   -361     1511

 COOLING
  YESTERDAY        0                         0      0        0
  MONTH TO DATE    0                         0      0        0
  SINCE DEC 1      0                         0      0        0
  SINCE JAN 1   1252                      1173     79     1449
..................................................................


WIND (MPH)
  HIGHEST WIND SPEED    14   HIGHEST WIND DIRECTION     N (020)
  HIGHEST GUST SPEED    18   HIGHEST GUST DIRECTION     N (010)
  AVERAGE WIND SPEED     5.5


SKY COVER
  POSSIBLE SUNSHINE  MM
  AVERAGE SKY COVER 0.3


WEATHER CONDITIONS
 THE FOLLOWING WEATHER WAS RECORDED YESTERDAY.
  LT FREEZING RAIN
  LIGHT SNOW
  SLEET
  FOG
  HAZE


RELATIVE HUMIDITY (PERCENT)
 HIGHEST    92           800 AM
 LOWEST     60           400 PM
 AVERAGE    76

..........................................................


THE LINCOLN, NEBRASKA CLIMATE NORMALS FOR TODAY
                         NORMAL    RECORD    YEAR
 MAXIMUM TEMPERATURE (F)   36        68      1976
 MINIMUM TEMPERATURE (F)   16       -18      1983
                                             1897


SUNRISE AND SUNSET
DECEMBER 18 2017......SUNRISE   746 AM CST   SUNSET   501 PM CST
DECEMBER 19 2017......SUNRISE   747 AM CST   SUNSET   502 PM CST


-  INDICATES NEGATIVE NUMBERS.
R  INDICATES RECORD WAS SET OR TIED.
MM INDICATES DATA IS MISSING.
T  INDICATES TRACE AMOUNT.




$$
