000
CDUS43 KLOT 010634
CLILOT


CLIMATE REPORT
NATIONAL WEATHER SERVICE CHICAGO IL
133 AM CDT SAT AUG 1 2015


...................................

...THE ROMEOVILLE  WFO CLIMATE SUMMARY FOR JULY 31 2015...

CLIMATE NORMAL PERIOD 1981 TO 2010
CLIMATE RECORD PERIOD 1992 TO 2015


WEATHER ITEM   OBSERVED RECORD YEAR NORMAL DEPARTURE LAST
                VALUE   VALUE       VALUE  FROM      YEAR
                                           NORMAL
...........................................................
TEMPERATURE (F)
 YESTERDAY
  MAXIMUM         87     96    2006  83      4       82
  MINIMUM         62     55    2009  64     -2       57
                               1997
  AVERAGE         75                 74      1       70

PRECIPITATION (IN)
  YESTERDAY        0.00   2.03 2010   0.17  -0.17     0.00
  MONTH TO DATE    4.15               4.71  -0.56     4.34
  SINCE JUN 1     12.65               9.05   3.60    13.56
  SINCE JAN 1     24.56              23.75   0.81    28.93

DEGREE DAYS
 HEATING
  YESTERDAY        0                  0      0
  MONTH TO DATE   11                  0     11
  SINCE JUN 1     38                 35      3
  SINCE JUL 1     11                  2      9

 COOLING
  YESTERDAY       10                  9      1
  MONTH TO DATE  237                282    -45
  SINCE JUN 1    374                462    -88
  SINCE JAN 1    450                520    -70
...........................................................







THE ROMEOVILLE  WFO CLIMATE NORMALS FOR TODAY
                         NORMAL    RECORD    YEAR
 MAXIMUM TEMPERATURE (F)   83        97      2006
 MINIMUM TEMPERATURE (F)   64        56      1996


SUNRISE AND SUNSET
AUGUST  1 2015........SUNRISE   547 AM CDT   SUNSET   810 PM CDT
AUGUST  2 2015........SUNRISE   548 AM CDT   SUNSET   809 PM CDT


-  INDICATES NEGATIVE NUMBERS.
R  INDICATES RECORD WAS SET OR TIED.
MM INDICATES DATA IS MISSING.
T  INDICATES TRACE AMOUNT.




$$
