000
CDUS43 KLOT 220633
CLILOT


CLIMATE REPORT
NATIONAL WEATHER SERVICE CHICAGO IL
133 AM CDT MON SEP 22 2014


...................................

...THE ROMEOVILLE  WFO CLIMATE SUMMARY FOR SEPTEMBER 21 2014...

CLIMATE NORMAL PERIOD 1981 TO 2010
CLIMATE RECORD PERIOD 1992 TO 2014


WEATHER ITEM   OBSERVED RECORD YEAR NORMAL DEPARTURE LAST
                VALUE   VALUE       VALUE  FROM      YEAR
                                           NORMAL
...........................................................
TEMPERATURE (F)
 YESTERDAY
  MAXIMUM         68     90    2007  74     -6       69
  MINIMUM         50     39    1995  52     -2       50
  AVERAGE         59                 63     -4       60

PRECIPITATION (IN)
  YESTERDAY        T      0.77 1992   0.10  -0.10     0.00
  MONTH TO DATE    3.00               2.28   0.72     1.17
  SINCE SEP 1      3.00               2.28   0.72     1.17
  SINCE JAN 1     41.66              30.10  11.56    30.49

DEGREE DAYS
 HEATING
  YESTERDAY        6                  4      2
  MONTH TO DATE   96                 40     56
  SINCE SEP 1     96                 40     56
  SINCE JUL 1    108                 48     60

 COOLING
  YESTERDAY        0                  2     -2
  MONTH TO DATE   59                 79    -20
  SINCE SEP 1     59                 79    -20
  SINCE JAN 1    730                832   -102
...........................................................







THE ROMEOVILLE  WFO CLIMATE NORMALS FOR TODAY
                         NORMAL    RECORD    YEAR
 MAXIMUM TEMPERATURE (F)   73        90      2005
 MINIMUM TEMPERATURE (F)   52        33      1995


SUNRISE AND SUNSET
SEPTEMBER 22 2014.....SUNRISE   640 AM CDT   SUNSET   650 PM CDT
SEPTEMBER 23 2014.....SUNRISE   641 AM CDT   SUNSET   648 PM CDT


-  INDICATES NEGATIVE NUMBERS.
R  INDICATES RECORD WAS SET OR TIED.
MM INDICATES DATA IS MISSING.
T  INDICATES TRACE AMOUNT.




$$
