000
CDUS43 KLOT 230635
CLILOT


CLIMATE REPORT
NATIONAL WEATHER SERVICE CHICAGO IL
133 AM CDT SAT JUL 23 2016


...................................

...THE ROMEOVILLE  WFO CLIMATE SUMMARY FOR JULY 22 2016...

CLIMATE NORMAL PERIOD 1981 TO 2010
CLIMATE RECORD PERIOD 1992 TO 2016


WEATHER ITEM   OBSERVED RECORD YEAR NORMAL DEPARTURE LAST
                VALUE   VALUE       VALUE  FROM      YEAR
                                           NORMAL
...........................................................
TEMPERATURE (F)
 YESTERDAY
  MAXIMUM         87     93    2001  84      3       81
  MINIMUM         70     54    1996  64      6       61
  AVERAGE         79                 74      5       71

PRECIPITATION (IN)
  YESTERDAY        0.02   0.69 2004   0.17  -0.15     0.00
  MONTH TO DATE    5.42               3.22   2.20     3.72
  SINCE JUN 1      7.61               7.56   0.05    12.22
  SINCE JAN 1     19.84              22.26  -2.42    24.13

DEGREE DAYS
 HEATING
  YESTERDAY        0                  0      0
  MONTH TO DATE    2                  0      2
  SINCE JUN 1      9                 33    -24
  SINCE JUL 1      2                  0      2

 COOLING
  YESTERDAY       14                  9      5
  MONTH TO DATE  199                198      1
  SINCE JUN 1    417                378     39
  SINCE JAN 1    510                436     74
...........................................................







THE ROMEOVILLE  WFO CLIMATE NORMALS FOR TODAY
                         NORMAL    RECORD    YEAR
 MAXIMUM TEMPERATURE (F)   84        94      2012
                                             2001
 MINIMUM TEMPERATURE (F)   64        53      2000


SUNRISE AND SUNSET
JULY 23 2016..........SUNRISE   539 AM CDT   SUNSET   818 PM CDT
JULY 24 2016..........SUNRISE   540 AM CDT   SUNSET   818 PM CDT


-  INDICATES NEGATIVE NUMBERS.
R  INDICATES RECORD WAS SET OR TIED.
MM INDICATES DATA IS MISSING.
T  INDICATES TRACE AMOUNT.




$$
