000
CDUS43 KLOT 270638
CLILOT


CLIMATE REPORT
NATIONAL WEATHER SERVICE CHICAGO IL
137 AM CDT WED AUG 27 2014


...................................

...THE ROMEOVILLE  WFO CLIMATE SUMMARY FOR AUGUST 26 2014...

CLIMATE NORMAL PERIOD 1981 TO 2010
CLIMATE RECORD PERIOD 1992 TO 2014


WEATHER ITEM   OBSERVED RECORD YEAR NORMAL DEPARTURE LAST
                VALUE   VALUE       VALUE  FROM      YEAR
                                           NORMAL
...........................................................
TEMPERATURE (F)
 YESTERDAY
  MAXIMUM         83     92    2003  81      2       89
  MINIMUM         68     56    2010  62      6       65
  AVERAGE         76                 72      4       77

PRECIPITATION (IN)
  YESTERDAY        0.54   3.10 2012   0.12   0.42     0.00
  MONTH TO DATE    9.67               3.42   6.25     2.42
  SINCE JUN 1     23.23              12.47  10.76     7.55
  SINCE JAN 1     38.60              27.17  11.43    28.54

DEGREE DAYS
 HEATING
  YESTERDAY        0                  0      0
  MONTH TO DATE    3                  0      3
  SINCE JUN 1     24                 35    -11
  SINCE JUL 1     12                  2     10

 COOLING
  YESTERDAY       11                  7      4
  MONTH TO DATE  192                200     -8
  SINCE JUN 1    534                662   -128
  SINCE JAN 1    622                720    -98
...........................................................







THE ROMEOVILLE  WFO CLIMATE NORMALS FOR TODAY
                         NORMAL    RECORD    YEAR
 MAXIMUM TEMPERATURE (F)   81        93      2013
 MINIMUM TEMPERATURE (F)   62        55      1992


SUNRISE AND SUNSET
AUGUST 27 2014........SUNRISE   613 AM CDT   SUNSET   734 PM CDT
AUGUST 28 2014........SUNRISE   614 AM CDT   SUNSET   732 PM CDT


-  INDICATES NEGATIVE NUMBERS.
R  INDICATES RECORD WAS SET OR TIED.
MM INDICATES DATA IS MISSING.
T  INDICATES TRACE AMOUNT.




$$
