000
CDUS43 KLOT 260645
CLILOT


CLIMATE REPORT
NATIONAL WEATHER SERVICE CHICAGO IL
145 AM CDT SUN MAR 26 2017


...................................

...THE ROMEOVILLE  WFO CLIMATE SUMMARY FOR MARCH 25 2017...

CLIMATE NORMAL PERIOD 1981 TO 2010
CLIMATE RECORD PERIOD 1992 TO 2017


WEATHER ITEM   OBSERVED RECORD YEAR NORMAL DEPARTURE LAST
                VALUE   VALUE       VALUE  FROM      YEAR
                                           NORMAL
...........................................................
TEMPERATURE (F)
 YESTERDAY
  MAXIMUM         50     78    2007  52     -2       48
  MINIMUM         40     16    2001  33      7       29
                               1996
  AVERAGE         45                 42      3       39

PRECIPITATION (IN)
  YESTERDAY        0.52R  0.34 2005   0.09   0.43     0.00
  MONTH TO DATE    2.51               2.21   0.30     3.11
  SINCE MAR 1      2.51               2.21   0.30     3.11
  SINCE JAN 1      8.22               5.92   2.30     5.18

SNOWFALL (IN)
  YESTERDAY        0.0    0.9  2005   0.1   -0.1      0.0
                               2002
  MONTH TO DATE    4.9                4.1    0.8      2.0
  SINCE MAR 1      4.9                4.1    0.8      2.0
  SINCE JUL 1     24.3               31.5   -7.2     21.9
  SNOW DEPTH       0

DEGREE DAYS
 HEATING
  YESTERDAY       20                 23     -3
  MONTH TO DATE  679                688     -9
  SINCE MAR 1    679                688     -9
  SINCE JUL 1   4654               5416   -762

 COOLING
  YESTERDAY        0                  0      0
  MONTH TO DATE    0                  0      0
  SINCE MAR 1      0                  0      0
  SINCE JAN 1      0                  0      0
...........................................................







THE ROMEOVILLE  WFO CLIMATE NORMALS FOR TODAY
                         NORMAL    RECORD    YEAR
 MAXIMUM TEMPERATURE (F)   52        78      2007
 MINIMUM TEMPERATURE (F)   33        14      2014
                                             2001
                                             1996


SUNRISE AND SUNSET
MARCH 26 2017.........SUNRISE   645 AM CDT   SUNSET   711 PM CDT
MARCH 27 2017.........SUNRISE   643 AM CDT   SUNSET   713 PM CDT


-  INDICATES NEGATIVE NUMBERS.
R  INDICATES RECORD WAS SET OR TIED.
MM INDICATES DATA IS MISSING.
T  INDICATES TRACE AMOUNT.




$$
