000
CDUS43 KLOT 060648
CLILOT


CLIMATE REPORT
NATIONAL WEATHER SERVICE CHICAGO IL
1246 AM CST TUE DEC 6 2016


...................................

...THE ROMEOVILLE  WFO CLIMATE SUMMARY FOR DECEMBER 5 2016...

CLIMATE NORMAL PERIOD 1981 TO 2010
CLIMATE RECORD PERIOD 1992 TO 2016


WEATHER ITEM   OBSERVED RECORD YEAR NORMAL DEPARTURE LAST
                VALUE   VALUE       VALUE  FROM      YEAR
                                           NORMAL
...........................................................
TEMPERATURE (F)
 YESTERDAY
  MAXIMUM         33     67    2001  38     -5       41
  MINIMUM         30      1    2005  24      6       28
  AVERAGE         32                 31      1       35

PRECIPITATION (IN)
  YESTERDAY        0.00   0.76 1999   0.08  -0.08     0.00
  MONTH TO DATE    0.56               0.38   0.18     0.33
  SINCE DEC 1      0.56               0.38   0.18     0.33
  SINCE JAN 1     38.66              38.20   0.46    40.20

SNOWFALL (IN)
  YESTERDAY        0.0    2.4  1996   0.3   -0.3      0.0
  MONTH TO DATE    8.1                1.1    7.0      1.5
  SINCE DEC 1      8.1                1.1    7.0      1.5
  SINCE JUL 1      8.1                2.0    6.1      6.2
  SNOW DEPTH       0

DEGREE DAYS
 HEATING
  YESTERDAY       33                 34     -1
  MONTH TO DATE  159                166     -7
  SINCE DEC 1    159                166     -7
  SINCE JUL 1   1015               1385   -370

 COOLING
  YESTERDAY        0                  0      0
  MONTH TO DATE    0                  0      0
  SINCE DEC 1      0                  0      0
  SINCE JAN 1   1145                862    283
...........................................................







THE ROMEOVILLE  WFO CLIMATE NORMALS FOR TODAY
                         NORMAL    RECORD    YEAR
 MAXIMUM TEMPERATURE (F)   38        60      1998
 MINIMUM TEMPERATURE (F)   23         1      2007


SUNRISE AND SUNSET
DECEMBER  6 2016......SUNRISE   705 AM CST   SUNSET   422 PM CST
DECEMBER  7 2016......SUNRISE   706 AM CST   SUNSET   422 PM CST


-  INDICATES NEGATIVE NUMBERS.
R  INDICATES RECORD WAS SET OR TIED.
MM INDICATES DATA IS MISSING.
T  INDICATES TRACE AMOUNT.




$$
