000
CDUS43 KLOT 250640
CLILOT


CLIMATE REPORT
NATIONAL WEATHER SERVICE CHICAGO IL
140 AM CDT FRI JUL 25 2014


...................................

...THE ROMEOVILLE  WFO CLIMATE SUMMARY FOR JULY 24 2014...

CLIMATE NORMAL PERIOD 1981 TO 2010
CLIMATE RECORD PERIOD 1992 TO 2014


WEATHER ITEM   OBSERVED RECORD YEAR NORMAL DEPARTURE LAST
                VALUE   VALUE       VALUE  FROM      YEAR
                                           NORMAL
...........................................................
TEMPERATURE (F)
 YESTERDAY
  MAXIMUM         75    102    2005  84     -9       74
  MINIMUM         56     52    2000  64     -8       57
  AVERAGE         66                 74     -8       66

PRECIPITATION (IN)
  YESTERDAY        0.00   2.62 2010   0.17  -0.17     0.00
  MONTH TO DATE    4.31               3.57   0.74     0.57
  SINCE JUN 1     13.53               7.91   5.62     5.01
  SINCE JAN 1     28.90              22.61   6.29    26.00

DEGREE DAYS
 HEATING
  YESTERDAY        0                  0      0
  MONTH TO DATE    8                  0      8
  SINCE JUN 1     20                 33    -13
  SINCE JUL 1      8                  0      8

 COOLING
  YESTERDAY        1                  9     -8
  MONTH TO DATE  112                216   -104
  SINCE JUN 1    310                396    -86
  SINCE JAN 1    398                454    -56
...........................................................







THE ROMEOVILLE  WFO CLIMATE NORMALS FOR TODAY
                         NORMAL    RECORD    YEAR
 MAXIMUM TEMPERATURE (F)   84        99      2012
 MINIMUM TEMPERATURE (F)   64        54      2013


SUNRISE AND SUNSET
JULY 25 2014..........SUNRISE   540 AM CDT   SUNSET   817 PM CDT
JULY 26 2014..........SUNRISE   541 AM CDT   SUNSET   816 PM CDT


-  INDICATES NEGATIVE NUMBERS.
R  INDICATES RECORD WAS SET OR TIED.
MM INDICATES DATA IS MISSING.
T  INDICATES TRACE AMOUNT.




$$
