000
CDUS43 KLOT 240638
CLILOT


CLIMATE REPORT
NATIONAL WEATHER SERVICE CHICAGO IL
1237 AM CST MON NOV 24 2014


...................................

...THE ROMEOVILLE  WFO CLIMATE SUMMARY FOR NOVEMBER 23 2014...

CLIMATE NORMAL PERIOD 1981 TO 2010
CLIMATE RECORD PERIOD 1992 TO 2014


WEATHER ITEM   OBSERVED RECORD YEAR NORMAL DEPARTURE LAST
                VALUE   VALUE       VALUE  FROM      YEAR
                                           NORMAL
...........................................................
TEMPERATURE (F)
 YESTERDAY
  MAXIMUM         51     65    2003  44      7       26
  MINIMUM         47     14    2013  29     18       14
  AVERAGE         49                 37     12       20

PRECIPITATION (IN)
  YESTERDAY        0.84   0.88 2003   0.12   0.72      T
  MONTH TO DATE    1.07               2.60  -1.53     2.83
  SINCE SEP 1      8.58               9.14  -0.56     9.99
  SINCE JAN 1     47.24              36.96  10.28    39.31

SNOWFALL (IN)
  YESTERDAY        0.0    0.5  2005   0.0    0.0       T
  MONTH TO DATE    0.2                0.4   -0.2      0.4
  SINCE SEP 1      0.2                0.4   -0.2      0.4
  SINCE JUL 1      0.2                0.4   -0.2      0.4
  SNOW DEPTH       0

DEGREE DAYS
 HEATING
  YESTERDAY       16                 28    -12
  MONTH TO DATE  692                521    171
  SINCE SEP 1   1218               1000    218
  SINCE JUL 1   1230               1008    222

 COOLING
  YESTERDAY        0                  0      0
  MONTH TO DATE    0                  0      0
  SINCE SEP 1     77                109    -32
  SINCE JAN 1    748                862   -114
...........................................................







THE ROMEOVILLE  WFO CLIMATE NORMALS FOR TODAY
                         NORMAL    RECORD    YEAR
 MAXIMUM TEMPERATURE (F)   44        64      2001
 MINIMUM TEMPERATURE (F)   29        10      2013


SUNRISE AND SUNSET
NOVEMBER 24 2014......SUNRISE   652 AM CST   SUNSET   426 PM CST
NOVEMBER 25 2014......SUNRISE   653 AM CST   SUNSET   425 PM CST


-  INDICATES NEGATIVE NUMBERS.
R  INDICATES RECORD WAS SET OR TIED.
MM INDICATES DATA IS MISSING.
T  INDICATES TRACE AMOUNT.




$$
