000
CDUS43 KLOT 140634
CLILOT


CLIMATE REPORT
NATIONAL WEATHER SERVICE CHICAGO IL
132 AM CDT MON JUL 14 2014


...................................

...THE ROMEOVILLE  WFO CLIMATE SUMMARY FOR JULY 13 2014...

CLIMATE NORMAL PERIOD 1981 TO 2010
CLIMATE RECORD PERIOD 1992 TO 2014


WEATHER ITEM   OBSERVED RECORD YEAR NORMAL DEPARTURE LAST
                VALUE   VALUE       VALUE  FROM      YEAR
                                           NORMAL
...........................................................
TEMPERATURE (F)
 YESTERDAY
  MAXIMUM         84    100    1995  84      0       85
  MINIMUM         67     56    2007  64      3       65
  AVERAGE         76                 74      2       75

PRECIPITATION (IN)
  YESTERDAY        0.12   0.91 1992   0.14  -0.02     0.00
  MONTH TO DATE    2.73               1.77   0.96     0.21
  SINCE JUN 1     11.95               6.11   5.84     4.65
  SINCE JAN 1     27.32              20.81   6.51    25.64

DEGREE DAYS
 HEATING
  YESTERDAY        0                  0      0
  MONTH TO DATE    3                  0      3
  SINCE JUN 1     15                 33    -18
  SINCE JUL 1      3                  0      3

 COOLING
  YESTERDAY       11                  9      2
  MONTH TO DATE   74                117    -43
  SINCE JUN 1    272                297    -25
  SINCE JAN 1    360                355      5
...........................................................







THE ROMEOVILLE  WFO CLIMATE NORMALS FOR TODAY
                         NORMAL    RECORD    YEAR
 MAXIMUM TEMPERATURE (F)   84        97      1995
 MINIMUM TEMPERATURE (F)   64        55      2001


SUNRISE AND SUNSET
JULY 14 2014..........SUNRISE   530 AM CDT   SUNSET   826 PM CDT
JULY 15 2014..........SUNRISE   531 AM CDT   SUNSET   825 PM CDT


-  INDICATES NEGATIVE NUMBERS.
R  INDICATES RECORD WAS SET OR TIED.
MM INDICATES DATA IS MISSING.
T  INDICATES TRACE AMOUNT.




$$
