000
CDUS43 KLMK 292039
CLILOU


CLIMATE REPORT
NATIONAL WEATHER SERVICE LOUISVILLE KY
438 PM EDT MON MAY 29 2017


...................................

...THE LOUISVILLE BOWMAN KY CLIMATE SUMMARY FOR MAY 29 2017...
VALID TODAY AS OF 0400 PM LOCAL TIME.

CLIMATE NORMAL PERIOD 1981 TO 2010
CLIMATE RECORD PERIOD 9999 TO 9999


WEATHER ITEM   OBSERVED TIME   RECORD YEAR NORMAL DEPARTURE LAST
                VALUE   (LST)  VALUE       VALUE  FROM      YEAR
                                                  NORMAL
..................................................................
TEMPERATURE (F)
 TODAY
  MAXIMUM         84    328 PM  MM      MM  80      4       88
  MINIMUM         63    444 AM  MM      MM  60      3       67
  AVERAGE         74                        70      4       78

PRECIPITATION (IN)
  TODAY            0.00         MM      MM   0.16  -0.16     0.00
  MONTH TO DATE    4.85                      4.84   0.01     5.04
  SINCE MAR 1     13.54                     13.08   0.46    13.72
  SINCE JAN 1     19.56                     19.64  -0.08    19.61

SNOWFALL (IN)
  TODAY           MM            MM      MM  MM     MM       MM
  MONTH TO DATE   MM                        MM     MM       MM
  SINCE MAR 1     MM                        MM     MM       MM
  SINCE JUL 1     MM                        MM     MM       MM
  SNOW DEPTH      MM

DEGREE DAYS
 HEATING
  TODAY            0                         1     -1        0
  MONTH TO DATE   81                        72      9      106
  SINCE MAR 1    663                       902   -239      701
  SINCE JUL 1   3225                      4263  -1038     3488

 COOLING
  TODAY            9                         6      3       13
  MONTH TO DATE  135                       101     34       87
  SINCE MAR 1    232                       135     97      125
  SINCE JAN 1    235                       135    100      125
..................................................................


WIND (MPH)
  HIGHEST WIND SPEED    20   HIGHEST WIND DIRECTION     W (270)
  HIGHEST GUST SPEED    26   HIGHEST GUST DIRECTION     W (270)
  AVERAGE WIND SPEED     6.0


SKY COVER
  POSSIBLE SUNSHINE  MM
  AVERAGE SKY COVER 0.1


WEATHER CONDITIONS
 THE FOLLOWING WEATHER WAS RECORDED TODAY.
  FOG


RELATIVE HUMIDITY (PERCENT)
 HIGHEST   100           200 AM
 LOWEST     37           300 PM
 AVERAGE    69

..........................................................




SUNRISE AND SUNSET
MAY 29 2017...........SUNRISE   622 AM EDT   SUNSET   858 PM EDT
MAY 30 2017...........SUNRISE   622 AM EDT   SUNSET   859 PM EDT


-  INDICATES NEGATIVE NUMBERS.
R  INDICATES RECORD WAS SET OR TIED.
MM INDICATES DATA IS MISSING.
T  INDICATES TRACE AMOUNT.




$$
