000
CDUS43 KLMK 232133
CLILOU


CLIMATE REPORT
NATIONAL WEATHER SERVICE LOUISVILLE KY
432 PM EST THU NOV 23 2017


...................................

...THE LOUISVILLE BOWMAN KY CLIMATE SUMMARY FOR NOVEMBER 23 2017...
VALID TODAY AS OF 0400 PM LOCAL TIME.

CLIMATE NORMAL PERIOD 1981 TO 2010
CLIMATE RECORD PERIOD 9999 TO 9999


WEATHER ITEM   OBSERVED TIME   RECORD YEAR NORMAL DEPARTURE LAST
                VALUE   (LST)  VALUE       VALUE  FROM      YEAR
                                                  NORMAL
..................................................................
TEMPERATURE (F)
 TODAY
  MAXIMUM         48    359 PM  MM      MM  53     -5       65
  MINIMUM         25    745 AM  MM      MM  36    -11       42
  AVERAGE         37                        44     -7       54

PRECIPITATION (IN)
  TODAY            0.00         MM      MM   0.12  -0.12     0.38
  MONTH TO DATE    2.80                      2.73   0.07     0.85
  SINCE SEP 1     13.03                      9.11   3.92     3.70
  SINCE JAN 1     42.76                     40.65   2.11    39.27

SNOWFALL (IN)
  TODAY           MM            MM      MM  MM     MM       MM
  MONTH TO DATE   MM                        MM     MM       MM
  SINCE SEP 1     MM                        MM     MM       MM
  SINCE JUL 1     MM                        MM     MM       MM
  SNOW DEPTH      MM

DEGREE DAYS
 HEATING
  TODAY           28                        21      7       11
  MONTH TO DATE  401                       371     30      296
  SINCE SEP 1    637                       647    -10      409
  SINCE JUL 1    637                       647    -10      409

 COOLING
  TODAY            0                         0      0        0
  MONTH TO DATE    7                         0      7       12
  SINCE SEP 1    235                       203     32      408
  SINCE JAN 1   1569                      1442    127     1882
..................................................................


WIND (MPH)
  HIGHEST WIND SPEED     8   HIGHEST WIND DIRECTION    SE (150)
  HIGHEST GUST SPEED    13   HIGHEST GUST DIRECTION     S (160)
  AVERAGE WIND SPEED     2.0


SKY COVER
  POSSIBLE SUNSHINE  MM
  AVERAGE SKY COVER 0.1


WEATHER CONDITIONS
 THE FOLLOWING WEATHER WAS RECORDED TODAY.
  FOG


RELATIVE HUMIDITY (PERCENT)
 HIGHEST   100           300 AM
 LOWEST     42           200 PM
 AVERAGE    71

..........................................................




SUNRISE AND SUNSET
NOVEMBER 23 2017......SUNRISE   733 AM EST   SUNSET   525 PM EST
NOVEMBER 24 2017......SUNRISE   734 AM EST   SUNSET   525 PM EST


-  INDICATES NEGATIVE NUMBERS.
R  INDICATES RECORD WAS SET OR TIED.
MM INDICATES DATA IS MISSING.
T  INDICATES TRACE AMOUNT.




$$
