000
CDUS43 KJKL 230956
CLILOZ

CLIMATE REPORT
NATIONAL WEATHER SERVICE JACKSON KY
556 AM EDT MON OCT 23 2017

...................................

...THE LONDON KY CLIMATE SUMMARY FOR OCTOBER 22 2017...

CLIMATE NORMAL PERIOD 1981 TO 2010
CLIMATE RECORD PERIOD 1954 TO 2017


WEATHER ITEM   OBSERVED TIME   RECORD YEAR NORMAL DEPARTURE LAST
                VALUE   (LST)  VALUE       VALUE  FROM      YEAR
                                                  NORMAL
..................................................................

TEMPERATURE (F)
 YESTERDAY
  MAXIMUM         76    342 PM  81    1978  68      8       58
  MINIMUM         45    519 AM  21    1987  43      2       38
  AVERAGE         61                        55      6       48

PRECIPITATION (IN)
  YESTERDAY        0.00          1.66 1990   0.11  -0.11     0.00
  MONTH TO DATE    3.45                      2.08   1.37     0.90
  SINCE SEP 1      5.24                      5.45  -0.21     2.08

SNOWFALL (IN)
  YESTERDAY       MM
  MONTH TO DATE   MM
  SINCE SEP 1     MM
  SINCE JUL 1     MM
  SNOW DEPTH      MM

DEGREE DAYS
 HEATING
  YESTERDAY        4                        10     -6       17
  MONTH TO DATE   70                       158    -88       72
  SINCE SEP 1    111                       204    -93       93
  SINCE JUL 1    111                       205    -94       93

 COOLING
  YESTERDAY        0                         0      0        0
  MONTH TO DATE   42                        17     25       43
  SINCE SEP 1    166                       160      6      275
  SINCE JAN 1   1135                      1184    -49     1498
..................................................................

WIND (MPH)
  HIGHEST WIND SPEED    20   HIGHEST WIND DIRECTION     S (190)
  HIGHEST GUST SPEED    27   HIGHEST GUST DIRECTION     S (190)
  AVERAGE WIND SPEED     4.6


SKY COVER
  POSSIBLE SUNSHINE  MM
  AVERAGE SKY COVER 0.0


WEATHER CONDITIONS
 THE FOLLOWING WEATHER WAS RECORDED YESTERDAY.
  FOG


RELATIVE HUMIDITY (PERCENT)
 HIGHEST    93          1200 AM
 LOWEST     38           200 PM
 AVERAGE    66
..........................................................

THE LONDON KY CLIMATE NORMALS FOR TODAY
                         NORMAL    RECORD    YEAR
 MAXIMUM TEMPERATURE (F)   67        82      1963
 MINIMUM TEMPERATURE (F)   43        26      1976


SUNRISE AND SUNSET
OCTOBER 23 2017.......SUNRISE   752 AM EDT   SUNSET   649 PM EDT
OCTOBER 24 2017.......SUNRISE   753 AM EDT   SUNSET   648 PM EDT


-  INDICATES NEGATIVE NUMBERS.
R  INDICATES RECORD WAS SET OR TIED.
MM INDICATES DATA IS MISSING.
T  INDICATES TRACE AMOUNT.
$$
