536
CDUS43 KJKL 040613 RRA
CLILOZ

CLIMATE REPORT
NATIONAL WEATHER SERVICE JACKSON KY
113 AM EST SUN DEC 4 2016

...................................

...THE LONDON KY CLIMATE SUMMARY FOR DECEMBER 3 2016...

CLIMATE NORMAL PERIOD 1981 TO 2010
CLIMATE RECORD PERIOD 1954 TO 2016

WEATHER ITEM   OBSERVED TIME   RECORD YEAR NORMAL DEPARTURE LAST
                VALUE   (LST)  VALUE       VALUE  FROM      YEAR
                                                  NORMAL
..................................................................
TEMPERATURE (F)
 YESTERDAY
  MAXIMUM         42    335 PM  77    1982  51     -9       44
  MINIMUM         30    414 AM  13    1979  32     -2       29
  AVERAGE         36                        42     -6       37

PRECIPITATION (IN)
  YESTERDAY        0.00          2.22 1990   0.15  -0.15     0.00
  MONTH TO DATE    0.00                      0.43  -0.43     1.56
  SINCE DEC 1      0.00                      0.43  -0.43     1.56

SNOWFALL (IN)
  YESTERDAY       MM
  MONTH TO DATE   MM
  SINCE DEC 1     MM
  SINCE JUL 1     MM
  SNOW DEPTH      MM

DEGREE DAYS
 HEATING
  YESTERDAY       29                        23      6       28
  MONTH TO DATE   80                        69     11       58
  SINCE DEC 1     80                        69     11       58
  SINCE JUL 1    671                       899   -228      723

 COOLING
  YESTERDAY        0                         0      0        0
  MONTH TO DATE    0                         0      0        0
  SINCE DEC 1      0                         0      0        0
  SINCE JAN 1   1507                      1190    317     1387
..................................................................

WIND (MPH)
  HIGHEST WIND SPEED     7   HIGHEST WIND DIRECTION    NE (30)
  HIGHEST GUST SPEED     9   HIGHEST GUST DIRECTION     E (100)
  AVERAGE WIND SPEED     2.2

SKY COVER
  POSSIBLE SUNSHINE  MM
  AVERAGE SKY COVER 0.5

WEATHER CONDITIONS
 THE FOLLOWING WEATHER WAS RECORDED YESTERDAY.
  NO SIGNIFICANT WEATHER WAS OBSERVED.

RELATIVE HUMIDITY (PERCENT)
 HIGHEST    85           100 AM
 LOWEST     53           200 PM
 AVERAGE    69
..........................................................

THE LONDON KY CLIMATE NORMALS FOR TODAY
                         NORMAL    RECORD    YEAR
 MAXIMUM TEMPERATURE (F)   51        77      1982
 MINIMUM TEMPERATURE (F)   32        13      2000

SUNRISE AND SUNSET
DECEMBER  4 2016......SUNRISE   734 AM EST   SUNSET   519 PM EST
DECEMBER  5 2016......SUNRISE   735 AM EST   SUNSET   519 PM EST

-  INDICATES NEGATIVE NUMBERS.
R  INDICATES RECORD WAS SET OR TIED.
MM INDICATES DATA IS MISSING.
T  INDICATES TRACE AMOUNT.

$$

RAY
