000
CDUS43 KJKL 252123
CLILOZ

CLIMATE REPORT
NATIONAL WEATHER SERVICE JACKSON KY
423 PM EST THU DEC 25 2014
...................................

...THE LONDON KY CLIMATE SUMMARY FOR DECEMBER 25 2014...
VALID TODAY AS OF 0400 PM LOCAL TIME.

CLIMATE NORMAL PERIOD 1981 TO 2010
CLIMATE RECORD PERIOD 1954 TO 2014

WEATHER ITEM   OBSERVED TIME   RECORD YEAR NORMAL DEPARTURE LAST
                VALUE   (LST)  VALUE       VALUE  FROM      YEAR
                                                  NORMAL
..................................................................
TEMPERATURE (F)
 TODAY
  MAXIMUM         46    304 PM  75    1982  45      1       42
  MINIMUM         39   1114 AM  -9    1983  28     11       18
  AVERAGE         43                        37      6       30

PRECIPITATION (IN)
  TODAY            T             2.39 1987   0.13  -0.13     0.00
  MONTH TO DATE    3.08                      3.50  -0.42     5.58
  SINCE DEC 1      3.08                      3.50  -0.42     5.58
  SINCE JAN 1        MM                        MM     MM    55.56

SNOWFALL (IN)
  TODAY           MM
  MONTH TO DATE   MM
  SINCE DEC 1     MM
  SINCE JUL 1     MM
  SNOW DEPTH      MM

DEGREE DAYS
 HEATING
  TODAY           22                        28     -6       35
  MONTH TO DATE  565                       648    -83      567
  SINCE DEC 1    565                       648    -83      567
  SINCE JUL 1   1509                      1478     31     1434

 COOLING
  TODAY            0                         0      0        0
  MONTH TO DATE    0                         0      0        0
  SINCE DEC 1      0                         0      0        0
  SINCE JAN 1     MM                        MM     MM     1083
..................................................................
WIND (MPH)
  HIGHEST WIND SPEED    18   HIGHEST WIND DIRECTION     W (270)
  HIGHEST GUST SPEED    24   HIGHEST GUST DIRECTION     W (280)
  AVERAGE WIND SPEED     7.6

SKY COVER
  POSSIBLE SUNSHINE  MM
  AVERAGE SKY COVER 0.9

WEATHER CONDITIONS
 THE FOLLOWING WEATHER WAS RECORDED TODAY.
  LIGHT RAIN

RELATIVE HUMIDITY (PERCENT)
 HIGHEST    79           200 AM
 LOWEST     53           300 PM
 AVERAGE    66
..........................................................

THE LONDON KY CLIMATE NORMALS FOR TOMORROW
                         NORMAL    RECORD    YEAR
 MAXIMUM TEMPERATURE (F)   45        70      1987
 MINIMUM TEMPERATURE (F)   28         1      1966

SUNRISE AND SUNSET
DECEMBER 25 2014......SUNRISE   748 AM EST   SUNSET   525 PM EST
DECEMBER 26 2014......SUNRISE   748 AM EST   SUNSET   526 PM EST

-  INDICATES NEGATIVE NUMBERS.
R  INDICATES RECORD WAS SET OR TIED.
MM INDICATES DATA IS MISSING.
T  INDICATES TRACE AMOUNT.

$$

TAB
